188.143.244.146 - - [31/Dec/2025:21:08:22 +0800] "GET /index.php/products-services/public-hygiene/public-products/item/330-waxemove-2 HTTP/1.1" 200 27037 "-" "Mozilla/5.0 X11; Ubuntu; Linux x86_64; rv:126.0 Gecko/20100101 Firefox/126.0"
188.143.244.146 - - [31/Dec/2025:21:08:25 +0800] "GET /index.php/products-services/consumer/consumer-products/item/wiz-cream-cleanser HTTP/1.1" 200 28415 "-" "Mozilla/5.0 X11; Ubuntu; Linux x86_64; rv:126.0 Gecko/20100101 Firefox/126.0"
188.143.244.146 - - [31/Dec/2025:21:08:27 +0800] "GET /index.php/products-services/consumer/consumer-products/item/cocorex-surface-sanitizer HTTP/1.1" 200 25256 "-" "Mozilla/5.0 X11; Ubuntu; Linux x86_64; rv:126.0 Gecko/20100101 Firefox/126.0"
188.143.244.146 - - [31/Dec/2025:21:08:30 +0800] "GET /index.php/products-services/healthcare-hygiene?view=article&id=23&catid=2 HTTP/1.1" 200 37216 "-" "Mozilla/5.0 X11; Ubuntu; Linux x86_64; rv:126.0 Gecko/20100101 Firefox/126.0"
188.143.244.146 - - [31/Dec/2025:21:08:34 +0800] "GET /index.php/products-services/public-hygiene/public-products/item/201-cement-softener-2 HTTP/1.1" 200 27485 "-" "Mozilla/5.0 X11; Ubuntu; Linux x86_64; rv:126.0 Gecko/20100101 Firefox/126.0"
188.143.244.146 - - [31/Dec/2025:21:08:46 +0800] "GET /index.php/products-services/consumer/consumer-products/item/activ-powder-detergent HTTP/1.1" 200 29332 "-" "Mozilla/5.0 X11; Ubuntu; Linux x86_64; rv:126.0 Gecko/20100101 Firefox/126.0"
188.143.244.146 - - [31/Dec/2025:21:08:48 +0800] "GET /index.php/products-services/public-hygiene/public-products/item/300-soil-zap-2 HTTP/1.1" 200 27524 "-" "Mozilla/5.0 X11; Ubuntu; Linux x86_64; rv:126.0 Gecko/20100101 Firefox/126.0"
188.143.244.146 - - [31/Dec/2025:21:08:51 +0800] "GET /index.php/products-services/public-hygiene/public-products/item/122-deo-disinfect-2 HTTP/1.1" 200 27408 "-" "Mozilla/5.0 X11; Ubuntu; Linux x86_64; rv:126.0 Gecko/20100101 Firefox/126.0"
188.143.244.146 - - [31/Dec/2025:21:08:54 +0800] "GET /index.php/products-services/consumer/consumer-products/item/bio-fabric-softener HTTP/1.1" 200 29471 "-" "Mozilla/5.0 X11; Ubuntu; Linux x86_64; rv:126.0 Gecko/20100101 Firefox/126.0"
188.143.244.146 - - [31/Dec/2025:21:08:57 +0800] "GET /index.php/products-services/public-hygiene/public-products/item/251e-extrasoft-2 HTTP/1.1" 200 27249 "-" "Mozilla/5.0 X11; Ubuntu; Linux x86_64; rv:126.0 Gecko/20100101 Firefox/126.0"
188.143.244.146 - - [31/Dec/2025:21:09:00 +0800] "GET /index.php/products-services/consumer/consumer-products/item/scouring-sponge HTTP/1.1" 200 27558 "-" "Mozilla/5.0 X11; Ubuntu; Linux x86_64; rv:126.0 Gecko/20100101 Firefox/126.0"
188.143.244.146 - - [31/Dec/2025:21:09:03 +0800] "GET /index.php/products-services/public-hygiene/public-products/item/211-tbc-2 HTTP/1.1" 200 26851 "-" "Mozilla/5.0 X11; Ubuntu; Linux x86_64; rv:126.0 Gecko/20100101 Firefox/126.0"
188.143.244.146 - - [31/Dec/2025:21:09:06 +0800] "GET /index.php/products-services/public-hygiene/public-products/item/120s-deoair-sea-fresh-2 HTTP/1.1" 200 27336 "-" "Mozilla/5.0 X11; Ubuntu; Linux x86_64; rv:126.0 Gecko/20100101 Firefox/126.0"
188.143.244.146 - - [31/Dec/2025:21:09:10 +0800] "GET /index.php/products-services/food-sanitation/food-products/category/ HTTP/1.1" 404 3331 "-" "Mozilla/5.0 X11; Ubuntu; Linux x86_64; rv:126.0 Gecko/20100101 Firefox/126.0"
188.143.244.146 - - [31/Dec/2025:21:09:13 +0800] "GET /index.php/products-services/consumer/consumer-products/item/fabric-refresher HTTP/1.1" 200 29904 "-" "Mozilla/5.0 X11; Ubuntu; Linux x86_64; rv:126.0 Gecko/20100101 Firefox/126.0"
188.143.244.146 - - [31/Dec/2025:21:09:16 +0800] "GET /index.php/activities-whats-new/ HTTP/1.1" 200 34064 "-" "Mozilla/5.0 X11; Ubuntu; Linux x86_64; rv:126.0 Gecko/20100101 Firefox/126.0"
188.143.244.146 - - [31/Dec/2025:21:09:19 +0800] "GET /index.php/products-services/healthcare-hygiene?view=article&id=24&catid=9 HTTP/1.1" 200 35517 "-" "Mozilla/5.0 X11; Ubuntu; Linux x86_64; rv:126.0 Gecko/20100101 Firefox/126.0"
188.143.244.146 - - [31/Dec/2025:21:09:22 +0800] "GET /index.php/products-services/consumer/consumer-products/item/cocorex-bleach HTTP/1.1" 200 30236 "-" "Mozilla/5.0 X11; Ubuntu; Linux x86_64; rv:126.0 Gecko/20100101 Firefox/126.0"
188.143.244.146 - - [31/Dec/2025:21:09:25 +0800] "GET /index.php/about-us/message-from-the-president?view=article&id=23&catid=2 HTTP/1.1" 200 37210 "-" "Mozilla/5.0 X11; Ubuntu; Linux x86_64; rv:126.0 Gecko/20100101 Firefox/126.0"
188.143.244.146 - - [31/Dec/2025:21:09:35 +0800] "GET /index.php/products-services/consumer/consumer-products/item/carpet-shampoo HTTP/1.1" 200 27885 "-" "Mozilla/5.0 X11; Ubuntu; Linux x86_64; rv:126.0 Gecko/20100101 Firefox/126.0"
188.143.244.146 - - [31/Dec/2025:21:09:46 +0800] "GET /index.php/products-services/consumer/consumer-products/item/furniture-polish HTTP/1.1" 200 27671 "-" "Mozilla/5.0 X11; Ubuntu; Linux x86_64; rv:126.0 Gecko/20100101 Firefox/126.0"
188.143.244.146 - - [31/Dec/2025:21:09:49 +0800] "GET /products-services/consumer/consumer-products/category/ HTTP/1.1" 404 3331 "-" "Mozilla/5.0 X11; Ubuntu; Linux x86_64; rv:126.0 Gecko/20100101 Firefox/126.0"
188.143.244.146 - - [31/Dec/2025:21:09:54 +0800] "GET /index.php/products-services/public-hygiene/public-products/category/laundry-care HTTP/1.1" 200 36668 "-" "Mozilla/5.0 X11; Ubuntu; Linux x86_64; rv:126.0 Gecko/20100101 Firefox/126.0"
188.143.244.146 - - [31/Dec/2025:21:09:57 +0800] "GET /index.php/products-services/public-hygiene/public-products/category/floor-care-2 HTTP/1.1" 200 33630 "-" "Mozilla/5.0 X11; Ubuntu; Linux x86_64; rv:126.0 Gecko/20100101 Firefox/126.0"
188.143.244.146 - - [31/Dec/2025:21:10:03 +0800] "GET /index.php/products-services/public-hygiene/public-products/category/housekeeping-2 HTTP/1.1" 200 40708 "-" "Mozilla/5.0 X11; Ubuntu; Linux x86_64; rv:126.0 Gecko/20100101 Firefox/126.0"
188.143.244.146 - - [31/Dec/2025:21:10:10 +0800] "GET /index.php/products-services/consumer/consumer-products/category/ HTTP/1.1" 404 3331 "-" "Mozilla/5.0 X11; Ubuntu; Linux x86_64; rv:126.0 Gecko/20100101 Firefox/126.0"
188.143.244.146 - - [31/Dec/2025:21:10:11 +0800] "GET /index.php/products-services/consumer/consumer-products/item/oven-cleaner HTTP/1.1" 200 27833 "-" "Mozilla/5.0 X11; Ubuntu; Linux x86_64; rv:126.0 Gecko/20100101 Firefox/126.0"
77.83.36.161 - - [31/Dec/2025:21:10:12 +0800] "GET /administrator/index.php HTTP/1.0" 200 9896 "-" "Mozilla/4.0 (compatible; MSIE 7.0; Windows NT 6.0)"
77.83.36.161 - - [31/Dec/2025:21:10:13 +0800] "POST /administrator/index.php HTTP/1.0" 303 - "-" "Mozilla/4.0 (compatible; MSIE 7.0; Windows NT 6.0)"
77.83.36.161 - - [31/Dec/2025:21:10:14 +0800] "GET /administrator/index.php HTTP/1.0" 200 10131 "-" "Mozilla/4.0 (compatible; MSIE 7.0; Windows NT 6.0)"
77.83.36.161 - - [31/Dec/2025:21:10:14 +0800] "POST /administrator/index.php HTTP/1.0" 303 - "-" "Mozilla/4.0 (compatible; MSIE 7.0; Windows NT 6.0)"
77.83.36.161 - - [31/Dec/2025:21:10:15 +0800] "GET /administrator/index.php HTTP/1.0" 200 10131 "-" "Mozilla/4.0 (compatible; MSIE 7.0; Windows NT 6.0)"
188.143.244.146 - - [31/Dec/2025:21:10:15 +0800] "GET /index.php/products-services/consumer/consumer-products/category/ HTTP/1.1" 404 3331 "-" "Mozilla/5.0 X11; Ubuntu; Linux x86_64; rv:126.0 Gecko/20100101 Firefox/126.0"
77.83.36.161 - - [31/Dec/2025:21:10:15 +0800] "POST /administrator/index.php HTTP/1.0" 303 - "-" "Mozilla/4.0 (compatible; MSIE 7.0; Windows NT 6.0)"
77.83.36.161 - - [31/Dec/2025:21:10:16 +0800] "GET /administrator/index.php HTTP/1.0" 200 10131 "-" "Mozilla/4.0 (compatible; MSIE 7.0; Windows NT 6.0)"
77.83.36.161 - - [31/Dec/2025:21:10:16 +0800] "POST /administrator/index.php HTTP/1.0" 303 - "-" "Mozilla/4.0 (compatible; MSIE 7.0; Windows NT 6.0)"
77.83.36.161 - - [31/Dec/2025:21:10:17 +0800] "GET /administrator/index.php HTTP/1.0" 200 10131 "-" "Mozilla/4.0 (compatible; MSIE 7.0; Windows NT 6.0)"
77.83.36.161 - - [31/Dec/2025:21:10:17 +0800] "POST /administrator/index.php HTTP/1.0" 303 - "-" "Mozilla/4.0 (compatible; MSIE 7.0; Windows NT 6.0)"
77.83.36.161 - - [31/Dec/2025:21:10:18 +0800] "GET /administrator/index.php HTTP/1.0" 200 10131 "-" "Mozilla/4.0 (compatible; MSIE 7.0; Windows NT 6.0)"
188.143.244.146 - - [31/Dec/2025:21:10:18 +0800] "GET /index.php/products-services/public-hygiene?view=article&id=23&catid=2 HTTP/1.1" 200 37192 "-" "Mozilla/5.0 X11; Ubuntu; Linux x86_64; rv:126.0 Gecko/20100101 Firefox/126.0"
77.83.36.161 - - [31/Dec/2025:21:10:18 +0800] "POST /administrator/index.php HTTP/1.0" 303 - "-" "Mozilla/4.0 (compatible; MSIE 7.0; Windows NT 6.0)"
77.83.36.161 - - [31/Dec/2025:21:10:19 +0800] "GET /administrator/index.php HTTP/1.0" 200 10131 "-" "Mozilla/4.0 (compatible; MSIE 7.0; Windows NT 6.0)"
77.83.36.161 - - [31/Dec/2025:21:10:19 +0800] "POST /administrator/index.php HTTP/1.0" 303 - "-" "Mozilla/4.0 (compatible; MSIE 7.0; Windows NT 6.0)"
77.83.36.161 - - [31/Dec/2025:21:10:20 +0800] "GET /administrator/index.php HTTP/1.0" 200 10131 "-" "Mozilla/4.0 (compatible; MSIE 7.0; Windows NT 6.0)"
77.83.36.161 - - [31/Dec/2025:21:10:20 +0800] "POST /administrator/index.php HTTP/1.0" 303 - "-" "Mozilla/4.0 (compatible; MSIE 7.0; Windows NT 6.0)"
77.83.36.161 - - [31/Dec/2025:21:10:21 +0800] "GET /administrator/index.php HTTP/1.0" 200 10131 "-" "Mozilla/4.0 (compatible; MSIE 7.0; Windows NT 6.0)"
77.83.36.161 - - [31/Dec/2025:21:10:21 +0800] "POST /administrator/index.php HTTP/1.0" 303 - "-" "Mozilla/4.0 (compatible; MSIE 7.0; Windows NT 6.0)"
77.83.36.161 - - [31/Dec/2025:21:10:22 +0800] "GET /administrator/index.php HTTP/1.0" 200 10131 "-" "Mozilla/4.0 (compatible; MSIE 7.0; Windows NT 6.0)"
77.83.36.161 - - [31/Dec/2025:21:10:23 +0800] "POST /administrator/index.php HTTP/1.0" 303 - "-" "Mozilla/4.0 (compatible; MSIE 7.0; Windows NT 6.0)"
77.83.36.161 - - [31/Dec/2025:21:10:23 +0800] "GET /administrator/index.php HTTP/1.0" 200 10131 "-" "Mozilla/4.0 (compatible; MSIE 7.0; Windows NT 6.0)"
188.143.244.146 - - [31/Dec/2025:21:10:29 +0800] "GET /index.php/about-us/message-from-the-president?view=article&id=24&catid=9 HTTP/1.1" 200 35511 "-" "Mozilla/5.0 X11; Ubuntu; Linux x86_64; rv:126.0 Gecko/20100101 Firefox/126.0"
188.143.244.146 - - [31/Dec/2025:21:10:31 +0800] "GET /index.php/products-services/consumer/consumer-products/category/ HTTP/1.1" 404 3331 "-" "Mozilla/5.0 X11; Ubuntu; Linux x86_64; rv:126.0 Gecko/20100101 Firefox/126.0"
188.143.244.146 - - [31/Dec/2025:21:10:33 +0800] "GET /index.php/products-services/public-hygiene?view=article&id=24&catid=9 HTTP/1.1" 200 35493 "-" "Mozilla/5.0 X11; Ubuntu; Linux x86_64; rv:126.0 Gecko/20100101 Firefox/126.0"
188.143.244.146 - - [31/Dec/2025:21:10:40 +0800] "GET /products-services/consumer/consumer-products/category/ HTTP/1.1" 404 3331 "-" "Mozilla/5.0 X11; Ubuntu; Linux x86_64; rv:126.0 Gecko/20100101 Firefox/126.0"
188.143.244.146 - - [31/Dec/2025:21:10:42 +0800] "GET /products-services/consumer/consumer-products/category/ HTTP/1.1" 404 3331 "-" "Mozilla/5.0 X11; Ubuntu; Linux x86_64; rv:126.0 Gecko/20100101 Firefox/126.0"
188.143.244.146 - - [31/Dec/2025:21:10:45 +0800] "GET /index.php/products-services/consumer/consumer-products/item/carpet-sofa-cleaner HTTP/1.1" 200 27677 "-" "Mozilla/5.0 X11; Ubuntu; Linux x86_64; rv:126.0 Gecko/20100101 Firefox/126.0"
43.252.212.200 - - [31/Dec/2025:21:10:48 +0800] "GET /.well-known/acme-challenge/RD6E-4A2DI2C-NGF9LCVE2BHYYI4UPA6 HTTP/1.1" 200 64 "-" "Cpanel-HTTP-Client/1.0"
188.143.244.146 - - [31/Dec/2025:21:10:49 +0800] "GET /index.php/products-services/consumer/consumer-products/item/washing-machine-cleaner HTTP/1.1" 200 28003 "-" "Mozilla/5.0 X11; Ubuntu; Linux x86_64; rv:126.0 Gecko/20100101 Firefox/126.0"
188.143.244.146 - - [31/Dec/2025:21:10:52 +0800] "GET /index.php/products-services/public-hygiene/public-products/category/others HTTP/1.1" 200 31636 "-" "Mozilla/5.0 X11; Ubuntu; Linux x86_64; rv:126.0 Gecko/20100101 Firefox/126.0"
43.252.212.200 - - [31/Dec/2025:21:10:52 +0800] "GET /.well-known/acme-challenge/QGNNN16F4RRXKSFR_KWSN_CIWY0H72BZ HTTP/1.1" 200 64 "-" "Cpanel-HTTP-Client/1.0"
188.143.244.146 - - [31/Dec/2025:21:10:55 +0800] "GET /index.php/products-services/global-business?view=article&id=23:privacy-cookies-policy&catid=9 HTTP/1.1" 200 37198 "-" "Mozilla/5.0 X11; Ubuntu; Linux x86_64; rv:126.0 Gecko/20100101 Firefox/126.0"
188.143.244.146 - - [31/Dec/2025:21:10:58 +0800] "GET /index.php/about-us/company-profile?view=article&id=24&catid=9 HTTP/1.1" 200 35445 "-" "Mozilla/5.0 X11; Ubuntu; Linux x86_64; rv:126.0 Gecko/20100101 Firefox/126.0"
40.77.167.247 - - [31/Dec/2025:21:11:00 +0800] "GET /index.php/sds/?a=2337010 HTTP/1.1" 200 182296 "-" "Mozilla/5.0 AppleWebKit/537.36 (KHTML, like Gecko; compatible; bingbot/2.0; +http://www.bing.com/bingbot.htm) Chrome/116.0.1938.76 Safari/537.36"
188.143.244.146 - - [31/Dec/2025:21:11:07 +0800] "GET /index.php/about-us/r-d-and-manufacturing-facility?view=article&id=27:sds-dev&catid=9 HTTP/1.1" 200 24596 "-" "Mozilla/5.0 X11; Ubuntu; Linux x86_64; rv:126.0 Gecko/20100101 Firefox/126.0"
216.73.216.14 - - [31/Dec/2025:21:11:14 +0800] "GET /robots.txt HTTP/1.1" 200 858 "-" "Mozilla/5.0 AppleWebKit/537.36 (KHTML, like Gecko; compatible; ClaudeBot/1.0; +claudebot@anthropic.com)"
216.73.216.14 - - [31/Dec/2025:21:11:15 +0800] "GET /?a=4883574 HTTP/1.1" 200 43867 "-" "Mozilla/5.0 AppleWebKit/537.36 (KHTML, like Gecko; compatible; ClaudeBot/1.0; +claudebot@anthropic.com)"
216.73.216.14 - - [31/Dec/2025:21:11:15 +0800] "GET /?a=471699 HTTP/1.1" 200 43867 "-" "Mozilla/5.0 AppleWebKit/537.36 (KHTML, like Gecko; compatible; ClaudeBot/1.0; +claudebot@anthropic.com)"
216.73.216.14 - - [31/Dec/2025:21:11:15 +0800] "GET /?a=2423596 HTTP/1.1" 200 43867 "-" "Mozilla/5.0 AppleWebKit/537.36 (KHTML, like Gecko; compatible; ClaudeBot/1.0; +claudebot@anthropic.com)"
216.73.216.14 - - [31/Dec/2025:21:11:15 +0800] "GET /?a=871602 HTTP/1.1" 200 43867 "-" "Mozilla/5.0 AppleWebKit/537.36 (KHTML, like Gecko; compatible; ClaudeBot/1.0; +claudebot@anthropic.com)"
216.73.216.14 - - [31/Dec/2025:21:11:15 +0800] "GET /?a=3798166 HTTP/1.1" 200 43867 "-" "Mozilla/5.0 AppleWebKit/537.36 (KHTML, like Gecko; compatible; ClaudeBot/1.0; +claudebot@anthropic.com)"
216.73.216.14 - - [31/Dec/2025:21:11:16 +0800] "GET /?a=4809761 HTTP/1.1" 200 43867 "-" "Mozilla/5.0 AppleWebKit/537.36 (KHTML, like Gecko; compatible; ClaudeBot/1.0; +claudebot@anthropic.com)"
216.73.216.14 - - [31/Dec/2025:21:11:16 +0800] "GET /?a=5113688 HTTP/1.1" 200 43867 "-" "Mozilla/5.0 AppleWebKit/537.36 (KHTML, like Gecko; compatible; ClaudeBot/1.0; +claudebot@anthropic.com)"
216.73.216.14 - - [31/Dec/2025:21:11:16 +0800] "GET /?a=56019 HTTP/1.1" 200 43867 "-" "Mozilla/5.0 AppleWebKit/537.36 (KHTML, like Gecko; compatible; ClaudeBot/1.0; +claudebot@anthropic.com)"
216.73.216.14 - - [31/Dec/2025:21:11:16 +0800] "GET /?a=4147993 HTTP/1.1" 200 43867 "-" "Mozilla/5.0 AppleWebKit/537.36 (KHTML, like Gecko; compatible; ClaudeBot/1.0; +claudebot@anthropic.com)"
216.73.216.14 - - [31/Dec/2025:21:11:16 +0800] "GET /?a=1159072 HTTP/1.1" 200 43867 "-" "Mozilla/5.0 AppleWebKit/537.36 (KHTML, like Gecko; compatible; ClaudeBot/1.0; +claudebot@anthropic.com)"
216.73.216.14 - - [31/Dec/2025:21:11:16 +0800] "GET /?a=4890109 HTTP/1.1" 200 43867 "-" "Mozilla/5.0 AppleWebKit/537.36 (KHTML, like Gecko; compatible; ClaudeBot/1.0; +claudebot@anthropic.com)"
216.73.216.14 - - [31/Dec/2025:21:11:16 +0800] "GET /?a=445791 HTTP/1.1" 200 43867 "-" "Mozilla/5.0 AppleWebKit/537.36 (KHTML, like Gecko; compatible; ClaudeBot/1.0; +claudebot@anthropic.com)"
216.73.216.14 - - [31/Dec/2025:21:11:16 +0800] "GET /?a=664516 HTTP/1.1" 200 43867 "-" "Mozilla/5.0 AppleWebKit/537.36 (KHTML, like Gecko; compatible; ClaudeBot/1.0; +claudebot@anthropic.com)"
216.73.216.14 - - [31/Dec/2025:21:11:17 +0800] "GET /?a=2104292 HTTP/1.1" 200 43867 "-" "Mozilla/5.0 AppleWebKit/537.36 (KHTML, like Gecko; compatible; ClaudeBot/1.0; +claudebot@anthropic.com)"
216.73.216.14 - - [31/Dec/2025:21:11:17 +0800] "GET /?a=1296401 HTTP/1.1" 200 43867 "-" "Mozilla/5.0 AppleWebKit/537.36 (KHTML, like Gecko; compatible; ClaudeBot/1.0; +claudebot@anthropic.com)"
216.73.216.14 - - [31/Dec/2025:21:11:17 +0800] "GET /?a=5109366 HTTP/1.1" 200 43867 "-" "Mozilla/5.0 AppleWebKit/537.36 (KHTML, like Gecko; compatible; ClaudeBot/1.0; +claudebot@anthropic.com)"
216.73.216.14 - - [31/Dec/2025:21:11:17 +0800] "GET /?a=3069656 HTTP/1.1" 200 43867 "-" "Mozilla/5.0 AppleWebKit/537.36 (KHTML, like Gecko; compatible; ClaudeBot/1.0; +claudebot@anthropic.com)"
216.73.216.14 - - [31/Dec/2025:21:11:17 +0800] "GET /?a=4862850 HTTP/1.1" 200 43867 "-" "Mozilla/5.0 AppleWebKit/537.36 (KHTML, like Gecko; compatible; ClaudeBot/1.0; +claudebot@anthropic.com)"
216.73.216.14 - - [31/Dec/2025:21:11:17 +0800] "GET /?a=4621264 HTTP/1.1" 200 43867 "-" "Mozilla/5.0 AppleWebKit/537.36 (KHTML, like Gecko; compatible; ClaudeBot/1.0; +claudebot@anthropic.com)"
188.143.244.146 - - [31/Dec/2025:21:11:17 +0800] "GET /index.php?view=article&id=23:privacy-cookies-policy&catid=9 HTTP/1.1" 200 36974 "-" "Mozilla/5.0 X11; Ubuntu; Linux x86_64; rv:126.0 Gecko/20100101 Firefox/126.0"
216.73.216.14 - - [31/Dec/2025:21:11:18 +0800] "GET /?a=5110024 HTTP/1.1" 200 43867 "-" "Mozilla/5.0 AppleWebKit/537.36 (KHTML, like Gecko; compatible; ClaudeBot/1.0; +claudebot@anthropic.com)"
216.73.216.14 - - [31/Dec/2025:21:11:18 +0800] "GET /?a=3113232 HTTP/1.1" 200 43867 "-" "Mozilla/5.0 AppleWebKit/537.36 (KHTML, like Gecko; compatible; ClaudeBot/1.0; +claudebot@anthropic.com)"
216.73.216.14 - - [31/Dec/2025:21:11:18 +0800] "GET /?a=4512352 HTTP/1.1" 200 43867 "-" "Mozilla/5.0 AppleWebKit/537.36 (KHTML, like Gecko; compatible; ClaudeBot/1.0; +claudebot@anthropic.com)"
216.73.216.14 - - [31/Dec/2025:21:11:18 +0800] "GET /?a=110352 HTTP/1.1" 200 43867 "-" "Mozilla/5.0 AppleWebKit/537.36 (KHTML, like Gecko; compatible; ClaudeBot/1.0; +claudebot@anthropic.com)"
216.73.216.14 - - [31/Dec/2025:21:11:18 +0800] "GET /?a=76441 HTTP/1.1" 200 43867 "-" "Mozilla/5.0 AppleWebKit/537.36 (KHTML, like Gecko; compatible; ClaudeBot/1.0; +claudebot@anthropic.com)"
216.73.216.14 - - [31/Dec/2025:21:11:18 +0800] "GET /?a=3661182 HTTP/1.1" 200 43867 "-" "Mozilla/5.0 AppleWebKit/537.36 (KHTML, like Gecko; compatible; ClaudeBot/1.0; +claudebot@anthropic.com)"
216.73.216.14 - - [31/Dec/2025:21:11:19 +0800] "GET /?a=3369752 HTTP/1.1" 200 43867 "-" "Mozilla/5.0 AppleWebKit/537.36 (KHTML, like Gecko; compatible; ClaudeBot/1.0; +claudebot@anthropic.com)"
216.73.216.14 - - [31/Dec/2025:21:11:19 +0800] "GET /?a=4546277 HTTP/1.1" 200 43867 "-" "Mozilla/5.0 AppleWebKit/537.36 (KHTML, like Gecko; compatible; ClaudeBot/1.0; +claudebot@anthropic.com)"
216.73.216.14 - - [31/Dec/2025:21:11:19 +0800] "GET /?a=628412 HTTP/1.1" 200 43867 "-" "Mozilla/5.0 AppleWebKit/537.36 (KHTML, like Gecko; compatible; ClaudeBot/1.0; +claudebot@anthropic.com)"
216.73.216.14 - - [31/Dec/2025:21:11:19 +0800] "GET /?a=1011306 HTTP/1.1" 200 43867 "-" "Mozilla/5.0 AppleWebKit/537.36 (KHTML, like Gecko; compatible; ClaudeBot/1.0; +claudebot@anthropic.com)"
216.73.216.14 - - [31/Dec/2025:21:11:19 +0800] "GET /?a=564800 HTTP/1.1" 200 43867 "-" "Mozilla/5.0 AppleWebKit/537.36 (KHTML, like Gecko; compatible; ClaudeBot/1.0; +claudebot@anthropic.com)"
216.73.216.14 - - [31/Dec/2025:21:11:19 +0800] "GET /?a=5453301 HTTP/1.1" 200 43867 "-" "Mozilla/5.0 AppleWebKit/537.36 (KHTML, like Gecko; compatible; ClaudeBot/1.0; +claudebot@anthropic.com)"
216.73.216.14 - - [31/Dec/2025:21:11:20 +0800] "GET /?a=142136 HTTP/1.1" 200 43867 "-" "Mozilla/5.0 AppleWebKit/537.36 (KHTML, like Gecko; compatible; ClaudeBot/1.0; +claudebot@anthropic.com)"
216.73.216.14 - - [31/Dec/2025:21:11:20 +0800] "GET /?a=1655892 HTTP/1.1" 200 43867 "-" "Mozilla/5.0 AppleWebKit/537.36 (KHTML, like Gecko; compatible; ClaudeBot/1.0; +claudebot@anthropic.com)"
216.73.216.14 - - [31/Dec/2025:21:11:20 +0800] "GET /?a=839568 HTTP/1.1" 200 43867 "-" "Mozilla/5.0 AppleWebKit/537.36 (KHTML, like Gecko; compatible; ClaudeBot/1.0; +claudebot@anthropic.com)"
216.73.216.14 - - [31/Dec/2025:21:11:20 +0800] "GET /?a=3045256 HTTP/1.1" 200 43867 "-" "Mozilla/5.0 AppleWebKit/537.36 (KHTML, like Gecko; compatible; ClaudeBot/1.0; +claudebot@anthropic.com)"
188.143.244.146 - - [31/Dec/2025:21:11:20 +0800] "GET /index.php/about-us/r-d-and-manufacturing-facility?view=article&id=24:website-terms-and-conditions&catid=9 HTTP/1.1" 200 35544 "-" "Mozilla/5.0 X11; Ubuntu; Linux x86_64; rv:126.0 Gecko/20100101 Firefox/126.0"
216.73.216.14 - - [31/Dec/2025:21:11:20 +0800] "GET /?a=3371333 HTTP/1.1" 200 43867 "-" "Mozilla/5.0 AppleWebKit/537.36 (KHTML, like Gecko; compatible; ClaudeBot/1.0; +claudebot@anthropic.com)"
216.73.216.14 - - [31/Dec/2025:21:11:21 +0800] "GET /?a=5317876 HTTP/1.1" 200 43867 "-" "Mozilla/5.0 AppleWebKit/537.36 (KHTML, like Gecko; compatible; ClaudeBot/1.0; +claudebot@anthropic.com)"
216.73.216.14 - - [31/Dec/2025:21:11:21 +0800] "GET /?a=2546151 HTTP/1.1" 200 43867 "-" "Mozilla/5.0 AppleWebKit/537.36 (KHTML, like Gecko; compatible; ClaudeBot/1.0; +claudebot@anthropic.com)"
216.73.216.14 - - [31/Dec/2025:21:11:21 +0800] "GET /?a=1902352 HTTP/1.1" 200 43867 "-" "Mozilla/5.0 AppleWebKit/537.36 (KHTML, like Gecko; compatible; ClaudeBot/1.0; +claudebot@anthropic.com)"
216.73.216.14 - - [31/Dec/2025:21:11:21 +0800] "GET /?a=2215866 HTTP/1.1" 200 43867 "-" "Mozilla/5.0 AppleWebKit/537.36 (KHTML, like Gecko; compatible; ClaudeBot/1.0; +claudebot@anthropic.com)"
216.73.216.14 - - [31/Dec/2025:21:11:21 +0800] "GET /?a=1599178 HTTP/1.1" 200 43867 "-" "Mozilla/5.0 AppleWebKit/537.36 (KHTML, like Gecko; compatible; ClaudeBot/1.0; +claudebot@anthropic.com)"
216.73.216.14 - - [31/Dec/2025:21:11:21 +0800] "GET /?a=375751 HTTP/1.1" 200 43867 "-" "Mozilla/5.0 AppleWebKit/537.36 (KHTML, like Gecko; compatible; ClaudeBot/1.0; +claudebot@anthropic.com)"
216.73.216.14 - - [31/Dec/2025:21:11:22 +0800] "GET /?a=2531730 HTTP/1.1" 200 43867 "-" "Mozilla/5.0 AppleWebKit/537.36 (KHTML, like Gecko; compatible; ClaudeBot/1.0; +claudebot@anthropic.com)"
216.73.216.14 - - [31/Dec/2025:21:11:22 +0800] "GET /?a=4100937 HTTP/1.1" 200 43867 "-" "Mozilla/5.0 AppleWebKit/537.36 (KHTML, like Gecko; compatible; ClaudeBot/1.0; +claudebot@anthropic.com)"
216.73.216.14 - - [31/Dec/2025:21:11:22 +0800] "GET /?a=736799 HTTP/1.1" 200 43867 "-" "Mozilla/5.0 AppleWebKit/537.36 (KHTML, like Gecko; compatible; ClaudeBot/1.0; +claudebot@anthropic.com)"
216.73.216.14 - - [31/Dec/2025:21:11:22 +0800] "GET /?a=1908168 HTTP/1.1" 200 43867 "-" "Mozilla/5.0 AppleWebKit/537.36 (KHTML, like Gecko; compatible; ClaudeBot/1.0; +claudebot@anthropic.com)"
216.73.216.14 - - [31/Dec/2025:21:11:22 +0800] "GET /?a=1982981 HTTP/1.1" 200 43867 "-" "Mozilla/5.0 AppleWebKit/537.36 (KHTML, like Gecko; compatible; ClaudeBot/1.0; +claudebot@anthropic.com)"
216.73.216.14 - - [31/Dec/2025:21:11:22 +0800] "GET /?a=4128564 HTTP/1.1" 200 43867 "-" "Mozilla/5.0 AppleWebKit/537.36 (KHTML, like Gecko; compatible; ClaudeBot/1.0; +claudebot@anthropic.com)"
216.73.216.14 - - [31/Dec/2025:21:11:22 +0800] "GET /?a=3965523 HTTP/1.1" 200 43867 "-" "Mozilla/5.0 AppleWebKit/537.36 (KHTML, like Gecko; compatible; ClaudeBot/1.0; +claudebot@anthropic.com)"
188.143.244.146 - - [31/Dec/2025:21:11:23 +0800] "GET /index.php/about-us/company-profile?view=article&id=23&catid=2 HTTP/1.1" 200 37144 "-" "Mozilla/5.0 X11; Ubuntu; Linux x86_64; rv:126.0 Gecko/20100101 Firefox/126.0"
216.73.216.14 - - [31/Dec/2025:21:11:25 +0800] "GET /?a=1870481 HTTP/1.1" 200 43867 "-" "Mozilla/5.0 AppleWebKit/537.36 (KHTML, like Gecko; compatible; ClaudeBot/1.0; +claudebot@anthropic.com)"
216.73.216.14 - - [31/Dec/2025:21:11:25 +0800] "GET /?a=1010933 HTTP/1.1" 200 43867 "-" "Mozilla/5.0 AppleWebKit/537.36 (KHTML, like Gecko; compatible; ClaudeBot/1.0; +claudebot@anthropic.com)"
188.143.244.146 - - [31/Dec/2025:21:11:25 +0800] "GET /products-services/consumer/consumer-products/category/scouring-range HTTP/1.1" 200 28972 "-" "Mozilla/5.0 X11; Ubuntu; Linux x86_64; rv:126.0 Gecko/20100101 Firefox/126.0"
216.73.216.14 - - [31/Dec/2025:21:11:26 +0800] "GET /?a=720972 HTTP/1.1" 200 43867 "-" "Mozilla/5.0 AppleWebKit/537.36 (KHTML, like Gecko; compatible; ClaudeBot/1.0; +claudebot@anthropic.com)"
216.73.216.14 - - [31/Dec/2025:21:11:26 +0800] "GET /?a=464979 HTTP/1.1" 200 43867 "-" "Mozilla/5.0 AppleWebKit/537.36 (KHTML, like Gecko; compatible; ClaudeBot/1.0; +claudebot@anthropic.com)"
216.73.216.14 - - [31/Dec/2025:21:11:26 +0800] "GET /?a=746181 HTTP/1.1" 200 43867 "-" "Mozilla/5.0 AppleWebKit/537.36 (KHTML, like Gecko; compatible; ClaudeBot/1.0; +claudebot@anthropic.com)"
216.73.216.14 - - [31/Dec/2025:21:11:26 +0800] "GET /?a=970219 HTTP/1.1" 200 43867 "-" "Mozilla/5.0 AppleWebKit/537.36 (KHTML, like Gecko; compatible; ClaudeBot/1.0; +claudebot@anthropic.com)"
216.73.216.14 - - [31/Dec/2025:21:11:26 +0800] "GET /?a=3983641 HTTP/1.1" 200 43867 "-" "Mozilla/5.0 AppleWebKit/537.36 (KHTML, like Gecko; compatible; ClaudeBot/1.0; +claudebot@anthropic.com)"
216.73.216.14 - - [31/Dec/2025:21:11:26 +0800] "GET /?a=879669 HTTP/1.1" 200 43867 "-" "Mozilla/5.0 AppleWebKit/537.36 (KHTML, like Gecko; compatible; ClaudeBot/1.0; +claudebot@anthropic.com)"
216.73.216.14 - - [31/Dec/2025:21:11:26 +0800] "GET /?a=3948840 HTTP/1.1" 200 43867 "-" "Mozilla/5.0 AppleWebKit/537.36 (KHTML, like Gecko; compatible; ClaudeBot/1.0; +claudebot@anthropic.com)"
216.73.216.14 - - [31/Dec/2025:21:11:26 +0800] "GET /?a=1986643 HTTP/1.1" 200 43867 "-" "Mozilla/5.0 AppleWebKit/537.36 (KHTML, like Gecko; compatible; ClaudeBot/1.0; +claudebot@anthropic.com)"
216.73.216.14 - - [31/Dec/2025:21:11:26 +0800] "GET /?a=851604 HTTP/1.1" 200 43867 "-" "Mozilla/5.0 AppleWebKit/537.36 (KHTML, like Gecko; compatible; ClaudeBot/1.0; +claudebot@anthropic.com)"
216.73.216.14 - - [31/Dec/2025:21:11:26 +0800] "GET /?a=3415249 HTTP/1.1" 200 43867 "-" "Mozilla/5.0 AppleWebKit/537.36 (KHTML, like Gecko; compatible; ClaudeBot/1.0; +claudebot@anthropic.com)"
216.73.216.14 - - [31/Dec/2025:21:11:27 +0800] "GET /?a=5038680 HTTP/1.1" 200 43867 "-" "Mozilla/5.0 AppleWebKit/537.36 (KHTML, like Gecko; compatible; ClaudeBot/1.0; +claudebot@anthropic.com)"
216.73.216.14 - - [31/Dec/2025:21:11:27 +0800] "GET /?a=35008 HTTP/1.1" 200 43867 "-" "Mozilla/5.0 AppleWebKit/537.36 (KHTML, like Gecko; compatible; ClaudeBot/1.0; +claudebot@anthropic.com)"
216.73.216.14 - - [31/Dec/2025:21:11:27 +0800] "GET /?a=792956 HTTP/1.1" 200 43867 "-" "Mozilla/5.0 AppleWebKit/537.36 (KHTML, like Gecko; compatible; ClaudeBot/1.0; +claudebot@anthropic.com)"
216.73.216.14 - - [31/Dec/2025:21:11:27 +0800] "GET /?a=2016365 HTTP/1.1" 200 43867 "-" "Mozilla/5.0 AppleWebKit/537.36 (KHTML, like Gecko; compatible; ClaudeBot/1.0; +claudebot@anthropic.com)"
216.73.216.14 - - [31/Dec/2025:21:11:27 +0800] "GET /?a=5212935 HTTP/1.1" 200 43867 "-" "Mozilla/5.0 AppleWebKit/537.36 (KHTML, like Gecko; compatible; ClaudeBot/1.0; +claudebot@anthropic.com)"
216.73.216.14 - - [31/Dec/2025:21:11:27 +0800] "GET /?a=870969 HTTP/1.1" 200 43867 "-" "Mozilla/5.0 AppleWebKit/537.36 (KHTML, like Gecko; compatible; ClaudeBot/1.0; +claudebot@anthropic.com)"
216.73.216.14 - - [31/Dec/2025:21:11:27 +0800] "GET /?a=403170 HTTP/1.1" 200 43867 "-" "Mozilla/5.0 AppleWebKit/537.36 (KHTML, like Gecko; compatible; ClaudeBot/1.0; +claudebot@anthropic.com)"
216.73.216.14 - - [31/Dec/2025:21:11:28 +0800] "GET /?a=5044576 HTTP/1.1" 200 43867 "-" "Mozilla/5.0 AppleWebKit/537.36 (KHTML, like Gecko; compatible; ClaudeBot/1.0; +claudebot@anthropic.com)"
188.143.244.146 - - [31/Dec/2025:21:11:28 +0800] "GET /index.php/products-services/ HTTP/1.1" 404 3337 "-" "Mozilla/5.0 X11; Ubuntu; Linux x86_64; rv:126.0 Gecko/20100101 Firefox/126.0"
216.73.216.14 - - [31/Dec/2025:21:11:28 +0800] "GET /?a=299682 HTTP/1.1" 200 43867 "-" "Mozilla/5.0 AppleWebKit/537.36 (KHTML, like Gecko; compatible; ClaudeBot/1.0; +claudebot@anthropic.com)"
216.73.216.14 - - [31/Dec/2025:21:11:28 +0800] "GET /?a=2865786 HTTP/1.1" 200 43867 "-" "Mozilla/5.0 AppleWebKit/537.36 (KHTML, like Gecko; compatible; ClaudeBot/1.0; +claudebot@anthropic.com)"
216.73.216.14 - - [31/Dec/2025:21:11:28 +0800] "GET /?a=4497301 HTTP/1.1" 200 43867 "-" "Mozilla/5.0 AppleWebKit/537.36 (KHTML, like Gecko; compatible; ClaudeBot/1.0; +claudebot@anthropic.com)"
216.73.216.14 - - [31/Dec/2025:21:11:28 +0800] "GET /?a=732341 HTTP/1.1" 200 43867 "-" "Mozilla/5.0 AppleWebKit/537.36 (KHTML, like Gecko; compatible; ClaudeBot/1.0; +claudebot@anthropic.com)"
216.73.216.14 - - [31/Dec/2025:21:11:28 +0800] "GET /?a=3671282 HTTP/1.1" 200 43867 "-" "Mozilla/5.0 AppleWebKit/537.36 (KHTML, like Gecko; compatible; ClaudeBot/1.0; +claudebot@anthropic.com)"
216.73.216.14 - - [31/Dec/2025:21:11:29 +0800] "GET /?a=5113651 HTTP/1.1" 200 43867 "-" "Mozilla/5.0 AppleWebKit/537.36 (KHTML, like Gecko; compatible; ClaudeBot/1.0; +claudebot@anthropic.com)"
216.73.216.14 - - [31/Dec/2025:21:11:29 +0800] "GET /?a=1216629 HTTP/1.1" 200 43867 "-" "Mozilla/5.0 AppleWebKit/537.36 (KHTML, like Gecko; compatible; ClaudeBot/1.0; +claudebot@anthropic.com)"
216.73.216.14 - - [31/Dec/2025:21:11:29 +0800] "GET /?a=3373033 HTTP/1.1" 200 43867 "-" "Mozilla/5.0 AppleWebKit/537.36 (KHTML, like Gecko; compatible; ClaudeBot/1.0; +claudebot@anthropic.com)"
216.73.216.14 - - [31/Dec/2025:21:11:29 +0800] "GET /?a=710474 HTTP/1.1" 200 43867 "-" "Mozilla/5.0 AppleWebKit/537.36 (KHTML, like Gecko; compatible; ClaudeBot/1.0; +claudebot@anthropic.com)"
216.73.216.14 - - [31/Dec/2025:21:11:30 +0800] "GET /?a=514922 HTTP/1.1" 200 43867 "-" "Mozilla/5.0 AppleWebKit/537.36 (KHTML, like Gecko; compatible; ClaudeBot/1.0; +claudebot@anthropic.com)"
216.73.216.14 - - [31/Dec/2025:21:11:30 +0800] "GET /?a=5328682 HTTP/1.1" 200 43867 "-" "Mozilla/5.0 AppleWebKit/537.36 (KHTML, like Gecko; compatible; ClaudeBot/1.0; +claudebot@anthropic.com)"
216.73.216.14 - - [31/Dec/2025:21:11:30 +0800] "GET /?a=2576342 HTTP/1.1" 200 43867 "-" "Mozilla/5.0 AppleWebKit/537.36 (KHTML, like Gecko; compatible; ClaudeBot/1.0; +claudebot@anthropic.com)"
216.73.216.14 - - [31/Dec/2025:21:11:30 +0800] "GET /?a=1288015 HTTP/1.1" 200 43867 "-" "Mozilla/5.0 AppleWebKit/537.36 (KHTML, like Gecko; compatible; ClaudeBot/1.0; +claudebot@anthropic.com)"
216.73.216.14 - - [31/Dec/2025:21:11:30 +0800] "GET /?a=285535 HTTP/1.1" 200 43867 "-" "Mozilla/5.0 AppleWebKit/537.36 (KHTML, like Gecko; compatible; ClaudeBot/1.0; +claudebot@anthropic.com)"
216.73.216.14 - - [31/Dec/2025:21:11:30 +0800] "GET /?a=2283344 HTTP/1.1" 200 43867 "-" "Mozilla/5.0 AppleWebKit/537.36 (KHTML, like Gecko; compatible; ClaudeBot/1.0; +claudebot@anthropic.com)"
216.73.216.14 - - [31/Dec/2025:21:11:30 +0800] "GET /?a=3605441 HTTP/1.1" 200 43867 "-" "Mozilla/5.0 AppleWebKit/537.36 (KHTML, like Gecko; compatible; ClaudeBot/1.0; +claudebot@anthropic.com)"
216.73.216.14 - - [31/Dec/2025:21:11:30 +0800] "GET /?a=73822 HTTP/1.1" 200 43867 "-" "Mozilla/5.0 AppleWebKit/537.36 (KHTML, like Gecko; compatible; ClaudeBot/1.0; +claudebot@anthropic.com)"
216.73.216.14 - - [31/Dec/2025:21:11:30 +0800] "GET /?a=358035 HTTP/1.1" 200 43867 "-" "Mozilla/5.0 AppleWebKit/537.36 (KHTML, like Gecko; compatible; ClaudeBot/1.0; +claudebot@anthropic.com)"
188.143.244.146 - - [31/Dec/2025:21:11:30 +0800] "GET /index.php/products-services/consumer/consumer-products/category/specialized-cleaners HTTP/1.1" 200 31345 "-" "Mozilla/5.0 X11; Ubuntu; Linux x86_64; rv:126.0 Gecko/20100101 Firefox/126.0"
216.73.216.14 - - [31/Dec/2025:21:11:31 +0800] "GET /?a=5145535 HTTP/1.1" 200 43867 "-" "Mozilla/5.0 AppleWebKit/537.36 (KHTML, like Gecko; compatible; ClaudeBot/1.0; +claudebot@anthropic.com)"
216.73.216.14 - - [31/Dec/2025:21:11:31 +0800] "GET /?a=2576992 HTTP/1.1" 200 43867 "-" "Mozilla/5.0 AppleWebKit/537.36 (KHTML, like Gecko; compatible; ClaudeBot/1.0; +claudebot@anthropic.com)"
216.73.216.14 - - [31/Dec/2025:21:11:31 +0800] "GET /?a=1853166 HTTP/1.1" 200 43867 "-" "Mozilla/5.0 AppleWebKit/537.36 (KHTML, like Gecko; compatible; ClaudeBot/1.0; +claudebot@anthropic.com)"
216.73.216.14 - - [31/Dec/2025:21:11:31 +0800] "GET /?a=240989 HTTP/1.1" 200 43867 "-" "Mozilla/5.0 AppleWebKit/537.36 (KHTML, like Gecko; compatible; ClaudeBot/1.0; +claudebot@anthropic.com)"
216.73.216.14 - - [31/Dec/2025:21:11:31 +0800] "GET /?a=2252995 HTTP/1.1" 200 43867 "-" "Mozilla/5.0 AppleWebKit/537.36 (KHTML, like Gecko; compatible; ClaudeBot/1.0; +claudebot@anthropic.com)"
216.73.216.14 - - [31/Dec/2025:21:11:31 +0800] "GET /?a=170771 HTTP/1.1" 200 43867 "-" "Mozilla/5.0 AppleWebKit/537.36 (KHTML, like Gecko; compatible; ClaudeBot/1.0; +claudebot@anthropic.com)"
216.73.216.14 - - [31/Dec/2025:21:11:31 +0800] "GET /?a=3065124 HTTP/1.1" 200 43867 "-" "Mozilla/5.0 AppleWebKit/537.36 (KHTML, like Gecko; compatible; ClaudeBot/1.0; +claudebot@anthropic.com)"
216.73.216.14 - - [31/Dec/2025:21:11:32 +0800] "GET /?a=3334580 HTTP/1.1" 200 43867 "-" "Mozilla/5.0 AppleWebKit/537.36 (KHTML, like Gecko; compatible; ClaudeBot/1.0; +claudebot@anthropic.com)"
216.73.216.14 - - [31/Dec/2025:21:11:32 +0800] "GET /?a=488689 HTTP/1.1" 200 43867 "-" "Mozilla/5.0 AppleWebKit/537.36 (KHTML, like Gecko; compatible; ClaudeBot/1.0; +claudebot@anthropic.com)"
216.73.216.14 - - [31/Dec/2025:21:11:32 +0800] "GET /?a=2249186 HTTP/1.1" 200 43867 "-" "Mozilla/5.0 AppleWebKit/537.36 (KHTML, like Gecko; compatible; ClaudeBot/1.0; +claudebot@anthropic.com)"
216.73.216.14 - - [31/Dec/2025:21:11:32 +0800] "GET /?a=2747516 HTTP/1.1" 200 43867 "-" "Mozilla/5.0 AppleWebKit/537.36 (KHTML, like Gecko; compatible; ClaudeBot/1.0; +claudebot@anthropic.com)"
188.143.244.146 - - [31/Dec/2025:21:11:34 +0800] "GET /index.php/ HTTP/1.1" 200 43877 "-" "Mozilla/5.0 X11; Ubuntu; Linux x86_64; rv:126.0 Gecko/20100101 Firefox/126.0"
188.143.244.146 - - [31/Dec/2025:21:11:37 +0800] "GET /products-services/consumer/consumer-products/category/detergent HTTP/1.1" 200 27954 "-" "Mozilla/5.0 X11; Ubuntu; Linux x86_64; rv:126.0 Gecko/20100101 Firefox/126.0"
188.143.244.146 - - [31/Dec/2025:21:11:48 +0800] "GET /index.php/products-services/global-business?view=article&id=24&catid=9 HTTP/1.1" 200 35499 "-" "Mozilla/5.0 X11; Ubuntu; Linux x86_64; rv:126.0 Gecko/20100101 Firefox/126.0"
188.143.244.146 - - [31/Dec/2025:21:11:51 +0800] "GET /index.php/ HTTP/1.1" 200 43877 "-" "Mozilla/5.0 X11; Ubuntu; Linux x86_64; rv:126.0 Gecko/20100101 Firefox/126.0"
188.143.244.146 - - [31/Dec/2025:21:11:53 +0800] "GET /index.php/activities-whats-new/22-opening-ceremony-of-saraya-goodmaid HTTP/1.1" 200 27209 "-" "Mozilla/5.0 X11; Ubuntu; Linux x86_64; rv:126.0 Gecko/20100101 Firefox/126.0"
188.143.244.146 - - [31/Dec/2025:21:11:57 +0800] "GET /index.php/products-services/consumer?view=article&id=24&catid=9 HTTP/1.1" 200 35457 "-" "Mozilla/5.0 X11; Ubuntu; Linux x86_64; rv:126.0 Gecko/20100101 Firefox/126.0"
188.143.244.146 - - [31/Dec/2025:21:12:00 +0800] "GET /index.php/products-services/consumer/consumer-products/category/goodmaid-baby-bio HTTP/1.1" 200 29202 "-" "Mozilla/5.0 X11; Ubuntu; Linux x86_64; rv:126.0 Gecko/20100101 Firefox/126.0"
188.143.244.146 - - [31/Dec/2025:21:12:02 +0800] "GET /index.php/products-services/consumer?view=article&id=23&catid=2 HTTP/1.1" 200 37156 "-" "Mozilla/5.0 X11; Ubuntu; Linux x86_64; rv:126.0 Gecko/20100101 Firefox/126.0"
188.143.244.146 - - [31/Dec/2025:21:12:05 +0800] "GET /index.php/products-services/erythritol HTTP/1.1" 200 27194 "-" "Mozilla/5.0 X11; Ubuntu; Linux x86_64; rv:126.0 Gecko/20100101 Firefox/126.0"
188.143.244.146 - - [31/Dec/2025:21:12:08 +0800] "GET /index.php/products-services/consumer/consumer-products/category/floor-care HTTP/1.1" 200 31299 "-" "Mozilla/5.0 X11; Ubuntu; Linux x86_64; rv:126.0 Gecko/20100101 Firefox/126.0"
188.143.244.146 - - [31/Dec/2025:21:12:19 +0800] "GET /products-services/consumer/consumer-products/category/surface-cleaners HTTP/1.1" 200 28941 "-" "Mozilla/5.0 X11; Ubuntu; Linux x86_64; rv:126.0 Gecko/20100101 Firefox/126.0"
188.143.244.146 - - [31/Dec/2025:21:12:22 +0800] "GET /products-services/consumer/consumer-products/category/floor-care HTTP/1.1" 200 31289 "-" "Mozilla/5.0 X11; Ubuntu; Linux x86_64; rv:126.0 Gecko/20100101 Firefox/126.0"
188.143.244.146 - - [31/Dec/2025:21:12:24 +0800] "GET /index.php/products-services/consumer/consumer-products/category/toilet-cleaners HTTP/1.1" 200 28928 "-" "Mozilla/5.0 X11; Ubuntu; Linux x86_64; rv:126.0 Gecko/20100101 Firefox/126.0"
188.143.244.146 - - [31/Dec/2025:21:12:28 +0800] "GET /index.php/about-us/ HTTP/1.1" 404 3337 "-" "Mozilla/5.0 X11; Ubuntu; Linux x86_64; rv:126.0 Gecko/20100101 Firefox/126.0"
216.73.216.14 - - [31/Dec/2025:21:12:32 +0800] "GET /?a=2886941 HTTP/1.1" 200 43867 "-" "Mozilla/5.0 AppleWebKit/537.36 (KHTML, like Gecko; compatible; ClaudeBot/1.0; +claudebot@anthropic.com)"
216.73.216.14 - - [31/Dec/2025:21:12:33 +0800] "GET /?a=593103 HTTP/1.1" 200 43867 "-" "Mozilla/5.0 AppleWebKit/537.36 (KHTML, like Gecko; compatible; ClaudeBot/1.0; +claudebot@anthropic.com)"
216.73.216.14 - - [31/Dec/2025:21:12:33 +0800] "GET /?a=4006660 HTTP/1.1" 200 43867 "-" "Mozilla/5.0 AppleWebKit/537.36 (KHTML, like Gecko; compatible; ClaudeBot/1.0; +claudebot@anthropic.com)"
216.73.216.14 - - [31/Dec/2025:21:12:34 +0800] "GET /?a=567346 HTTP/1.1" 200 43867 "-" "Mozilla/5.0 AppleWebKit/537.36 (KHTML, like Gecko; compatible; ClaudeBot/1.0; +claudebot@anthropic.com)"
216.73.216.14 - - [31/Dec/2025:21:12:35 +0800] "GET /?a=419612 HTTP/1.1" 200 43867 "-" "Mozilla/5.0 AppleWebKit/537.36 (KHTML, like Gecko; compatible; ClaudeBot/1.0; +claudebot@anthropic.com)"
216.73.216.14 - - [31/Dec/2025:21:12:35 +0800] "GET /?a=5189686 HTTP/1.1" 200 43867 "-" "Mozilla/5.0 AppleWebKit/537.36 (KHTML, like Gecko; compatible; ClaudeBot/1.0; +claudebot@anthropic.com)"
216.73.216.14 - - [31/Dec/2025:21:12:36 +0800] "GET /?a=4842532 HTTP/1.1" 200 43867 "-" "Mozilla/5.0 AppleWebKit/537.36 (KHTML, like Gecko; compatible; ClaudeBot/1.0; +claudebot@anthropic.com)"
216.73.216.14 - - [31/Dec/2025:21:12:37 +0800] "GET /?a=336528 HTTP/1.1" 200 43867 "-" "Mozilla/5.0 AppleWebKit/537.36 (KHTML, like Gecko; compatible; ClaudeBot/1.0; +claudebot@anthropic.com)"
216.73.216.14 - - [31/Dec/2025:21:12:38 +0800] "GET /?a=506936 HTTP/1.1" 200 43867 "-" "Mozilla/5.0 AppleWebKit/537.36 (KHTML, like Gecko; compatible; ClaudeBot/1.0; +claudebot@anthropic.com)"
188.143.244.146 - - [31/Dec/2025:21:12:39 +0800] "GET /index.php/products-services/ HTTP/1.1" 404 3337 "-" "Mozilla/5.0 X11; Ubuntu; Linux x86_64; rv:126.0 Gecko/20100101 Firefox/126.0"
216.73.216.14 - - [31/Dec/2025:21:12:38 +0800] "GET /?a=1877604 HTTP/1.1" 200 43867 "-" "Mozilla/5.0 AppleWebKit/537.36 (KHTML, like Gecko; compatible; ClaudeBot/1.0; +claudebot@anthropic.com)"
216.73.216.14 - - [31/Dec/2025:21:12:39 +0800] "GET /?a=228039 HTTP/1.1" 200 43867 "-" "Mozilla/5.0 AppleWebKit/537.36 (KHTML, like Gecko; compatible; ClaudeBot/1.0; +claudebot@anthropic.com)"
216.73.216.14 - - [31/Dec/2025:21:12:40 +0800] "GET /?a=4245231 HTTP/1.1" 200 43867 "-" "Mozilla/5.0 AppleWebKit/537.36 (KHTML, like Gecko; compatible; ClaudeBot/1.0; +claudebot@anthropic.com)"
216.73.216.14 - - [31/Dec/2025:21:12:41 +0800] "GET /?a=261066 HTTP/1.1" 200 43867 "-" "Mozilla/5.0 AppleWebKit/537.36 (KHTML, like Gecko; compatible; ClaudeBot/1.0; +claudebot@anthropic.com)"
216.73.216.14 - - [31/Dec/2025:21:12:41 +0800] "GET /?a=1010657 HTTP/1.1" 200 43867 "-" "Mozilla/5.0 AppleWebKit/537.36 (KHTML, like Gecko; compatible; ClaudeBot/1.0; +claudebot@anthropic.com)"
216.73.216.14 - - [31/Dec/2025:21:12:42 +0800] "GET /?a=706500 HTTP/1.1" 200 43867 "-" "Mozilla/5.0 AppleWebKit/537.36 (KHTML, like Gecko; compatible; ClaudeBot/1.0; +claudebot@anthropic.com)"
216.73.216.14 - - [31/Dec/2025:21:12:42 +0800] "GET /?a=1496479 HTTP/1.1" 200 43867 "-" "Mozilla/5.0 AppleWebKit/537.36 (KHTML, like Gecko; compatible; ClaudeBot/1.0; +claudebot@anthropic.com)"
216.73.216.14 - - [31/Dec/2025:21:12:43 +0800] "GET /?a=2948680 HTTP/1.1" 200 43867 "-" "Mozilla/5.0 AppleWebKit/537.36 (KHTML, like Gecko; compatible; ClaudeBot/1.0; +claudebot@anthropic.com)"
216.73.216.14 - - [31/Dec/2025:21:12:43 +0800] "GET /?a=863682 HTTP/1.1" 200 43867 "-" "Mozilla/5.0 AppleWebKit/537.36 (KHTML, like Gecko; compatible; ClaudeBot/1.0; +claudebot@anthropic.com)"
216.73.216.14 - - [31/Dec/2025:21:12:43 +0800] "GET /?a=4086246 HTTP/1.1" 200 43867 "-" "Mozilla/5.0 AppleWebKit/537.36 (KHTML, like Gecko; compatible; ClaudeBot/1.0; +claudebot@anthropic.com)"
216.73.216.14 - - [31/Dec/2025:21:12:44 +0800] "GET /?a=357216 HTTP/1.1" 200 43867 "-" "Mozilla/5.0 AppleWebKit/537.36 (KHTML, like Gecko; compatible; ClaudeBot/1.0; +claudebot@anthropic.com)"
188.143.244.146 - - [31/Dec/2025:21:12:44 +0800] "GET /index.php/about-us/ HTTP/1.1" 404 3337 "-" "Mozilla/5.0 X11; Ubuntu; Linux x86_64; rv:126.0 Gecko/20100101 Firefox/126.0"
216.73.216.14 - - [31/Dec/2025:21:12:44 +0800] "GET /?a=2158309 HTTP/1.1" 200 43867 "-" "Mozilla/5.0 AppleWebKit/537.36 (KHTML, like Gecko; compatible; ClaudeBot/1.0; +claudebot@anthropic.com)"
216.73.216.14 - - [31/Dec/2025:21:12:44 +0800] "GET /?a=3065404 HTTP/1.1" 200 43867 "-" "Mozilla/5.0 AppleWebKit/537.36 (KHTML, like Gecko; compatible; ClaudeBot/1.0; +claudebot@anthropic.com)"
216.73.216.14 - - [31/Dec/2025:21:12:45 +0800] "GET /?a=4077231 HTTP/1.1" 200 43867 "-" "Mozilla/5.0 AppleWebKit/537.36 (KHTML, like Gecko; compatible; ClaudeBot/1.0; +claudebot@anthropic.com)"
216.73.216.14 - - [31/Dec/2025:21:12:45 +0800] "GET /?a=4172801 HTTP/1.1" 200 43867 "-" "Mozilla/5.0 AppleWebKit/537.36 (KHTML, like Gecko; compatible; ClaudeBot/1.0; +claudebot@anthropic.com)"
216.73.216.14 - - [31/Dec/2025:21:12:46 +0800] "GET /?a=336734 HTTP/1.1" 200 43867 "-" "Mozilla/5.0 AppleWebKit/537.36 (KHTML, like Gecko; compatible; ClaudeBot/1.0; +claudebot@anthropic.com)"
216.73.216.14 - - [31/Dec/2025:21:12:46 +0800] "GET /?a=573771 HTTP/1.1" 200 43867 "-" "Mozilla/5.0 AppleWebKit/537.36 (KHTML, like Gecko; compatible; ClaudeBot/1.0; +claudebot@anthropic.com)"
188.143.244.146 - - [31/Dec/2025:21:12:46 +0800] "GET /index.php/products-services/consumer/consumer-products/category/detergent HTTP/1.1" 200 27964 "-" "Mozilla/5.0 X11; Ubuntu; Linux x86_64; rv:126.0 Gecko/20100101 Firefox/126.0"
216.73.216.14 - - [31/Dec/2025:21:12:46 +0800] "GET /?a=2640137 HTTP/1.1" 200 43867 "-" "Mozilla/5.0 AppleWebKit/537.36 (KHTML, like Gecko; compatible; ClaudeBot/1.0; +claudebot@anthropic.com)"
216.73.216.14 - - [31/Dec/2025:21:12:47 +0800] "GET /?a=685243 HTTP/1.1" 200 43867 "-" "Mozilla/5.0 AppleWebKit/537.36 (KHTML, like Gecko; compatible; ClaudeBot/1.0; +claudebot@anthropic.com)"
216.73.216.14 - - [31/Dec/2025:21:12:47 +0800] "GET /?a=1687904 HTTP/1.1" 200 43867 "-" "Mozilla/5.0 AppleWebKit/537.36 (KHTML, like Gecko; compatible; ClaudeBot/1.0; +claudebot@anthropic.com)"
216.73.216.14 - - [31/Dec/2025:21:12:48 +0800] "GET /?a=27438 HTTP/1.1" 200 43867 "-" "Mozilla/5.0 AppleWebKit/537.36 (KHTML, like Gecko; compatible; ClaudeBot/1.0; +claudebot@anthropic.com)"
216.73.216.14 - - [31/Dec/2025:21:12:48 +0800] "GET /?a=5076173 HTTP/1.1" 200 43867 "-" "Mozilla/5.0 AppleWebKit/537.36 (KHTML, like Gecko; compatible; ClaudeBot/1.0; +claudebot@anthropic.com)"
216.73.216.14 - - [31/Dec/2025:21:12:48 +0800] "GET /?a=2668285 HTTP/1.1" 200 43867 "-" "Mozilla/5.0 AppleWebKit/537.36 (KHTML, like Gecko; compatible; ClaudeBot/1.0; +claudebot@anthropic.com)"
216.73.216.14 - - [31/Dec/2025:21:12:48 +0800] "GET /?a=4464422 HTTP/1.1" 200 43867 "-" "Mozilla/5.0 AppleWebKit/537.36 (KHTML, like Gecko; compatible; ClaudeBot/1.0; +claudebot@anthropic.com)"
216.73.216.14 - - [31/Dec/2025:21:12:49 +0800] "GET /?a=3715573 HTTP/1.1" 200 43867 "-" "Mozilla/5.0 AppleWebKit/537.36 (KHTML, like Gecko; compatible; ClaudeBot/1.0; +claudebot@anthropic.com)"
216.73.216.14 - - [31/Dec/2025:21:12:49 +0800] "GET /?a=5124283 HTTP/1.1" 200 43867 "-" "Mozilla/5.0 AppleWebKit/537.36 (KHTML, like Gecko; compatible; ClaudeBot/1.0; +claudebot@anthropic.com)"
216.73.216.14 - - [31/Dec/2025:21:12:49 +0800] "GET /?a=760307 HTTP/1.1" 200 43867 "-" "Mozilla/5.0 AppleWebKit/537.36 (KHTML, like Gecko; compatible; ClaudeBot/1.0; +claudebot@anthropic.com)"
216.73.216.14 - - [31/Dec/2025:21:12:50 +0800] "GET /?a=4736181 HTTP/1.1" 200 43867 "-" "Mozilla/5.0 AppleWebKit/537.36 (KHTML, like Gecko; compatible; ClaudeBot/1.0; +claudebot@anthropic.com)"
188.143.244.146 - - [31/Dec/2025:21:12:50 +0800] "GET /products-services/consumer/consumer-products/category/dish-wash HTTP/1.1" 200 27811 "-" "Mozilla/5.0 X11; Ubuntu; Linux x86_64; rv:126.0 Gecko/20100101 Firefox/126.0"
216.73.216.14 - - [31/Dec/2025:21:12:50 +0800] "GET /?a=1103762 HTTP/1.1" 200 43867 "-" "Mozilla/5.0 AppleWebKit/537.36 (KHTML, like Gecko; compatible; ClaudeBot/1.0; +claudebot@anthropic.com)"
216.73.216.14 - - [31/Dec/2025:21:12:50 +0800] "GET /?a=4409353 HTTP/1.1" 200 43867 "-" "Mozilla/5.0 AppleWebKit/537.36 (KHTML, like Gecko; compatible; ClaudeBot/1.0; +claudebot@anthropic.com)"
216.73.216.14 - - [31/Dec/2025:21:12:51 +0800] "GET /?a=1504739 HTTP/1.1" 200 43867 "-" "Mozilla/5.0 AppleWebKit/537.36 (KHTML, like Gecko; compatible; ClaudeBot/1.0; +claudebot@anthropic.com)"
216.73.216.14 - - [31/Dec/2025:21:12:51 +0800] "GET /?a=1657636 HTTP/1.1" 200 43867 "-" "Mozilla/5.0 AppleWebKit/537.36 (KHTML, like Gecko; compatible; ClaudeBot/1.0; +claudebot@anthropic.com)"
216.73.216.14 - - [31/Dec/2025:21:12:51 +0800] "GET /?a=2784126 HTTP/1.1" 200 43867 "-" "Mozilla/5.0 AppleWebKit/537.36 (KHTML, like Gecko; compatible; ClaudeBot/1.0; +claudebot@anthropic.com)"
216.73.216.14 - - [31/Dec/2025:21:12:52 +0800] "GET /?a=764312 HTTP/1.1" 200 43867 "-" "Mozilla/5.0 AppleWebKit/537.36 (KHTML, like Gecko; compatible; ClaudeBot/1.0; +claudebot@anthropic.com)"
216.73.216.14 - - [31/Dec/2025:21:12:52 +0800] "GET /?a=4316754 HTTP/1.1" 200 43867 "-" "Mozilla/5.0 AppleWebKit/537.36 (KHTML, like Gecko; compatible; ClaudeBot/1.0; +claudebot@anthropic.com)"
216.73.216.14 - - [31/Dec/2025:21:12:52 +0800] "GET /?a=413479 HTTP/1.1" 200 43867 "-" "Mozilla/5.0 AppleWebKit/537.36 (KHTML, like Gecko; compatible; ClaudeBot/1.0; +claudebot@anthropic.com)"
188.143.244.146 - - [31/Dec/2025:21:12:52 +0800] "GET /index.php/products-services/food-sanitation/food-products/category/tools-dispensers HTTP/1.1" 200 32392 "-" "Mozilla/5.0 X11; Ubuntu; Linux x86_64; rv:126.0 Gecko/20100101 Firefox/126.0"
216.73.216.14 - - [31/Dec/2025:21:12:52 +0800] "GET /?a=940178 HTTP/1.1" 200 43867 "-" "Mozilla/5.0 AppleWebKit/537.36 (KHTML, like Gecko; compatible; ClaudeBot/1.0; +claudebot@anthropic.com)"
216.73.216.14 - - [31/Dec/2025:21:12:53 +0800] "GET /?a=671011 HTTP/1.1" 200 43867 "-" "Mozilla/5.0 AppleWebKit/537.36 (KHTML, like Gecko; compatible; ClaudeBot/1.0; +claudebot@anthropic.com)"
216.73.216.14 - - [31/Dec/2025:21:12:53 +0800] "GET /?a=393213 HTTP/1.1" 200 43867 "-" "Mozilla/5.0 AppleWebKit/537.36 (KHTML, like Gecko; compatible; ClaudeBot/1.0; +claudebot@anthropic.com)"
216.73.216.14 - - [31/Dec/2025:21:12:53 +0800] "GET /?a=1668404 HTTP/1.1" 200 43867 "-" "Mozilla/5.0 AppleWebKit/537.36 (KHTML, like Gecko; compatible; ClaudeBot/1.0; +claudebot@anthropic.com)"
216.73.216.14 - - [31/Dec/2025:21:12:53 +0800] "GET /?a=1214239 HTTP/1.1" 200 43867 "-" "Mozilla/5.0 AppleWebKit/537.36 (KHTML, like Gecko; compatible; ClaudeBot/1.0; +claudebot@anthropic.com)"
216.73.216.14 - - [31/Dec/2025:21:12:54 +0800] "GET /?a=4623375 HTTP/1.1" 200 43867 "-" "Mozilla/5.0 AppleWebKit/537.36 (KHTML, like Gecko; compatible; ClaudeBot/1.0; +claudebot@anthropic.com)"
216.73.216.14 - - [31/Dec/2025:21:12:54 +0800] "GET /?a=33837 HTTP/1.1" 200 43867 "-" "Mozilla/5.0 AppleWebKit/537.36 (KHTML, like Gecko; compatible; ClaudeBot/1.0; +claudebot@anthropic.com)"
216.73.216.14 - - [31/Dec/2025:21:12:55 +0800] "GET /?a=124822 HTTP/1.1" 200 43867 "-" "Mozilla/5.0 AppleWebKit/537.36 (KHTML, like Gecko; compatible; ClaudeBot/1.0; +claudebot@anthropic.com)"
188.143.244.146 - - [31/Dec/2025:21:12:55 +0800] "GET /index.php/activities-whats-new/24-website-terms-and-conditions HTTP/1.1" 200 35325 "-" "Mozilla/5.0 X11; Ubuntu; Linux x86_64; rv:126.0 Gecko/20100101 Firefox/126.0"
216.73.216.14 - - [31/Dec/2025:21:12:55 +0800] "GET /?a=5494979 HTTP/1.1" 200 43867 "-" "Mozilla/5.0 AppleWebKit/537.36 (KHTML, like Gecko; compatible; ClaudeBot/1.0; +claudebot@anthropic.com)"
216.73.216.14 - - [31/Dec/2025:21:12:55 +0800] "GET /?a=461780 HTTP/1.1" 200 43867 "-" "Mozilla/5.0 AppleWebKit/537.36 (KHTML, like Gecko; compatible; ClaudeBot/1.0; +claudebot@anthropic.com)"
216.73.216.14 - - [31/Dec/2025:21:12:55 +0800] "GET /?a=3340546 HTTP/1.1" 200 43867 "-" "Mozilla/5.0 AppleWebKit/537.36 (KHTML, like Gecko; compatible; ClaudeBot/1.0; +claudebot@anthropic.com)"
216.73.216.14 - - [31/Dec/2025:21:12:55 +0800] "GET /?a=2154395 HTTP/1.1" 200 43867 "-" "Mozilla/5.0 AppleWebKit/537.36 (KHTML, like Gecko; compatible; ClaudeBot/1.0; +claudebot@anthropic.com)"
216.73.216.14 - - [31/Dec/2025:21:12:56 +0800] "GET /?a=3935786 HTTP/1.1" 200 43867 "-" "Mozilla/5.0 AppleWebKit/537.36 (KHTML, like Gecko; compatible; ClaudeBot/1.0; +claudebot@anthropic.com)"
216.73.216.14 - - [31/Dec/2025:21:12:56 +0800] "GET /?a=3551144 HTTP/1.1" 200 43867 "-" "Mozilla/5.0 AppleWebKit/537.36 (KHTML, like Gecko; compatible; ClaudeBot/1.0; +claudebot@anthropic.com)"
216.73.216.14 - - [31/Dec/2025:21:12:56 +0800] "GET /?a=673729 HTTP/1.1" 200 43867 "-" "Mozilla/5.0 AppleWebKit/537.36 (KHTML, like Gecko; compatible; ClaudeBot/1.0; +claudebot@anthropic.com)"
216.73.216.14 - - [31/Dec/2025:21:12:56 +0800] "GET /?a=3311034 HTTP/1.1" 200 43867 "-" "Mozilla/5.0 AppleWebKit/537.36 (KHTML, like Gecko; compatible; ClaudeBot/1.0; +claudebot@anthropic.com)"
216.73.216.14 - - [31/Dec/2025:21:12:57 +0800] "GET /?a=2426445 HTTP/1.1" 200 43867 "-" "Mozilla/5.0 AppleWebKit/537.36 (KHTML, like Gecko; compatible; ClaudeBot/1.0; +claudebot@anthropic.com)"
