66.249.75.226 - - [31/Dec/2025:20:13:47 +0800] "GET /?a=2352534 HTTP/1.1" 200 173011 "-" "Mozilla/5.0 (Linux; Android 6.0.1; Nexus 5X Build/MMB29P) AppleWebKit/537.36 (KHTML, like Gecko) Chrome/141.0.7390.122 Mobile Safari/537.36 (compatible; Googlebot/2.1; +http://www.google.com/bot.html)"
66.249.75.226 - - [31/Dec/2025:20:13:53 +0800] "GET /?a=4811290 HTTP/1.1" 200 188744 "-" "Mozilla/5.0 (Linux; Android 6.0.1; Nexus 5X Build/MMB29P) AppleWebKit/537.36 (KHTML, like Gecko) Chrome/141.0.7390.122 Mobile Safari/537.36 (compatible; Googlebot/2.1; +http://www.google.com/bot.html)"
66.249.75.227 - - [31/Dec/2025:20:14:00 +0800] "GET /?a=2037148 HTTP/1.1" 200 185318 "-" "Mozilla/5.0 (Linux; Android 6.0.1; Nexus 5X Build/MMB29P) AppleWebKit/537.36 (KHTML, like Gecko) Chrome/141.0.7390.122 Mobile Safari/537.36 (compatible; Googlebot/2.1; +http://www.google.com/bot.html)"
185.191.171.14 - - [31/Dec/2025:20:14:03 +0800] "GET /index.php?Itemid=489&item_id=246&option=com_zoo&task=item HTTP/1.1" 200 26366 "-" "Mozilla/5.0 (compatible; SemrushBot/7~bl; +http://www.semrush.com/bot.html)"
157.55.39.200 - - [31/Dec/2025:20:14:12 +0800] "GET /index.php/about-us/company-profile/?a=4351317 HTTP/1.1" 200 187565 "-" "Mozilla/5.0 AppleWebKit/537.36 (KHTML, like Gecko; compatible; bingbot/2.0; +http://www.bing.com/bingbot.htm) Chrome/116.0.1938.76 Safari/537.36"
157.55.39.200 - - [31/Dec/2025:20:14:22 +0800] "GET /index.php/about-us/company-profile/shop/storeSearch/KeepCriteriaInput.aspx/contents/event/kansyasai/?a=2881107 HTTP/1.1" 200 211207 "-" "Mozilla/5.0 AppleWebKit/537.36 (KHTML, like Gecko; compatible; bingbot/2.0; +http://www.bing.com/bingbot.htm) Chrome/116.0.1938.76 Safari/537.36"
66.249.71.70 - - [31/Dec/2025:20:14:26 +0800] "GET /?a=3735311 HTTP/1.1" 200 191346 "-" "Mozilla/5.0 (Linux; Android 6.0.1; Nexus 5X Build/MMB29P) AppleWebKit/537.36 (KHTML, like Gecko) Chrome/141.0.7390.122 Mobile Safari/537.36 (compatible; Googlebot/2.1; +http://www.google.com/bot.html)"
66.249.71.70 - - [31/Dec/2025:20:14:32 +0800] "GET /?a=521125 HTTP/1.1" 200 188695 "-" "Mozilla/5.0 (Linux; Android 6.0.1; Nexus 5X Build/MMB29P) AppleWebKit/537.36 (KHTML, like Gecko) Chrome/141.0.7390.122 Mobile Safari/537.36 (compatible; Googlebot/2.1; +http://www.google.com/bot.html)"
66.249.75.226 - - [31/Dec/2025:20:14:49 +0800] "GET /?a=4822908 HTTP/1.1" 200 179897 "-" "Mozilla/5.0 (Linux; Android 6.0.1; Nexus 5X Build/MMB29P) AppleWebKit/537.36 (KHTML, like Gecko) Chrome/141.0.7390.122 Mobile Safari/537.36 (compatible; Googlebot/2.1; +http://www.google.com/bot.html)"
207.46.13.127 - - [31/Dec/2025:20:14:50 +0800] "GET /index.php/about-us/company-profile/?a=309996 HTTP/1.1" 200 190715 "-" "Mozilla/5.0 AppleWebKit/537.36 (KHTML, like Gecko; compatible; bingbot/2.0; +http://www.bing.com/bingbot.htm) Chrome/116.0.1938.76 Safari/537.36"
66.249.71.70 - - [31/Dec/2025:20:15:01 +0800] "GET /?a=1030467 HTTP/1.1" 200 173216 "-" "Mozilla/5.0 (Linux; Android 6.0.1; Nexus 5X Build/MMB29P) AppleWebKit/537.36 (KHTML, like Gecko) Chrome/141.0.7390.122 Mobile Safari/537.36 (compatible; Googlebot/2.1; +http://www.google.com/bot.html)"
157.55.39.200 - - [31/Dec/2025:20:15:02 +0800] "GET /index.php/about-us/company-profile/?a=2043079 HTTP/1.1" 200 187007 "-" "Mozilla/5.0 AppleWebKit/537.36 (KHTML, like Gecko; compatible; bingbot/2.0; +http://www.bing.com/bingbot.htm) Chrome/116.0.1938.76 Safari/537.36"
157.55.39.200 - - [31/Dec/2025:20:15:04 +0800] "GET /index.php/about-us/company-profile/?a=2111163 HTTP/1.1" 200 196756 "-" "Mozilla/5.0 AppleWebKit/537.36 (KHTML, like Gecko; compatible; bingbot/2.0; +http://www.bing.com/bingbot.htm) Chrome/116.0.1938.76 Safari/537.36"
66.249.75.226 - - [31/Dec/2025:20:15:04 +0800] "GET /?a=1651457 HTTP/1.1" 200 180561 "-" "Mozilla/5.0 (Linux; Android 6.0.1; Nexus 5X Build/MMB29P) AppleWebKit/537.36 (KHTML, like Gecko) Chrome/141.0.7390.122 Mobile Safari/537.36 (compatible; Googlebot/2.1; +http://www.google.com/bot.html)"
66.249.75.227 - - [31/Dec/2025:20:15:07 +0800] "GET /?a=528810 HTTP/1.1" 200 173414 "-" "Mozilla/5.0 (Linux; Android 6.0.1; Nexus 5X Build/MMB29P) AppleWebKit/537.36 (KHTML, like Gecko) Chrome/141.0.7390.122 Mobile Safari/537.36 (compatible; Googlebot/2.1; +http://www.google.com/bot.html)"
66.249.75.226 - - [31/Dec/2025:20:15:13 +0800] "GET /?a=1157680 HTTP/1.1" 200 173351 "-" "Mozilla/5.0 (Linux; Android 6.0.1; Nexus 5X Build/MMB29P) AppleWebKit/537.36 (KHTML, like Gecko) Chrome/141.0.7390.122 Mobile Safari/537.36 (compatible; Googlebot/2.1; +http://www.google.com/bot.html)"
52.167.144.212 - - [31/Dec/2025:20:15:21 +0800] "GET /index.php/about-us/company-profile/?a=4082024 HTTP/1.1" 200 188138 "-" "Mozilla/5.0 AppleWebKit/537.36 (KHTML, like Gecko; compatible; bingbot/2.0; +http://www.bing.com/bingbot.htm) Chrome/116.0.1938.76 Safari/537.36"
66.249.71.70 - - [31/Dec/2025:20:15:24 +0800] "GET /?a=5403132 HTTP/1.1" 200 175090 "-" "Mozilla/5.0 (Linux; Android 6.0.1; Nexus 5X Build/MMB29P) AppleWebKit/537.36 (KHTML, like Gecko) Chrome/141.0.7390.122 Mobile Safari/537.36 (compatible; Googlebot/2.1; +http://www.google.com/bot.html)"
40.77.167.35 - - [31/Dec/2025:20:15:38 +0800] "GET /index.php/about-us/company-profile/?a=1371031 HTTP/1.1" 200 184990 "-" "Mozilla/5.0 AppleWebKit/537.36 (KHTML, like Gecko; compatible; bingbot/2.0; +http://www.bing.com/bingbot.htm) Chrome/116.0.1938.76 Safari/537.36"
40.77.167.35 - - [31/Dec/2025:20:15:39 +0800] "GET /index.php/about-us/company-profile/?a=1094058 HTTP/1.1" 200 193022 "-" "Mozilla/5.0 AppleWebKit/537.36 (KHTML, like Gecko; compatible; bingbot/2.0; +http://www.bing.com/bingbot.htm) Chrome/116.0.1938.76 Safari/537.36"
198.199.68.20 - - [31/Dec/2025:20:15:49 +0800] "GET /index.php HTTP/1.1" 200 43896 "-" "Zabbix"
116.179.32.114 - - [31/Dec/2025:20:15:53 +0800] "GET /index.php?view=article&id=23&catid=2 HTTP/1.1" 200 38132 "-" "Mozilla/5.0 (compatible; Baiduspider/2.0; +http://www.baidu.com/search/spider.html)"
66.249.71.70 - - [31/Dec/2025:20:15:57 +0800] "GET /?a=5474298 HTTP/1.1" 200 174081 "-" "Mozilla/5.0 (Linux; Android 6.0.1; Nexus 5X Build/MMB29P) AppleWebKit/537.36 (KHTML, like Gecko) Chrome/141.0.7390.122 Mobile Safari/537.36 (compatible; Googlebot/2.1; +http://www.google.com/bot.html)"
66.249.75.226 - - [31/Dec/2025:20:15:58 +0800] "GET /?a=572890 HTTP/1.1" 200 186905 "-" "Mozilla/5.0 (Linux; Android 6.0.1; Nexus 5X Build/MMB29P) AppleWebKit/537.36 (KHTML, like Gecko) Chrome/141.0.7390.122 Mobile Safari/537.36 (compatible; Googlebot/2.1; +http://www.google.com/bot.html)"
66.249.75.226 - - [31/Dec/2025:20:16:04 +0800] "GET /?a=5435207 HTTP/1.1" 200 180389 "-" "Mozilla/5.0 (Linux; Android 6.0.1; Nexus 5X Build/MMB29P) AppleWebKit/537.36 (KHTML, like Gecko) Chrome/141.0.7390.122 Mobile Safari/537.36 (compatible; Googlebot/2.1; +http://www.google.com/bot.html)"
207.46.13.127 - - [31/Dec/2025:20:16:10 +0800] "GET /index.php/about-us/company-profile/?a=5313616 HTTP/1.1" 200 192275 "-" "Mozilla/5.0 AppleWebKit/537.36 (KHTML, like Gecko; compatible; bingbot/2.0; +http://www.bing.com/bingbot.htm) Chrome/116.0.1938.76 Safari/537.36"
40.77.167.35 - - [31/Dec/2025:20:16:19 +0800] "GET /index.php/about-us/company-profile/?a=1934302 HTTP/1.1" 200 182253 "-" "Mozilla/5.0 AppleWebKit/537.36 (KHTML, like Gecko; compatible; bingbot/2.0; +http://www.bing.com/bingbot.htm) Chrome/116.0.1938.76 Safari/537.36"
66.249.71.70 - - [31/Dec/2025:20:16:30 +0800] "GET /?a=662964 HTTP/1.1" 200 180821 "-" "Mozilla/5.0 (Linux; Android 6.0.1; Nexus 5X Build/MMB29P) AppleWebKit/537.36 (KHTML, like Gecko) Chrome/141.0.7390.122 Mobile Safari/537.36 (compatible; Googlebot/2.1; +http://www.google.com/bot.html)"
35.173.69.86 - - [31/Dec/2025:20:16:32 +0800] "GET / HTTP/1.1" 200 43871 "-" "FreshpingBot/1.0 (+https://freshping.io/)"
66.249.75.226 - - [31/Dec/2025:20:16:37 +0800] "GET /?a=2380894 HTTP/1.1" 200 189837 "-" "Mozilla/5.0 (Linux; Android 6.0.1; Nexus 5X Build/MMB29P) AppleWebKit/537.36 (KHTML, like Gecko) Chrome/141.0.7390.122 Mobile Safari/537.36 (compatible; Googlebot/2.1; +http://www.google.com/bot.html)"
66.249.75.226 - - [31/Dec/2025:20:16:43 +0800] "GET /?a=595819 HTTP/1.1" 200 173642 "-" "Mozilla/5.0 (Linux; Android 6.0.1; Nexus 5X Build/MMB29P) AppleWebKit/537.36 (KHTML, like Gecko) Chrome/141.0.7390.122 Mobile Safari/537.36 (compatible; Googlebot/2.1; +http://www.google.com/bot.html)"
52.187.246.138 - - [31/Dec/2025:20:16:48 +0800] "GET /?a=1740627 HTTP/1.1" 200 43895 "-" "Mozilla/5.0 AppleWebKit/537.36 (KHTML, like Gecko); compatible; ChatGPT-User/1.0; +https://openai.com/bot"
52.167.144.177 - - [31/Dec/2025:20:16:48 +0800] "GET /index.php/about-us/company-profile/?a=4537749 HTTP/1.1" 200 189761 "-" "Mozilla/5.0 AppleWebKit/537.36 (KHTML, like Gecko; compatible; bingbot/2.0; +http://www.bing.com/bingbot.htm) Chrome/116.0.1938.76 Safari/537.36"
66.249.75.226 - - [31/Dec/2025:20:16:49 +0800] "GET /?a=3781875 HTTP/1.1" 200 170756 "-" "Mozilla/5.0 (Linux; Android 6.0.1; Nexus 5X Build/MMB29P) AppleWebKit/537.36 (KHTML, like Gecko) Chrome/141.0.7390.122 Mobile Safari/537.36 (compatible; Googlebot/2.1; +http://www.google.com/bot.html)"
52.167.144.177 - - [31/Dec/2025:20:16:50 +0800] "GET /index.php/about-us/company-profile/?a=4029560 HTTP/1.1" 200 190473 "-" "Mozilla/5.0 AppleWebKit/537.36 (KHTML, like Gecko; compatible; bingbot/2.0; +http://www.bing.com/bingbot.htm) Chrome/116.0.1938.76 Safari/537.36"
52.167.144.177 - - [31/Dec/2025:20:16:51 +0800] "GET /index.php/about-us/company-profile/?a=4029560 HTTP/1.1" 200 190473 "-" "Mozilla/5.0 AppleWebKit/537.36 (KHTML, like Gecko; compatible; bingbot/2.0; +http://www.bing.com/bingbot.htm) Chrome/116.0.1938.76 Safari/537.36"
66.249.75.226 - - [31/Dec/2025:20:16:55 +0800] "GET /?a=1750521 HTTP/1.1" 200 182461 "-" "Mozilla/5.0 (Linux; Android 6.0.1; Nexus 5X Build/MMB29P) AppleWebKit/537.36 (KHTML, like Gecko) Chrome/141.0.7390.122 Mobile Safari/537.36 (compatible; Googlebot/2.1; +http://www.google.com/bot.html)"
157.55.39.200 - - [31/Dec/2025:20:16:57 +0800] "GET /index.php/about-us/company-profile/?a=3708104 HTTP/1.1" 200 186221 "-" "Mozilla/5.0 AppleWebKit/537.36 (KHTML, like Gecko; compatible; bingbot/2.0; +http://www.bing.com/bingbot.htm) Chrome/116.0.1938.76 Safari/537.36"
66.249.71.71 - - [31/Dec/2025:20:17:03 +0800] "GET /?a=3575904 HTTP/1.1" 200 177677 "-" "Mozilla/5.0 (Linux; Android 6.0.1; Nexus 5X Build/MMB29P) AppleWebKit/537.36 (KHTML, like Gecko) Chrome/141.0.7390.122 Mobile Safari/537.36 (compatible; Googlebot/2.1; +http://www.google.com/bot.html)"
66.249.75.226 - - [31/Dec/2025:20:17:15 +0800] "GET /?a=998155 HTTP/1.1" 200 174342 "-" "Mozilla/5.0 (Linux; Android 6.0.1; Nexus 5X Build/MMB29P) AppleWebKit/537.36 (KHTML, like Gecko) Chrome/141.0.7390.122 Mobile Safari/537.36 (compatible; Googlebot/2.1; +http://www.google.com/bot.html)"
40.77.167.156 - - [31/Dec/2025:20:17:16 +0800] "GET /index.php/about-us/company-profile/?a=1806048 HTTP/1.1" 200 187077 "-" "Mozilla/5.0 AppleWebKit/537.36 (KHTML, like Gecko; compatible; bingbot/2.0; +http://www.bing.com/bingbot.htm) Chrome/116.0.1938.76 Safari/537.36"
66.249.71.70 - - [31/Dec/2025:20:17:37 +0800] "GET /?a=577906 HTTP/1.1" 200 172009 "-" "Mozilla/5.0 (Linux; Android 6.0.1; Nexus 5X Build/MMB29P) AppleWebKit/537.36 (KHTML, like Gecko) Chrome/141.0.7390.122 Mobile Safari/537.36 (compatible; Googlebot/2.1; +http://www.google.com/bot.html)"
85.208.96.198 - - [31/Dec/2025:20:17:40 +0800] "GET /index.php?Itemid=390&item_id=1&option=com_zoo&task=item HTTP/1.1" 200 26352 "-" "Mozilla/5.0 (compatible; SemrushBot/7~bl; +http://www.semrush.com/bot.html)"
66.249.71.70 - - [31/Dec/2025:20:17:45 +0800] "GET /?a=2781406 HTTP/1.1" 200 177936 "-" "Mozilla/5.0 (Linux; Android 6.0.1; Nexus 5X Build/MMB29P) AppleWebKit/537.36 (KHTML, like Gecko) Chrome/141.0.7390.122 Mobile Safari/537.36 (compatible; Googlebot/2.1; +http://www.google.com/bot.html)"
40.77.167.35 - - [31/Dec/2025:20:17:48 +0800] "GET /index.php/about-us/company-profile/?a=925346 HTTP/1.1" 200 182587 "-" "Mozilla/5.0 AppleWebKit/537.36 (KHTML, like Gecko; compatible; bingbot/2.0; +http://www.bing.com/bingbot.htm) Chrome/116.0.1938.76 Safari/537.36"
66.249.75.226 - - [31/Dec/2025:20:17:52 +0800] "GET /?a=2320236 HTTP/1.1" 200 170681 "-" "Mozilla/5.0 (Linux; Android 6.0.1; Nexus 5X Build/MMB29P) AppleWebKit/537.36 (KHTML, like Gecko) Chrome/141.0.7390.122 Mobile Safari/537.36 (compatible; Googlebot/2.1; +http://www.google.com/bot.html)"
116.179.37.152 - - [31/Dec/2025:20:17:55 +0800] "GET /media/system/js/joomla-hidden-mail.min.js?6d18a0e3df2fb871b5bc7538c44a395beddb1c08 HTTP/1.1" 200 1352 "https://www.goodmaid.net/index.php?view=article&id=23&catid=2" "Mozilla/5.0 (compatible; Baiduspider-render/2.0; +http://www.baidu.com/search/spider.html)"
40.77.167.156 - - [31/Dec/2025:20:17:57 +0800] "GET /index.php/about-us/company-profile/shop/storeSearch/KeepCriteriaInput.aspx/shop/customer/entry.aspx/reserve/tool/?a=398407 HTTP/1.1" 200 209280 "-" "Mozilla/5.0 AppleWebKit/537.36 (KHTML, like Gecko; compatible; bingbot/2.0; +http://www.bing.com/bingbot.htm) Chrome/116.0.1938.76 Safari/537.36"
207.46.13.130 - - [31/Dec/2025:20:18:02 +0800] "GET /index.php/about-us/company-profile/?a=2023560 HTTP/1.1" 200 185372 "-" "Mozilla/5.0 AppleWebKit/537.36 (KHTML, like Gecko; compatible; bingbot/2.0; +http://www.bing.com/bingbot.htm) Chrome/116.0.1938.76 Safari/537.36"
216.73.216.14 - - [31/Dec/2025:20:18:06 +0800] "GET /?a=3058445 HTTP/1.1" 200 43871 "-" "Mozilla/5.0 AppleWebKit/537.36 (KHTML, like Gecko; compatible; ClaudeBot/1.0; +claudebot@anthropic.com)"
216.73.216.14 - - [31/Dec/2025:20:18:08 +0800] "GET /?a=3389799 HTTP/1.1" 200 43871 "-" "Mozilla/5.0 AppleWebKit/537.36 (KHTML, like Gecko; compatible; ClaudeBot/1.0; +claudebot@anthropic.com)"
14.11.70.160 - - [31/Dec/2025:20:18:10 +0800] "GET /?a=1216773 HTTP/1.1" 200 413 "https://www.google.co.jp/" "Mozilla/5.0 (iPhone; CPU iPhone OS 18_7 like Mac OS X) AppleWebKit/605.1.15 (KHTML, like Gecko) Version/26.1 Mobile/15E148 Safari/604.1"
126.143.130.161 - - [31/Dec/2025:20:18:10 +0800] "GET /?a=3761115 HTTP/1.1" 200 488 "https://www.google.com/" "Mozilla/5.0 (Macintosh; Intel Mac OS X 10_12_6) AppleWebKit/537.36 (KHTML, like Gecko) Chrome/120.0.4630.78 Safari/537.36"
172.225.181.82 - - [31/Dec/2025:20:18:16 +0800] "GET / HTTP/1.1" 200 43871 "-" "Mozilla/5.0 (Macintosh; Intel Mac OS X 10_11_1) AppleWebKit/601.2.4 (KHTML, like Gecko) Version/9.0.1 Safari/601.2.4 facebookexternalhit/1.1 Facebot Twitterbot/1.0"
157.55.39.200 - - [31/Dec/2025:20:18:17 +0800] "GET /index.php/about-us/company-profile/?a=1791868 HTTP/1.1" 200 182866 "-" "Mozilla/5.0 AppleWebKit/537.36 (KHTML, like Gecko; compatible; bingbot/2.0; +http://www.bing.com/bingbot.htm) Chrome/116.0.1938.76 Safari/537.36"
66.249.75.226 - - [31/Dec/2025:20:18:20 +0800] "GET /?a=3269983 HTTP/1.1" 200 172520 "-" "Mozilla/5.0 (Linux; Android 6.0.1; Nexus 5X Build/MMB29P) AppleWebKit/537.36 (KHTML, like Gecko) Chrome/141.0.7390.122 Mobile Safari/537.36 (compatible; Googlebot/2.1; +http://www.google.com/bot.html)"
66.249.71.64 - - [31/Dec/2025:20:18:22 +0800] "GET /p/usa-14go-701777 HTTP/1.1" 200 181054 "-" "Mozilla/5.0 (Linux; Android 6.0.1; Nexus 5X Build/MMB29P) AppleWebKit/537.36 (KHTML, like Gecko) Chrome/141.0.7390.122 Mobile Safari/537.36 (compatible; Googlebot/2.1; +http://www.google.com/bot.html)"
66.249.75.226 - - [31/Dec/2025:20:18:27 +0800] "GET /?a=4441181 HTTP/1.1" 200 176879 "-" "Mozilla/5.0 (Linux; Android 6.0.1; Nexus 5X Build/MMB29P) AppleWebKit/537.36 (KHTML, like Gecko) Chrome/141.0.7390.122 Mobile Safari/537.36 (compatible; Googlebot/2.1; +http://www.google.com/bot.html)"
66.249.75.226 - - [31/Dec/2025:20:18:30 +0800] "GET /?a=1176584 HTTP/1.1" 200 173122 "-" "Mozilla/5.0 (Linux; Android 6.0.1; Nexus 5X Build/MMB29P) AppleWebKit/537.36 (KHTML, like Gecko) Chrome/141.0.7390.122 Mobile Safari/537.36 (compatible; Googlebot/2.1; +http://www.google.com/bot.html)"
66.249.75.226 - - [31/Dec/2025:20:18:33 +0800] "GET /?a=2286978 HTTP/1.1" 200 173951 "-" "Mozilla/5.0 (Linux; Android 6.0.1; Nexus 5X Build/MMB29P) AppleWebKit/537.36 (KHTML, like Gecko) Chrome/141.0.7390.122 Mobile Safari/537.36 (compatible; Googlebot/2.1; +http://www.google.com/bot.html)"
66.249.71.70 - - [31/Dec/2025:20:18:41 +0800] "GET /?a=2004222 HTTP/1.1" 200 174050 "-" "Mozilla/5.0 (Linux; Android 6.0.1; Nexus 5X Build/MMB29P) AppleWebKit/537.36 (KHTML, like Gecko) Chrome/141.0.7390.122 Mobile Safari/537.36 (compatible; Googlebot/2.1; +http://www.google.com/bot.html)"
104.28.119.64 - - [31/Dec/2025:20:18:42 +0800] "GET /.well-known/passkey-endpoints HTTP/1.1" 404 3331 "-" "Passwords/8622.2.11.10.8 CFNetwork/3860.200.71 Darwin/25.1.0"
159.223.144.153 - - [31/Dec/2025:20:18:55 +0800] "GET /index.php/products/public-hygiene/personal-care/item/192d-ht-draman-2 HTTP/1.1" 404 3331 "-" "Mozilla/5.0 (Windows NT 10.0; Win64; x64) AppleWebKit/537.36 (KHTML, like Gecko) Chrome/129.0.0.0 Safari/537.36"
143.198.189.68 - - [31/Dec/2025:20:18:59 +0800] "GET /index.php/products/food-sanitation/goodmaid-pro-ware-washing/item/gmp-353-destainer HTTP/1.1" 404 3331 "-" "Mozilla/5.0 (Windows NT 10.0; Win64; x64) AppleWebKit/537.36 (KHTML, like Gecko) Chrome/129.0.0.0 Safari/537.36"
206.189.194.33 - - [31/Dec/2025:20:19:02 +0800] "GET /index.php/products/consumer/floor-care/item/floor-cleaner HTTP/1.1" 404 3331 "-" "Mozilla/5.0 (Windows NT 10.0; Win64; x64) AppleWebKit/537.36 (KHTML, like Gecko) Chrome/129.0.0.0 Safari/537.36"
181.46.139.4 - - [31/Dec/2025:20:19:03 +0800] "GET /index.php/products/consumer/specialized-cleaners/item/washing-machine-cleaner HTTP/1.1" 404 3331 "-" "Mozilla/5.0 (Windows NT 10.0; Win64; x64) AppleWebKit/537.36 (KHTML, like Gecko) Chrome/129.0.0.0 Safari/537.36"
37.22.247.112 - - [31/Dec/2025:20:19:03 +0800] "GET /index.php/products/public-hygiene/laundry-care/alphaindex/other HTTP/1.1" 404 3331 "-" "Mozilla/5.0 (Windows NT 10.0; Win64; x64) AppleWebKit/537.36 (KHTML, like Gecko) Chrome/129.0.0.0 Safari/537.36"
66.249.71.70 - - [31/Dec/2025:20:19:03 +0800] "GET /?a=1800458 HTTP/1.1" 200 179654 "-" "Mozilla/5.0 (Linux; Android 6.0.1; Nexus 5X Build/MMB29P) AppleWebKit/537.36 (KHTML, like Gecko) Chrome/141.0.7390.122 Mobile Safari/537.36 (compatible; Googlebot/2.1; +http://www.google.com/bot.html)"
88.230.50.8 - - [31/Dec/2025:20:19:04 +0800] "GET /index.php/products/public-hygiene/laundry-care/item/350-laun-d-2 HTTP/1.1" 404 3331 "-" "Mozilla/5.0 (Windows NT 10.0; Win64; x64) AppleWebKit/537.36 (KHTML, like Gecko) Chrome/129.0.0.0 Safari/537.36"
87.116.167.114 - - [31/Dec/2025:20:19:04 +0800] "GET /index.php/shop-now HTTP/1.1" 404 3331 "-" "Mozilla/5.0 (Windows NT 10.0; Win64; x64) AppleWebKit/537.36 (KHTML, like Gecko) Chrome/129.0.0.0 Safari/537.36"
137.184.158.143 - - [31/Dec/2025:20:19:08 +0800] "GET /index.php/products/public-hygiene/floor-care/item/0203-tilecon-seal-2 HTTP/1.1" 404 3331 "-" "Mozilla/5.0 (Windows NT 10.0; Win64; x64) AppleWebKit/537.36 (KHTML, like Gecko) Chrome/129.0.0.0 Safari/537.36"
143.244.148.19 - - [31/Dec/2025:20:19:08 +0800] "GET /index.php/products/food-sanitation/tools-dispensers/item/gmd-500-f-a HTTP/1.1" 404 3331 "-" "Mozilla/5.0 (Windows NT 10.0; Win64; x64) AppleWebKit/537.36 (KHTML, like Gecko) Chrome/129.0.0.0 Safari/537.36"
66.249.75.226 - - [31/Dec/2025:20:19:10 +0800] "GET /?a=834428 HTTP/1.1" 200 191552 "-" "Mozilla/5.0 (Linux; Android 6.0.1; Nexus 5X Build/MMB29P) AppleWebKit/537.36 (KHTML, like Gecko) Chrome/141.0.7390.122 Mobile Safari/537.36 (compatible; Googlebot/2.1; +http://www.google.com/bot.html)"
137.59.230.215 - - [31/Dec/2025:20:19:11 +0800] "GET /index.php/products/healthcare-hygiene/dispenser HTTP/1.1" 404 3331 "-" "Mozilla/5.0 (Windows NT 10.0; Win64; x64) AppleWebKit/537.36 (KHTML, like Gecko) Chrome/129.0.0.0 Safari/537.36"
177.92.54.208 - - [31/Dec/2025:20:19:12 +0800] "GET /index.php/products/healthcare-hygiene/dispenser/item/is-9000?category_id=47 HTTP/1.1" 404 3331 "-" "Mozilla/5.0 (Windows NT 10.0; Win64; x64) AppleWebKit/537.36 (KHTML, like Gecko) Chrome/129.0.0.0 Safari/537.36"
66.249.72.226 - - [31/Dec/2025:20:19:12 +0800] "GET /?a=2441913 HTTP/1.1" 200 174100 "-" "Mozilla/5.0 (Linux; Android 6.0.1; Nexus 5X Build/MMB29P) AppleWebKit/537.36 (KHTML, like Gecko) Chrome/141.0.7390.122 Mobile Safari/537.36 (compatible; GoogleOther)"
216.73.216.14 - - [31/Dec/2025:20:19:15 +0800] "GET /?a=1670794 HTTP/1.1" 200 43871 "-" "Mozilla/5.0 AppleWebKit/537.36 (KHTML, like Gecko; compatible; ClaudeBot/1.0; +claudebot@anthropic.com)"
157.230.54.32 - - [31/Dec/2025:20:19:15 +0800] "GET /index.php/products/public-hygiene/personal-care/item/192d-ht-draman-2 HTTP/1.1" 404 3331 "-" "Mozilla/5.0 (Windows NT 10.0; Win64; x64) AppleWebKit/537.36 (KHTML, like Gecko) Chrome/129.0.0.0 Safari/537.36"
14.190.9.106 - - [31/Dec/2025:20:19:19 +0800] "GET /index.php/products/consumer/goodmaid-baby-bio/item/baby-bio-laundry-detergent HTTP/1.1" 404 3331 "-" "Mozilla/5.0 (Windows NT 10.0; Win64; x64) AppleWebKit/537.36 (KHTML, like Gecko) Chrome/129.0.0.0 Safari/537.36"
66.249.75.226 - - [31/Dec/2025:20:19:18 +0800] "GET /?a=3142453 HTTP/1.1" 200 172960 "-" "Mozilla/5.0 (Linux; Android 6.0.1; Nexus 5X Build/MMB29P) AppleWebKit/537.36 (KHTML, like Gecko) Chrome/141.0.7390.122 Mobile Safari/537.36 (compatible; Googlebot/2.1; +http://www.google.com/bot.html)"
178.80.61.244 - - [31/Dec/2025:20:19:19 +0800] "GET /index.php/products/consumer/specialized-cleaners/item/oven-cleaner HTTP/1.1" 404 3331 "-" "Mozilla/5.0 (Windows NT 10.0; Win64; x64) AppleWebKit/537.36 (KHTML, like Gecko) Chrome/129.0.0.0 Safari/537.36"
157.55.39.200 - - [31/Dec/2025:20:19:19 +0800] "GET /index.php/about-us/company-profile/?a=5271343 HTTP/1.1" 200 195231 "-" "Mozilla/5.0 AppleWebKit/537.36 (KHTML, like Gecko; compatible; bingbot/2.0; +http://www.bing.com/bingbot.htm) Chrome/116.0.1938.76 Safari/537.36"
198.199.68.40 - - [31/Dec/2025:20:19:21 +0800] "GET /index.php/products/public-hygiene/housekeeping/item/100-multi-zap-2 HTTP/1.1" 404 3331 "-" "Mozilla/5.0 (Windows NT 10.0; Win64; x64) AppleWebKit/537.36 (KHTML, like Gecko) Chrome/129.0.0.0 Safari/537.36"
159.89.95.98 - - [31/Dec/2025:20:19:24 +0800] "GET /index.php/products/public-hygiene/housekeeping/item/121-deo-gel-2 HTTP/1.1" 404 3331 "-" "Mozilla/5.0 (Windows NT 10.0; Win64; x64) AppleWebKit/537.36 (KHTML, like Gecko) Chrome/129.0.0.0 Safari/537.36"
31.223.70.142 - - [31/Dec/2025:20:19:25 +0800] "GET /index.php/products/public-hygiene/floor-care/item/0210-florestore-2 HTTP/1.1" 404 3331 "-" "Mozilla/5.0 (Windows NT 10.0; Win64; x64) AppleWebKit/537.36 (KHTML, like Gecko) Chrome/129.0.0.0 Safari/537.36"
40.77.167.35 - - [31/Dec/2025:20:19:28 +0800] "GET /index.php/about-us/company-profile/?a=3667115 HTTP/1.1" 200 189250 "-" "Mozilla/5.0 AppleWebKit/537.36 (KHTML, like Gecko; compatible; bingbot/2.0; +http://www.bing.com/bingbot.htm) Chrome/116.0.1938.76 Safari/537.36"
216.73.216.14 - - [31/Dec/2025:20:19:34 +0800] "GET /?a=3830647 HTTP/1.1" 200 43871 "-" "Mozilla/5.0 AppleWebKit/537.36 (KHTML, like Gecko; compatible; ClaudeBot/1.0; +claudebot@anthropic.com)"
37.239.65.12 - - [31/Dec/2025:20:19:40 +0800] "GET /index.php/products/healthcare-hygiene/dispenser HTTP/1.1" 404 3331 "-" "Mozilla/5.0 (Windows NT 10.0; Win64; x64) AppleWebKit/537.36 (KHTML, like Gecko) Chrome/129.0.0.0 Safari/537.36"
216.73.216.14 - - [31/Dec/2025:20:19:41 +0800] "GET /?a=3563040 HTTP/1.1" 200 43871 "-" "Mozilla/5.0 AppleWebKit/537.36 (KHTML, like Gecko; compatible; ClaudeBot/1.0; +claudebot@anthropic.com)"
66.249.75.226 - - [31/Dec/2025:20:19:40 +0800] "GET /?a=4444414 HTTP/1.1" 200 176597 "-" "Mozilla/5.0 (Linux; Android 6.0.1; Nexus 5X Build/MMB29P) AppleWebKit/537.36 (KHTML, like Gecko) Chrome/141.0.7390.122 Mobile Safari/537.36 (compatible; Googlebot/2.1; +http://www.google.com/bot.html)"
66.249.71.70 - - [31/Dec/2025:20:19:47 +0800] "GET /?a=2303341 HTTP/1.1" 200 171467 "-" "Mozilla/5.0 (Linux; Android 6.0.1; Nexus 5X Build/MMB29P) AppleWebKit/537.36 (KHTML, like Gecko) Chrome/141.0.7390.122 Mobile Safari/537.36 (compatible; GoogleOther)"
66.249.72.224 - - [31/Dec/2025:20:19:56 +0800] "GET /p/usa-58go-766912 HTTP/1.1" 200 177482 "-" "Mozilla/5.0 (Linux; Android 6.0.1; Nexus 5X Build/MMB29P) AppleWebKit/537.36 (KHTML, like Gecko) Chrome/141.0.7390.122 Mobile Safari/537.36 (compatible; Googlebot/2.1; +http://www.google.com/bot.html)"
66.249.75.226 - - [31/Dec/2025:20:19:59 +0800] "GET /?a=2727042 HTTP/1.1" 200 178369 "-" "Mozilla/5.0 (Linux; Android 6.0.1; Nexus 5X Build/MMB29P) AppleWebKit/537.36 (KHTML, like Gecko) Chrome/141.0.7390.122 Mobile Safari/537.36 (compatible; Googlebot/2.1; +http://www.google.com/bot.html)"
157.55.39.200 - - [31/Dec/2025:20:20:12 +0800] "GET /index.php/about-us/company-profile/?a=4144993 HTTP/1.1" 200 186887 "-" "Mozilla/5.0 AppleWebKit/537.36 (KHTML, like Gecko; compatible; bingbot/2.0; +http://www.bing.com/bingbot.htm) Chrome/116.0.1938.76 Safari/537.36"
66.249.75.226 - - [31/Dec/2025:20:20:15 +0800] "GET /?a=386232 HTTP/1.1" 200 170200 "-" "Mozilla/5.0 (Linux; Android 6.0.1; Nexus 5X Build/MMB29P) AppleWebKit/537.36 (KHTML, like Gecko) Chrome/141.0.7390.122 Mobile Safari/537.36 (compatible; Googlebot/2.1; +http://www.google.com/bot.html)"
40.77.167.156 - - [31/Dec/2025:20:20:17 +0800] "GET /index.php/about-us/company-profile/?a=1220623 HTTP/1.1" 200 188110 "-" "Mozilla/5.0 AppleWebKit/537.36 (KHTML, like Gecko; compatible; bingbot/2.0; +http://www.bing.com/bingbot.htm) Chrome/116.0.1938.76 Safari/537.36"
66.249.71.70 - - [31/Dec/2025:20:20:21 +0800] "GET /?a=1984657 HTTP/1.1" 200 173574 "-" "Mozilla/5.0 (Linux; Android 6.0.1; Nexus 5X Build/MMB29P) AppleWebKit/537.36 (KHTML, like Gecko) Chrome/141.0.7390.122 Mobile Safari/537.36 (compatible; Googlebot/2.1; +http://www.google.com/bot.html)"
66.249.71.70 - - [31/Dec/2025:20:20:27 +0800] "GET /?a=5253464 HTTP/1.1" 200 178984 "-" "Mozilla/5.0 (Linux; Android 6.0.1; Nexus 5X Build/MMB29P) AppleWebKit/537.36 (KHTML, like Gecko) Chrome/141.0.7390.122 Mobile Safari/537.36 (compatible; Googlebot/2.1; +http://www.google.com/bot.html)"
66.249.75.226 - - [31/Dec/2025:20:20:34 +0800] "GET /?a=1468529 HTTP/1.1" 200 179219 "-" "Mozilla/5.0 (Linux; Android 6.0.1; Nexus 5X Build/MMB29P) AppleWebKit/537.36 (KHTML, like Gecko) Chrome/141.0.7390.122 Mobile Safari/537.36 (compatible; Googlebot/2.1; +http://www.google.com/bot.html)"
74.91.29.90 - - [31/Dec/2025:20:20:53 +0800] "GET /sxallsitemap.xml HTTP/1.1" 200 11 "-" "Mozilla/5.0 (Windows NT 10.0; Win64; x64) AppleWebKit/537.36 (KHTML, like Gecko) Chrome/142.0.0.0 Safari/537.36"
66.249.71.64 - - [31/Dec/2025:20:20:54 +0800] "GET /?a=5089861 HTTP/1.1" 200 177676 "-" "Mozilla/5.0 (Linux; Android 6.0.1; Nexus 5X Build/MMB29P) AppleWebKit/537.36 (KHTML, like Gecko) Chrome/141.0.7390.122 Mobile Safari/537.36 (compatible; Googlebot/2.1; +http://www.google.com/bot.html)"
66.249.75.226 - - [31/Dec/2025:20:21:00 +0800] "GET /?a=2541891 HTTP/1.1" 200 172149 "-" "Mozilla/5.0 (Linux; Android 6.0.1; Nexus 5X Build/MMB29P) AppleWebKit/537.36 (KHTML, like Gecko) Chrome/141.0.7390.122 Mobile Safari/537.36 (compatible; Googlebot/2.1; +http://www.google.com/bot.html)"
216.73.216.14 - - [31/Dec/2025:20:21:06 +0800] "GET /?a=3885978 HTTP/1.1" 200 43871 "-" "Mozilla/5.0 AppleWebKit/537.36 (KHTML, like Gecko; compatible; ClaudeBot/1.0; +claudebot@anthropic.com)"
66.249.75.226 - - [31/Dec/2025:20:21:09 +0800] "GET /?a=3774955 HTTP/1.1" 200 171617 "-" "Mozilla/5.0 (Linux; Android 6.0.1; Nexus 5X Build/MMB29P) AppleWebKit/537.36 (KHTML, like Gecko) Chrome/141.0.7390.122 Mobile Safari/537.36 (compatible; Googlebot/2.1; +http://www.google.com/bot.html)"
40.77.167.35 - - [31/Dec/2025:20:21:09 +0800] "GET /index.php/about-us/company-profile/?a=2304732 HTTP/1.1" 200 182267 "-" "Mozilla/5.0 AppleWebKit/537.36 (KHTML, like Gecko; compatible; bingbot/2.0; +http://www.bing.com/bingbot.htm) Chrome/116.0.1938.76 Safari/537.36"
40.77.167.35 - - [31/Dec/2025:20:21:11 +0800] "GET /index.php/about-us/company-profile/?a=1261385 HTTP/1.1" 200 196522 "-" "Mozilla/5.0 AppleWebKit/537.36 (KHTML, like Gecko; compatible; bingbot/2.0; +http://www.bing.com/bingbot.htm) Chrome/116.0.1938.76 Safari/537.36"
198.199.68.20 - - [31/Dec/2025:20:21:13 +0800] "GET /index.php HTTP/1.1" 200 43896 "-" "Zabbix"
216.73.216.14 - - [31/Dec/2025:20:21:18 +0800] "GET /?a=205811 HTTP/1.1" 200 43871 "-" "Mozilla/5.0 AppleWebKit/537.36 (KHTML, like Gecko; compatible; ClaudeBot/1.0; +claudebot@anthropic.com)"
40.77.167.156 - - [31/Dec/2025:20:21:19 +0800] "GET /index.php/about-us/company-profile/?a=4385199 HTTP/1.1" 200 193557 "-" "Mozilla/5.0 AppleWebKit/537.36 (KHTML, like Gecko; compatible; bingbot/2.0; +http://www.bing.com/bingbot.htm) Chrome/116.0.1938.76 Safari/537.36"
66.249.75.226 - - [31/Dec/2025:20:21:21 +0800] "GET /?a=1045254 HTTP/1.1" 200 173270 "-" "Mozilla/5.0 (Linux; Android 6.0.1; Nexus 5X Build/MMB29P) AppleWebKit/537.36 (KHTML, like Gecko) Chrome/141.0.7390.122 Mobile Safari/537.36 (compatible; Googlebot/2.1; +http://www.google.com/bot.html)"
157.55.39.200 - - [31/Dec/2025:20:21:23 +0800] "GET /index.php/about-us/company-profile/?a=3765477 HTTP/1.1" 200 189408 "-" "Mozilla/5.0 AppleWebKit/537.36 (KHTML, like Gecko; compatible; bingbot/2.0; +http://www.bing.com/bingbot.htm) Chrome/116.0.1938.76 Safari/537.36"
50.17.185.102 - - [31/Dec/2025:20:21:25 +0800] "GET / HTTP/1.1" 200 43871 "-" "FreshpingBot/1.0 (+https://freshping.io/)"
40.77.167.156 - - [31/Dec/2025:20:21:29 +0800] "GET /index.php/about-us/company-profile/?a=3103548 HTTP/1.1" 200 199599 "-" "Mozilla/5.0 AppleWebKit/537.36 (KHTML, like Gecko; compatible; bingbot/2.0; +http://www.bing.com/bingbot.htm) Chrome/116.0.1938.76 Safari/537.36"
40.77.167.156 - - [31/Dec/2025:20:21:32 +0800] "GET /index.php/about-us/company-profile/?a=5156936 HTTP/1.1" 200 191802 "-" "Mozilla/5.0 AppleWebKit/537.36 (KHTML, like Gecko; compatible; bingbot/2.0; +http://www.bing.com/bingbot.htm) Chrome/116.0.1938.76 Safari/537.36"
66.249.75.226 - - [31/Dec/2025:20:21:33 +0800] "GET /?a=5446434 HTTP/1.1" 200 183962 "-" "Mozilla/5.0 (Linux; Android 6.0.1; Nexus 5X Build/MMB29P) AppleWebKit/537.36 (KHTML, like Gecko) Chrome/141.0.7390.122 Mobile Safari/537.36 (compatible; Googlebot/2.1; +http://www.google.com/bot.html)"
216.73.216.14 - - [31/Dec/2025:20:21:40 +0800] "GET /?a=3170806 HTTP/1.1" 200 43871 "-" "Mozilla/5.0 AppleWebKit/537.36 (KHTML, like Gecko; compatible; ClaudeBot/1.0; +claudebot@anthropic.com)"
40.77.167.35 - - [31/Dec/2025:20:21:39 +0800] "GET /index.php/about-us/company-profile/?a=2887177 HTTP/1.1" 200 190274 "-" "Mozilla/5.0 AppleWebKit/537.36 (KHTML, like Gecko; compatible; bingbot/2.0; +http://www.bing.com/bingbot.htm) Chrome/116.0.1938.76 Safari/537.36"
66.249.75.226 - - [31/Dec/2025:20:21:45 +0800] "GET /?a=1289531 HTTP/1.1" 200 183611 "-" "Mozilla/5.0 (Linux; Android 6.0.1; Nexus 5X Build/MMB29P) AppleWebKit/537.36 (KHTML, like Gecko) Chrome/141.0.7390.122 Mobile Safari/537.36 (compatible; Googlebot/2.1; +http://www.google.com/bot.html)"
216.73.216.14 - - [31/Dec/2025:20:21:48 +0800] "GET /?a=4740331 HTTP/1.1" 200 43887 "-" "Mozilla/5.0 AppleWebKit/537.36 (KHTML, like Gecko; compatible; ClaudeBot/1.0; +claudebot@anthropic.com)"
54.225.98.148 - - [31/Dec/2025:20:21:49 +0800] "GET /index.php/products-services/oem-services?catid=9&id=24&view=article HTTP/1.1" 200 36639 "-" "Mozilla/5.0 AppleWebKit/537.36 (KHTML, like Gecko; compatible; Amazonbot/0.1; +https://developer.amazon.com/support/amazonbot) Chrome/119.0.6045.214 Safari/537.36"
52.167.144.149 - - [31/Dec/2025:20:22:07 +0800] "GET /index.php/about-us/company-profile/?a=4701534 HTTP/1.1" 200 184610 "-" "Mozilla/5.0 AppleWebKit/537.36 (KHTML, like Gecko; compatible; bingbot/2.0; +http://www.bing.com/bingbot.htm) Chrome/116.0.1938.76 Safari/537.36"
66.249.71.64 - - [31/Dec/2025:20:22:07 +0800] "GET /?a=726103 HTTP/1.1" 200 172519 "-" "Mozilla/5.0 (Linux; Android 6.0.1; Nexus 5X Build/MMB29P) AppleWebKit/537.36 (KHTML, like Gecko) Chrome/141.0.7390.122 Mobile Safari/537.36 (compatible; Googlebot/2.1; +http://www.google.com/bot.html)"
40.77.167.35 - - [31/Dec/2025:20:22:11 +0800] "GET /index.php/about-us/company-profile/?a=1568989 HTTP/1.1" 200 189698 "-" "Mozilla/5.0 AppleWebKit/537.36 (KHTML, like Gecko; compatible; bingbot/2.0; +http://www.bing.com/bingbot.htm) Chrome/116.0.1938.76 Safari/537.36"
66.249.71.71 - - [31/Dec/2025:20:22:24 +0800] "GET /?a=644841 HTTP/1.1" 200 177898 "-" "Mozilla/5.0 (Linux; Android 6.0.1; Nexus 5X Build/MMB29P) AppleWebKit/537.36 (KHTML, like Gecko) Chrome/141.0.7390.122 Mobile Safari/537.36 (compatible; Googlebot/2.1; +http://www.google.com/bot.html)"
66.249.75.226 - - [31/Dec/2025:20:22:32 +0800] "GET /?a=3581765 HTTP/1.1" 200 172173 "-" "Mozilla/5.0 (Linux; Android 6.0.1; Nexus 5X Build/MMB29P) AppleWebKit/537.36 (KHTML, like Gecko) Chrome/141.0.7390.122 Mobile Safari/537.36 (compatible; Googlebot/2.1; +http://www.google.com/bot.html)"
66.249.71.70 - - [31/Dec/2025:20:22:36 +0800] "GET /?a=5479204 HTTP/1.1" 200 178035 "-" "Mozilla/5.0 (Linux; Android 6.0.1; Nexus 5X Build/MMB29P) AppleWebKit/537.36 (KHTML, like Gecko) Chrome/141.0.7390.122 Mobile Safari/537.36 (compatible; Googlebot/2.1; +http://www.google.com/bot.html)"
52.167.144.149 - - [31/Dec/2025:20:22:36 +0800] "GET /index.php/about-us/company-profile/?a=3498943 HTTP/1.1" 200 188049 "-" "Mozilla/5.0 AppleWebKit/537.36 (KHTML, like Gecko; compatible; bingbot/2.0; +http://www.bing.com/bingbot.htm) Chrome/116.0.1938.76 Safari/537.36"
157.55.39.55 - - [31/Dec/2025:20:22:43 +0800] "GET /index.php/about-us/company-profile/?a=2491876 HTTP/1.1" 200 190619 "-" "Mozilla/5.0 AppleWebKit/537.36 (KHTML, like Gecko; compatible; bingbot/2.0; +http://www.bing.com/bingbot.htm) Chrome/116.0.1938.76 Safari/537.36"
216.73.216.14 - - [31/Dec/2025:20:22:46 +0800] "GET /?a=99591 HTTP/1.1" 200 43887 "-" "Mozilla/5.0 AppleWebKit/537.36 (KHTML, like Gecko; compatible; ClaudeBot/1.0; +claudebot@anthropic.com)"
216.73.216.14 - - [31/Dec/2025:20:22:56 +0800] "GET /?a=4629263 HTTP/1.1" 200 43887 "-" "Mozilla/5.0 AppleWebKit/537.36 (KHTML, like Gecko; compatible; ClaudeBot/1.0; +claudebot@anthropic.com)"
66.249.71.71 - - [31/Dec/2025:20:23:07 +0800] "GET /?a=1589491 HTTP/1.1" 200 171330 "-" "Mozilla/5.0 (Linux; Android 6.0.1; Nexus 5X Build/MMB29P) AppleWebKit/537.36 (KHTML, like Gecko) Chrome/141.0.7390.122 Mobile Safari/537.36 (compatible; Googlebot/2.1; +http://www.google.com/bot.html)"
216.73.216.14 - - [31/Dec/2025:20:23:12 +0800] "GET /?a=5035441 HTTP/1.1" 200 43887 "-" "Mozilla/5.0 AppleWebKit/537.36 (KHTML, like Gecko; compatible; ClaudeBot/1.0; +claudebot@anthropic.com)"
66.249.71.70 - - [31/Dec/2025:20:23:13 +0800] "GET /?a=3080529 HTTP/1.1" 200 183443 "-" "Mozilla/5.0 (Linux; Android 6.0.1; Nexus 5X Build/MMB29P) AppleWebKit/537.36 (KHTML, like Gecko) Chrome/141.0.7390.122 Mobile Safari/537.36 (compatible; Googlebot/2.1; +http://www.google.com/bot.html)"
66.249.71.70 - - [31/Dec/2025:20:23:19 +0800] "GET /?a=3545337 HTTP/1.1" 200 171145 "-" "Mozilla/5.0 (Linux; Android 6.0.1; Nexus 5X Build/MMB29P) AppleWebKit/537.36 (KHTML, like Gecko) Chrome/141.0.7390.122 Mobile Safari/537.36 (compatible; Googlebot/2.1; +http://www.google.com/bot.html)"
66.249.75.226 - - [31/Dec/2025:20:23:21 +0800] "GET /?a=108800 HTTP/1.1" 200 173485 "-" "Mozilla/5.0 (Linux; Android 6.0.1; Nexus 5X Build/MMB29P) AppleWebKit/537.36 (KHTML, like Gecko) Chrome/141.0.7390.122 Mobile Safari/537.36 (compatible; Googlebot/2.1; +http://www.google.com/bot.html)"
66.249.75.226 - - [31/Dec/2025:20:23:25 +0800] "GET /?a=2818869 HTTP/1.1" 200 177203 "-" "Mozilla/5.0 (Linux; Android 6.0.1; Nexus 5X Build/MMB29P) AppleWebKit/537.36 (KHTML, like Gecko) Chrome/141.0.7390.122 Mobile Safari/537.36 (compatible; Googlebot/2.1; +http://www.google.com/bot.html)"
40.77.167.55 - - [31/Dec/2025:20:23:30 +0800] "GET /index.php/about-us/company-profile/?a=5139687 HTTP/1.1" 200 181913 "-" "Mozilla/5.0 AppleWebKit/537.36 (KHTML, like Gecko; compatible; bingbot/2.0; +http://www.bing.com/bingbot.htm) Chrome/116.0.1938.76 Safari/537.36"
66.249.75.226 - - [31/Dec/2025:20:23:36 +0800] "GET /?a=4162950 HTTP/1.1" 200 182231 "-" "Mozilla/5.0 (Linux; Android 6.0.1; Nexus 5X Build/MMB29P) AppleWebKit/537.36 (KHTML, like Gecko) Chrome/141.0.7390.122 Mobile Safari/537.36 (compatible; Googlebot/2.1; +http://www.google.com/bot.html)"
216.73.216.14 - - [31/Dec/2025:20:23:44 +0800] "GET /?a=76263 HTTP/1.1" 200 43887 "-" "Mozilla/5.0 AppleWebKit/537.36 (KHTML, like Gecko; compatible; ClaudeBot/1.0; +claudebot@anthropic.com)"
66.249.75.226 - - [31/Dec/2025:20:23:48 +0800] "GET /?a=3382926 HTTP/1.1" 200 169458 "-" "Mozilla/5.0 (Linux; Android 6.0.1; Nexus 5X Build/MMB29P) AppleWebKit/537.36 (KHTML, like Gecko) Chrome/141.0.7390.122 Mobile Safari/537.36 (compatible; Googlebot/2.1; +http://www.google.com/bot.html)"
40.77.167.61 - - [31/Dec/2025:20:23:49 +0800] "GET /index.php/about-us/company-profile/?a=3092760 HTTP/1.1" 200 193015 "-" "Mozilla/5.0 AppleWebKit/537.36 (KHTML, like Gecko; compatible; bingbot/2.0; +http://www.bing.com/bingbot.htm) Chrome/116.0.1938.76 Safari/537.36"
157.55.39.55 - - [31/Dec/2025:20:23:53 +0800] "GET /index.php/about-us/company-profile/?a=5118036 HTTP/1.1" 200 192735 "-" "Mozilla/5.0 AppleWebKit/537.36 (KHTML, like Gecko; compatible; bingbot/2.0; +http://www.bing.com/bingbot.htm) Chrome/116.0.1938.76 Safari/537.36"
157.55.39.55 - - [31/Dec/2025:20:24:02 +0800] "GET /index.php/about-us/company-profile/?a=2297174 HTTP/1.1" 200 192320 "-" "Mozilla/5.0 AppleWebKit/537.36 (KHTML, like Gecko; compatible; bingbot/2.0; +http://www.bing.com/bingbot.htm) Chrome/116.0.1938.76 Safari/537.36"
52.167.144.149 - - [31/Dec/2025:20:24:08 +0800] "GET /index.php/about-us/company-profile/?a=5175139 HTTP/1.1" 200 188075 "-" "Mozilla/5.0 AppleWebKit/537.36 (KHTML, like Gecko; compatible; bingbot/2.0; +http://www.bing.com/bingbot.htm) Chrome/116.0.1938.76 Safari/537.36"
66.249.71.70 - - [31/Dec/2025:20:24:10 +0800] "GET /?a=2454107 HTTP/1.1" 200 175326 "-" "Mozilla/5.0 (Linux; Android 6.0.1; Nexus 5X Build/MMB29P) AppleWebKit/537.36 (KHTML, like Gecko) Chrome/141.0.7390.122 Mobile Safari/537.36 (compatible; Googlebot/2.1; +http://www.google.com/bot.html)"
40.77.167.61 - - [31/Dec/2025:20:24:30 +0800] "GET /index.php/about-us/company-profile/?a=2332156 HTTP/1.1" 200 186223 "-" "Mozilla/5.0 AppleWebKit/537.36 (KHTML, like Gecko; compatible; bingbot/2.0; +http://www.bing.com/bingbot.htm) Chrome/116.0.1938.76 Safari/537.36"
66.249.75.227 - - [31/Dec/2025:20:24:37 +0800] "GET /?a=3597718 HTTP/1.1" 200 193409 "-" "Mozilla/5.0 (Linux; Android 6.0.1; Nexus 5X Build/MMB29P) AppleWebKit/537.36 (KHTML, like Gecko) Chrome/141.0.7390.122 Mobile Safari/537.36 (compatible; Googlebot/2.1; +http://www.google.com/bot.html)"
52.167.144.149 - - [31/Dec/2025:20:24:38 +0800] "GET /index.php/about-us/company-profile/?a=2211473 HTTP/1.1" 200 192510 "-" "Mozilla/5.0 AppleWebKit/537.36 (KHTML, like Gecko; compatible; bingbot/2.0; +http://www.bing.com/bingbot.htm) Chrome/116.0.1938.76 Safari/537.36"
216.73.216.14 - - [31/Dec/2025:20:24:40 +0800] "GET /?a=600050 HTTP/1.1" 200 43887 "-" "Mozilla/5.0 AppleWebKit/537.36 (KHTML, like Gecko; compatible; ClaudeBot/1.0; +claudebot@anthropic.com)"
40.77.167.55 - - [31/Dec/2025:20:24:42 +0800] "GET /index.php/about-us/company-profile/?a=90361 HTTP/1.1" 200 186323 "-" "Mozilla/5.0 AppleWebKit/537.36 (KHTML, like Gecko; compatible; bingbot/2.0; +http://www.bing.com/bingbot.htm) Chrome/116.0.1938.76 Safari/537.36"
157.55.39.55 - - [31/Dec/2025:20:24:43 +0800] "GET /index.php/about-us/company-profile/?a=1440373 HTTP/1.1" 200 186287 "-" "Mozilla/5.0 AppleWebKit/537.36 (KHTML, like Gecko; compatible; bingbot/2.0; +http://www.bing.com/bingbot.htm) Chrome/116.0.1938.76 Safari/537.36"
52.167.144.149 - - [31/Dec/2025:20:24:47 +0800] "GET /index.php/about-us/company-profile/?a=5294134 HTTP/1.1" 200 198743 "-" "Mozilla/5.0 AppleWebKit/537.36 (KHTML, like Gecko; compatible; bingbot/2.0; +http://www.bing.com/bingbot.htm) Chrome/116.0.1938.76 Safari/537.36"
216.73.216.14 - - [31/Dec/2025:20:24:49 +0800] "GET /?a=700548 HTTP/1.1" 200 43887 "-" "Mozilla/5.0 AppleWebKit/537.36 (KHTML, like Gecko; compatible; ClaudeBot/1.0; +claudebot@anthropic.com)"
157.55.39.8 - - [31/Dec/2025:20:24:54 +0800] "GET /index.php/about-us/company-profile/?a=1285172 HTTP/1.1" 200 192519 "-" "Mozilla/5.0 AppleWebKit/537.36 (KHTML, like Gecko; compatible; bingbot/2.0; +http://www.bing.com/bingbot.htm) Chrome/116.0.1938.76 Safari/537.36"
66.249.75.227 - - [31/Dec/2025:20:25:01 +0800] "GET /?a=2254306 HTTP/1.1" 200 182624 "-" "Mozilla/5.0 (Linux; Android 6.0.1; Nexus 5X Build/MMB29P) AppleWebKit/537.36 (KHTML, like Gecko) Chrome/141.0.7390.122 Mobile Safari/537.36 (compatible; Googlebot/2.1; +http://www.google.com/bot.html)"
66.249.71.5 - - [31/Dec/2025:20:25:03 +0800] "GET /p/usa-58go-575604 HTTP/1.1" 200 177839 "-" "Mozilla/5.0 (Linux; Android 6.0.1; Nexus 5X Build/MMB29P) AppleWebKit/537.36 (KHTML, like Gecko) Chrome/141.0.7390.122 Mobile Safari/537.36 (compatible; Googlebot/2.1; +http://www.google.com/bot.html)"
77.83.36.161 - - [31/Dec/2025:20:25:05 +0800] "GET /administrator/index.php HTTP/1.0" 200 14397 "-" "Mozilla/4.0 (compatible; MSIE 7.0; Windows NT 6.0)"
77.83.36.161 - - [31/Dec/2025:20:25:06 +0800] "POST /administrator/index.php HTTP/1.0" 303 - "-" "Mozilla/4.0 (compatible; MSIE 7.0; Windows NT 6.0)"
77.83.36.161 - - [31/Dec/2025:20:25:07 +0800] "GET /administrator/index.php HTTP/1.0" 200 14632 "-" "Mozilla/4.0 (compatible; MSIE 7.0; Windows NT 6.0)"
77.83.36.161 - - [31/Dec/2025:20:25:07 +0800] "POST /administrator/index.php HTTP/1.0" 303 - "-" "Mozilla/4.0 (compatible; MSIE 7.0; Windows NT 6.0)"
77.83.36.161 - - [31/Dec/2025:20:25:08 +0800] "GET /administrator/index.php HTTP/1.0" 200 14632 "-" "Mozilla/4.0 (compatible; MSIE 7.0; Windows NT 6.0)"
77.83.36.161 - - [31/Dec/2025:20:25:09 +0800] "POST /administrator/index.php HTTP/1.0" 303 - "-" "Mozilla/4.0 (compatible; MSIE 7.0; Windows NT 6.0)"
77.83.36.161 - - [31/Dec/2025:20:25:10 +0800] "GET /administrator/index.php HTTP/1.0" 200 14632 "-" "Mozilla/4.0 (compatible; MSIE 7.0; Windows NT 6.0)"
77.83.36.161 - - [31/Dec/2025:20:25:11 +0800] "POST /administrator/index.php HTTP/1.0" 303 - "-" "Mozilla/4.0 (compatible; MSIE 7.0; Windows NT 6.0)"
77.83.36.161 - - [31/Dec/2025:20:25:12 +0800] "GET /administrator/index.php HTTP/1.0" 200 14632 "-" "Mozilla/4.0 (compatible; MSIE 7.0; Windows NT 6.0)"
77.83.36.161 - - [31/Dec/2025:20:25:13 +0800] "POST /administrator/index.php HTTP/1.0" 303 - "-" "Mozilla/4.0 (compatible; MSIE 7.0; Windows NT 6.0)"
77.83.36.161 - - [31/Dec/2025:20:25:14 +0800] "GET /administrator/index.php HTTP/1.0" 200 14632 "-" "Mozilla/4.0 (compatible; MSIE 7.0; Windows NT 6.0)"
77.83.36.161 - - [31/Dec/2025:20:25:15 +0800] "POST /administrator/index.php HTTP/1.0" 303 - "-" "Mozilla/4.0 (compatible; MSIE 7.0; Windows NT 6.0)"
52.167.144.215 - - [31/Dec/2025:20:25:14 +0800] "GET /index.php/about-us/company-profile/?a=3585736 HTTP/1.1" 200 184957 "-" "Mozilla/5.0 AppleWebKit/537.36 (KHTML, like Gecko; compatible; bingbot/2.0; +http://www.bing.com/bingbot.htm) Chrome/116.0.1938.76 Safari/537.36"
77.83.36.161 - - [31/Dec/2025:20:25:16 +0800] "GET /administrator/index.php HTTP/1.0" 200 14632 "-" "Mozilla/4.0 (compatible; MSIE 7.0; Windows NT 6.0)"
66.249.72.224 - - [31/Dec/2025:20:25:15 +0800] "GET /p/usa-58go-1376545 HTTP/1.1" 200 177982 "-" "Mozilla/5.0 (Linux; Android 6.0.1; Nexus 5X Build/MMB29P) AppleWebKit/537.36 (KHTML, like Gecko) Chrome/141.0.7390.122 Mobile Safari/537.36 (compatible; Googlebot/2.1; +http://www.google.com/bot.html)"
77.83.36.161 - - [31/Dec/2025:20:25:16 +0800] "POST /administrator/index.php HTTP/1.0" 303 - "-" "Mozilla/4.0 (compatible; MSIE 7.0; Windows NT 6.0)"
77.83.36.161 - - [31/Dec/2025:20:25:17 +0800] "GET /administrator/index.php HTTP/1.0" 200 14632 "-" "Mozilla/4.0 (compatible; MSIE 7.0; Windows NT 6.0)"
77.83.36.161 - - [31/Dec/2025:20:25:18 +0800] "POST /administrator/index.php HTTP/1.0" 303 - "-" "Mozilla/4.0 (compatible; MSIE 7.0; Windows NT 6.0)"
66.249.75.227 - - [31/Dec/2025:20:25:18 +0800] "GET /?a=4185460 HTTP/1.1" 200 175479 "-" "Mozilla/5.0 (Linux; Android 6.0.1; Nexus 5X Build/MMB29P) AppleWebKit/537.36 (KHTML, like Gecko) Chrome/141.0.7390.122 Mobile Safari/537.36 (compatible; Googlebot/2.1; +http://www.google.com/bot.html)"
77.83.36.161 - - [31/Dec/2025:20:25:19 +0800] "GET /administrator/index.php HTTP/1.0" 200 14632 "-" "Mozilla/4.0 (compatible; MSIE 7.0; Windows NT 6.0)"
77.83.36.161 - - [31/Dec/2025:20:25:20 +0800] "POST /administrator/index.php HTTP/1.0" 303 - "-" "Mozilla/4.0 (compatible; MSIE 7.0; Windows NT 6.0)"
77.83.36.161 - - [31/Dec/2025:20:25:21 +0800] "GET /administrator/index.php HTTP/1.0" 200 14632 "-" "Mozilla/4.0 (compatible; MSIE 7.0; Windows NT 6.0)"
77.83.36.161 - - [31/Dec/2025:20:25:22 +0800] "POST /administrator/index.php HTTP/1.0" 303 - "-" "Mozilla/4.0 (compatible; MSIE 7.0; Windows NT 6.0)"
40.77.167.156 - - [31/Dec/2025:20:25:21 +0800] "GET /index.php/about-us/company-profile/?a=4404715 HTTP/1.1" 200 197410 "-" "Mozilla/5.0 AppleWebKit/537.36 (KHTML, like Gecko; compatible; bingbot/2.0; +http://www.bing.com/bingbot.htm) Chrome/116.0.1938.76 Safari/537.36"
77.83.36.161 - - [31/Dec/2025:20:25:23 +0800] "GET /administrator/index.php HTTP/1.0" 200 14632 "-" "Mozilla/4.0 (compatible; MSIE 7.0; Windows NT 6.0)"
192.178.8.72 - - [31/Dec/2025:20:25:28 +0800] "GET /.well-known/traffic-advice HTTP/1.1" 404 3331 "-" "Chrome Privacy Preserving Prefetch Proxy"
162.120.184.39 - - [31/Dec/2025:20:25:28 +0800] "GET /index.php/products-services/consumer/consumer-products/item/colour-mosaic-cleaner HTTP/1.1" 200 28314 "https://www.google.com/" "Mozilla/5.0 (Linux; Android 10; K) AppleWebKit/537.36 (KHTML, like Gecko) Chrome/143.0.0.0 Mobile Safari/537.36"
216.73.216.14 - - [31/Dec/2025:20:25:40 +0800] "GET /?a=2200549 HTTP/1.1" 200 43887 "-" "Mozilla/5.0 AppleWebKit/537.36 (KHTML, like Gecko; compatible; ClaudeBot/1.0; +claudebot@anthropic.com)"
66.249.71.70 - - [31/Dec/2025:20:25:40 +0800] "GET /?a=3149567 HTTP/1.1" 200 176758 "-" "Mozilla/5.0 (Linux; Android 6.0.1; Nexus 5X Build/MMB29P) AppleWebKit/537.36 (KHTML, like Gecko) Chrome/141.0.7390.122 Mobile Safari/537.36 (compatible; Googlebot/2.1; +http://www.google.com/bot.html)"
134.122.21.42 - - [31/Dec/2025:20:25:42 +0800] "GET /index.php/products/food-sanitation/goodmaid-pro-ware-washing/item/gmp-353-destainer HTTP/1.1" 404 3331 "-" "Mozilla/5.0 (Windows NT 10.0; Win64; x64) AppleWebKit/537.36 (KHTML, like Gecko) Chrome/129.0.0.0 Safari/537.36"
157.55.39.8 - - [31/Dec/2025:20:25:42 +0800] "GET /index.php/about-us/company-profile/?a=5452678 HTTP/1.1" 200 186687 "-" "Mozilla/5.0 AppleWebKit/537.36 (KHTML, like Gecko; compatible; bingbot/2.0; +http://www.bing.com/bingbot.htm) Chrome/116.0.1938.76 Safari/537.36"
181.24.137.90 - - [31/Dec/2025:20:25:46 +0800] "GET /index.php/products/public-hygiene/laundry-care/alphaindex/other HTTP/1.1" 404 3331 "-" "Mozilla/5.0 (Windows NT 10.0; Win64; x64) AppleWebKit/537.36 (KHTML, like Gecko) Chrome/129.0.0.0 Safari/537.36"
37.212.54.209 - - [31/Dec/2025:20:25:47 +0800] "GET /index.php/shop-now HTTP/1.1" 404 3331 "-" "Mozilla/5.0 (Windows NT 10.0; Win64; x64) AppleWebKit/537.36 (KHTML, like Gecko) Chrome/129.0.0.0 Safari/537.36"
66.249.71.70 - - [31/Dec/2025:20:25:48 +0800] "GET /?a=1988945 HTTP/1.1" 200 174469 "-" "Mozilla/5.0 (Linux; Android 6.0.1; Nexus 5X Build/MMB29P) AppleWebKit/537.36 (KHTML, like Gecko) Chrome/141.0.7390.122 Mobile Safari/537.36 (compatible; GoogleOther)"
143.198.122.52 - - [31/Dec/2025:20:25:50 +0800] "GET /index.php/products/consumer/specialized-cleaners/item/washing-machine-cleaner HTTP/1.1" 404 3331 "-" "Mozilla/5.0 (Windows NT 10.0; Win64; x64) AppleWebKit/537.36 (KHTML, like Gecko) Chrome/129.0.0.0 Safari/537.36"
140.213.64.229 - - [31/Dec/2025:20:25:53 +0800] "GET /index.php/products/food-sanitation/tools-dispensers/item/gmd-500-f-a HTTP/1.1" 404 3331 "-" "Mozilla/5.0 (Windows NT 10.0; Win64; x64) AppleWebKit/537.36 (KHTML, like Gecko) Chrome/129.0.0.0 Safari/537.36"
66.249.72.224 - - [31/Dec/2025:20:25:52 +0800] "GET /index.php/files/17/SDS-HOUSEHOLD/116/SDS-Bio-Natural-Skin-Moisturizing-Dishwashing-Liquid-Lemon-and-Orange-Rev-0.pdf/?a=4474443 HTTP/1.1" 200 221408 "-" "Mozilla/5.0 (Linux; Android 6.0.1; Nexus 5X Build/MMB29P) AppleWebKit/537.36 (KHTML, like Gecko) Chrome/141.0.7390.122 Mobile Safari/537.36 (compatible; Googlebot/2.1; +http://www.google.com/bot.html)"
197.184.78.125 - - [31/Dec/2025:20:25:55 +0800] "GET /index.php/products/healthcare-hygiene/dispenser/item/is-9000?category_id=47 HTTP/1.1" 404 3331 "-" "Mozilla/5.0 (Windows NT 10.0; Win64; x64) AppleWebKit/537.36 (KHTML, like Gecko) Chrome/129.0.0.0 Safari/537.36"
137.184.79.59 - - [31/Dec/2025:20:25:55 +0800] "GET /index.php/products/consumer/floor-care/item/floor-cleaner HTTP/1.1" 404 3331 "-" "Mozilla/5.0 (Windows NT 10.0; Win64; x64) AppleWebKit/537.36 (KHTML, like Gecko) Chrome/129.0.0.0 Safari/537.36"
45.177.176.2 - - [31/Dec/2025:20:25:57 +0800] "GET /index.php/products/public-hygiene/floor-care/item/0203-tilecon-seal-2 HTTP/1.1" 404 3331 "-" "Mozilla/5.0 (Windows NT 10.0; Win64; x64) AppleWebKit/537.36 (KHTML, like Gecko) Chrome/129.0.0.0 Safari/537.36"
66.249.71.70 - - [31/Dec/2025:20:25:57 +0800] "GET /index.php//?a=4874214 HTTP/1.1" 200 181931 "-" "Mozilla/5.0 (Linux; Android 6.0.1; Nexus 5X Build/MMB29P) AppleWebKit/537.36 (KHTML, like Gecko) Chrome/141.0.7390.122 Mobile Safari/537.36 (compatible; Googlebot/2.1; +http://www.google.com/bot.html)"
147.182.167.45 - - [31/Dec/2025:20:25:59 +0800] "GET /index.php/products/consumer/goodmaid-baby-bio/item/baby-bio-laundry-detergent HTTP/1.1" 404 3331 "-" "Mozilla/5.0 (Windows NT 10.0; Win64; x64) AppleWebKit/537.36 (KHTML, like Gecko) Chrome/129.0.0.0 Safari/537.36"
