66.249.75.226 - - [31/Dec/2025:20:38:07 +0800] "GET /?a=4015321 HTTP/1.1" 200 179212 "-" "Mozilla/5.0 (Linux; Android 6.0.1; Nexus 5X Build/MMB29P) AppleWebKit/537.36 (KHTML, like Gecko) Chrome/141.0.7390.122 Mobile Safari/537.36 (compatible; Googlebot/2.1; +http://www.google.com/bot.html)"
77.83.36.161 - - [31/Dec/2025:20:38:09 +0800] "POST /administrator/index.php HTTP/1.0" 303 - "-" "Mozilla/4.0 (compatible; MSIE 7.0; Windows NT 6.0)"
77.83.36.161 - - [31/Dec/2025:20:38:10 +0800] "GET /administrator/index.php HTTP/1.0" 200 14632 "-" "Mozilla/4.0 (compatible; MSIE 7.0; Windows NT 6.0)"
77.83.36.161 - - [31/Dec/2025:20:38:11 +0800] "POST /administrator/index.php HTTP/1.0" 303 - "-" "Mozilla/4.0 (compatible; MSIE 7.0; Windows NT 6.0)"
77.83.36.161 - - [31/Dec/2025:20:38:11 +0800] "GET /administrator/index.php HTTP/1.0" 200 14632 "-" "Mozilla/4.0 (compatible; MSIE 7.0; Windows NT 6.0)"
77.83.36.161 - - [31/Dec/2025:20:38:12 +0800] "POST /administrator/index.php HTTP/1.0" 303 - "-" "Mozilla/4.0 (compatible; MSIE 7.0; Windows NT 6.0)"
77.83.36.161 - - [31/Dec/2025:20:38:13 +0800] "GET /administrator/index.php HTTP/1.0" 200 14632 "-" "Mozilla/4.0 (compatible; MSIE 7.0; Windows NT 6.0)"
77.83.36.161 - - [31/Dec/2025:20:38:14 +0800] "POST /administrator/index.php HTTP/1.0" 303 - "-" "Mozilla/4.0 (compatible; MSIE 7.0; Windows NT 6.0)"
77.83.36.161 - - [31/Dec/2025:20:38:15 +0800] "GET /administrator/index.php HTTP/1.0" 200 14632 "-" "Mozilla/4.0 (compatible; MSIE 7.0; Windows NT 6.0)"
77.83.36.161 - - [31/Dec/2025:20:38:16 +0800] "POST /administrator/index.php HTTP/1.0" 303 - "-" "Mozilla/4.0 (compatible; MSIE 7.0; Windows NT 6.0)"
77.83.36.161 - - [31/Dec/2025:20:38:17 +0800] "GET /administrator/index.php HTTP/1.0" 200 14632 "-" "Mozilla/4.0 (compatible; MSIE 7.0; Windows NT 6.0)"
66.249.71.70 - - [31/Dec/2025:20:38:28 +0800] "GET /?a=1758911 HTTP/1.1" 200 174301 "-" "Mozilla/5.0 (Linux; Android 6.0.1; Nexus 5X Build/MMB29P) AppleWebKit/537.36 (KHTML, like Gecko) Chrome/141.0.7390.122 Mobile Safari/537.36 (compatible; Googlebot/2.1; +http://www.google.com/bot.html)"
66.249.75.226 - - [31/Dec/2025:20:38:32 +0800] "GET /?a=4000482 HTTP/1.1" 200 172784 "-" "Mozilla/5.0 (Linux; Android 6.0.1; Nexus 5X Build/MMB29P) AppleWebKit/537.36 (KHTML, like Gecko) Chrome/141.0.7390.122 Mobile Safari/537.36 (compatible; Googlebot/2.1; +http://www.google.com/bot.html)"
66.249.75.226 - - [31/Dec/2025:20:38:35 +0800] "GET /?a=1817427 HTTP/1.1" 200 174176 "-" "Mozilla/5.0 (Linux; Android 6.0.1; Nexus 5X Build/MMB29P) AppleWebKit/537.36 (KHTML, like Gecko) Chrome/141.0.7390.122 Mobile Safari/537.36 (compatible; Googlebot/2.1; +http://www.google.com/bot.html)"
66.249.75.226 - - [31/Dec/2025:20:38:40 +0800] "GET /?a=4537850 HTTP/1.1" 200 170615 "-" "Mozilla/5.0 (Linux; Android 6.0.1; Nexus 5X Build/MMB29P) AppleWebKit/537.36 (KHTML, like Gecko) Chrome/141.0.7390.122 Mobile Safari/537.36 (compatible; GoogleOther)"
66.249.75.226 - - [31/Dec/2025:20:38:43 +0800] "GET /?a=4177744 HTTP/1.1" 200 172816 "-" "Mozilla/5.0 (Linux; Android 6.0.1; Nexus 5X Build/MMB29P) AppleWebKit/537.36 (KHTML, like Gecko) Chrome/141.0.7390.122 Mobile Safari/537.36 (compatible; Googlebot/2.1; +http://www.google.com/bot.html)"
216.73.216.14 - - [31/Dec/2025:20:38:49 +0800] "GET /?a=5152364 HTTP/1.1" 200 43887 "-" "Mozilla/5.0 AppleWebKit/537.36 (KHTML, like Gecko; compatible; ClaudeBot/1.0; +claudebot@anthropic.com)"
216.73.216.14 - - [31/Dec/2025:20:38:50 +0800] "GET /?a=4023610 HTTP/1.1" 200 43887 "-" "Mozilla/5.0 AppleWebKit/537.36 (KHTML, like Gecko; compatible; ClaudeBot/1.0; +claudebot@anthropic.com)"
185.191.171.16 - - [31/Dec/2025:20:38:56 +0800] "GET /index.php?Itemid=485&item_id=217&option=com_zoo&task=item HTTP/1.1" 200 26366 "-" "Mozilla/5.0 (compatible; SemrushBot/7~bl; +http://www.semrush.com/bot.html)"
66.249.75.226 - - [31/Dec/2025:20:38:56 +0800] "GET /?a=3924147 HTTP/1.1" 200 170959 "-" "Mozilla/5.0 (Linux; Android 6.0.1; Nexus 5X Build/MMB29P) AppleWebKit/537.36 (KHTML, like Gecko) Chrome/141.0.7390.122 Mobile Safari/537.36 (compatible; Googlebot/2.1; +http://www.google.com/bot.html)"
185.191.171.17 - - [31/Dec/2025:20:39:10 +0800] "GET /index.php/products-services/public-hygiene/public-products/item/103-ultra-zap-2 HTTP/1.1" 200 28456 "-" "Mozilla/5.0 (compatible; SemrushBot/7~bl; +http://www.semrush.com/bot.html)"
66.249.71.71 - - [31/Dec/2025:20:39:11 +0800] "GET /?a=8260 HTTP/1.1" 200 174056 "-" "Mozilla/5.0 (Linux; Android 6.0.1; Nexus 5X Build/MMB29P) AppleWebKit/537.36 (KHTML, like Gecko) Chrome/141.0.7390.122 Mobile Safari/537.36 (compatible; Googlebot/2.1; +http://www.google.com/bot.html)"
103.57.225.169 - - [31/Dec/2025:20:39:21 +0800] "POST /xmlrpc.php HTTP/1.1" 404 3331 "-" "Mozilla/5.0 (X11; Ubuntu; Linux x86_64; arm64) AppleWebKit/537.36 (KHTML, like Gecko) Chrome/95.0.0.0 Safari/537.36"
207.46.13.102 - - [31/Dec/2025:20:39:24 +0800] "GET /index.php/about-us/company-profile/?a=2061654 HTTP/1.1" 200 196150 "-" "Mozilla/5.0 AppleWebKit/537.36 (KHTML, like Gecko; compatible; bingbot/2.0; +http://www.bing.com/bingbot.htm) Chrome/116.0.1938.76 Safari/537.36"
66.249.75.226 - - [31/Dec/2025:20:39:30 +0800] "GET /?a=1566648 HTTP/1.1" 200 170068 "-" "Mozilla/5.0 (Linux; Android 6.0.1; Nexus 5X Build/MMB29P) AppleWebKit/537.36 (KHTML, like Gecko) Chrome/141.0.7390.122 Mobile Safari/537.36 (compatible; Googlebot/2.1; +http://www.google.com/bot.html)"
162.120.184.39 - - [31/Dec/2025:20:39:37 +0800] "GET / HTTP/1.1" 200 43895 "https://www.google.com/" "Mozilla/5.0 (Windows NT 10.0; Win64; x64) AppleWebKit/537.36 (KHTML, like Gecko) Chrome/143.0.0.0 Safari/537.36"
66.249.75.226 - - [31/Dec/2025:20:39:43 +0800] "GET /?a=3281609 HTTP/1.1" 200 183689 "-" "Mozilla/5.0 (Linux; Android 6.0.1; Nexus 5X Build/MMB29P) AppleWebKit/537.36 (KHTML, like Gecko) Chrome/141.0.7390.122 Mobile Safari/537.36 (compatible; Googlebot/2.1; +http://www.google.com/bot.html)"
207.46.13.102 - - [31/Dec/2025:20:39:43 +0800] "GET /index.php/about-us/company-profile/?a=4864462 HTTP/1.1" 200 200824 "-" "Mozilla/5.0 AppleWebKit/537.36 (KHTML, like Gecko; compatible; bingbot/2.0; +http://www.bing.com/bingbot.htm) Chrome/116.0.1938.76 Safari/537.36"
66.249.75.226 - - [31/Dec/2025:20:39:46 +0800] "GET /?a=1342365 HTTP/1.1" 200 188943 "-" "Mozilla/5.0 (Linux; Android 6.0.1; Nexus 5X Build/MMB29P) AppleWebKit/537.36 (KHTML, like Gecko) Chrome/141.0.7390.122 Mobile Safari/537.36 (compatible; Googlebot/2.1; +http://www.google.com/bot.html)"
66.249.71.70 - - [31/Dec/2025:20:39:50 +0800] "GET /?a=4770933 HTTP/1.1" 200 186454 "-" "Mozilla/5.0 (Linux; Android 6.0.1; Nexus 5X Build/MMB29P) AppleWebKit/537.36 (KHTML, like Gecko) Chrome/141.0.7390.122 Mobile Safari/537.36 (compatible; Googlebot/2.1; +http://www.google.com/bot.html)"
85.208.96.212 - - [31/Dec/2025:20:40:05 +0800] "GET /index.php?Itemid=489&item_id=245&option=com_zoo&task=item HTTP/1.1" 200 26366 "-" "Mozilla/5.0 (compatible; SemrushBot/7~bl; +http://www.semrush.com/bot.html)"
66.249.71.64 - - [31/Dec/2025:20:40:07 +0800] "GET /?a=5483126 HTTP/1.1" 200 175927 "-" "Mozilla/5.0 (Linux; Android 6.0.1; Nexus 5X Build/MMB29P) AppleWebKit/537.36 (KHTML, like Gecko) Chrome/141.0.7390.122 Mobile Safari/537.36 (compatible; Googlebot/2.1; +http://www.google.com/bot.html)"
216.73.216.14 - - [31/Dec/2025:20:40:16 +0800] "GET /?a=2731669 HTTP/1.1" 200 43887 "-" "Mozilla/5.0 AppleWebKit/537.36 (KHTML, like Gecko; compatible; ClaudeBot/1.0; +claudebot@anthropic.com)"
66.249.71.70 - - [31/Dec/2025:20:40:33 +0800] "GET /?a=3814544 HTTP/1.1" 200 181759 "-" "Mozilla/5.0 (Linux; Android 6.0.1; Nexus 5X Build/MMB29P) AppleWebKit/537.36 (KHTML, like Gecko) Chrome/141.0.7390.122 Mobile Safari/537.36 (compatible; Googlebot/2.1; +http://www.google.com/bot.html)"
40.77.167.136 - - [31/Dec/2025:20:40:36 +0800] "GET /index.php/about-us/company-profile/?a=1876420 HTTP/1.1" 200 195855 "-" "Mozilla/5.0 AppleWebKit/537.36 (KHTML, like Gecko; compatible; bingbot/2.0; +http://www.bing.com/bingbot.htm) Chrome/116.0.1938.76 Safari/537.36"
216.73.216.14 - - [31/Dec/2025:20:40:39 +0800] "GET /?a=29679 HTTP/1.1" 200 43871 "-" "Mozilla/5.0 AppleWebKit/537.36 (KHTML, like Gecko; compatible; ClaudeBot/1.0; +claudebot@anthropic.com)"
216.73.216.14 - - [31/Dec/2025:20:40:40 +0800] "GET /?a=4101801 HTTP/1.1" 200 43871 "-" "Mozilla/5.0 AppleWebKit/537.36 (KHTML, like Gecko; compatible; ClaudeBot/1.0; +claudebot@anthropic.com)"
66.249.75.226 - - [31/Dec/2025:20:40:39 +0800] "GET /?a=1452262 HTTP/1.1" 200 176827 "-" "Mozilla/5.0 (Linux; Android 6.0.1; Nexus 5X Build/MMB29P) AppleWebKit/537.36 (KHTML, like Gecko) Chrome/141.0.7390.122 Mobile Safari/537.36 (compatible; Googlebot/2.1; +http://www.google.com/bot.html)"
216.73.216.14 - - [31/Dec/2025:20:40:40 +0800] "GET /?a=3540705 HTTP/1.1" 200 43871 "-" "Mozilla/5.0 AppleWebKit/537.36 (KHTML, like Gecko; compatible; ClaudeBot/1.0; +claudebot@anthropic.com)"
216.73.216.14 - - [31/Dec/2025:20:40:41 +0800] "GET /?a=19399 HTTP/1.1" 200 43871 "-" "Mozilla/5.0 AppleWebKit/537.36 (KHTML, like Gecko; compatible; ClaudeBot/1.0; +claudebot@anthropic.com)"
216.73.216.14 - - [31/Dec/2025:20:40:42 +0800] "GET /?a=243766 HTTP/1.1" 200 43871 "-" "Mozilla/5.0 AppleWebKit/537.36 (KHTML, like Gecko; compatible; ClaudeBot/1.0; +claudebot@anthropic.com)"
216.73.216.14 - - [31/Dec/2025:20:40:43 +0800] "GET /?a=3150751 HTTP/1.1" 200 43871 "-" "Mozilla/5.0 AppleWebKit/537.36 (KHTML, like Gecko; compatible; ClaudeBot/1.0; +claudebot@anthropic.com)"
216.73.216.14 - - [31/Dec/2025:20:40:43 +0800] "GET /?a=4130144 HTTP/1.1" 200 43871 "-" "Mozilla/5.0 AppleWebKit/537.36 (KHTML, like Gecko; compatible; ClaudeBot/1.0; +claudebot@anthropic.com)"
216.73.216.14 - - [31/Dec/2025:20:40:44 +0800] "GET /?a=507902 HTTP/1.1" 200 43871 "-" "Mozilla/5.0 AppleWebKit/537.36 (KHTML, like Gecko; compatible; ClaudeBot/1.0; +claudebot@anthropic.com)"
216.73.216.14 - - [31/Dec/2025:20:40:45 +0800] "GET /?a=1467366 HTTP/1.1" 200 43871 "-" "Mozilla/5.0 AppleWebKit/537.36 (KHTML, like Gecko; compatible; ClaudeBot/1.0; +claudebot@anthropic.com)"
216.73.216.14 - - [31/Dec/2025:20:40:46 +0800] "GET /?a=200854 HTTP/1.1" 200 43871 "-" "Mozilla/5.0 AppleWebKit/537.36 (KHTML, like Gecko; compatible; ClaudeBot/1.0; +claudebot@anthropic.com)"
66.249.71.70 - - [31/Dec/2025:20:40:45 +0800] "GET /?a=3874757 HTTP/1.1" 200 175762 "-" "Mozilla/5.0 (Linux; Android 6.0.1; Nexus 5X Build/MMB29P) AppleWebKit/537.36 (KHTML, like Gecko) Chrome/141.0.7390.122 Mobile Safari/537.36 (compatible; Googlebot/2.1; +http://www.google.com/bot.html)"
216.73.216.14 - - [31/Dec/2025:20:40:46 +0800] "GET /?a=2393548 HTTP/1.1" 200 43871 "-" "Mozilla/5.0 AppleWebKit/537.36 (KHTML, like Gecko; compatible; ClaudeBot/1.0; +claudebot@anthropic.com)"
216.73.216.14 - - [31/Dec/2025:20:40:47 +0800] "GET /?a=4663045 HTTP/1.1" 200 43871 "-" "Mozilla/5.0 AppleWebKit/537.36 (KHTML, like Gecko; compatible; ClaudeBot/1.0; +claudebot@anthropic.com)"
216.73.216.14 - - [31/Dec/2025:20:40:48 +0800] "GET /?a=4436675 HTTP/1.1" 200 43871 "-" "Mozilla/5.0 AppleWebKit/537.36 (KHTML, like Gecko; compatible; ClaudeBot/1.0; +claudebot@anthropic.com)"
216.73.216.14 - - [31/Dec/2025:20:40:49 +0800] "GET /?a=409558 HTTP/1.1" 200 43871 "-" "Mozilla/5.0 AppleWebKit/537.36 (KHTML, like Gecko; compatible; ClaudeBot/1.0; +claudebot@anthropic.com)"
216.73.216.14 - - [31/Dec/2025:20:40:49 +0800] "GET /?a=3493290 HTTP/1.1" 200 43871 "-" "Mozilla/5.0 AppleWebKit/537.36 (KHTML, like Gecko; compatible; ClaudeBot/1.0; +claudebot@anthropic.com)"
216.73.216.14 - - [31/Dec/2025:20:40:50 +0800] "GET /?a=295151 HTTP/1.1" 200 43871 "-" "Mozilla/5.0 AppleWebKit/537.36 (KHTML, like Gecko; compatible; ClaudeBot/1.0; +claudebot@anthropic.com)"
216.73.216.14 - - [31/Dec/2025:20:40:50 +0800] "GET /?a=2587664 HTTP/1.1" 200 43871 "-" "Mozilla/5.0 AppleWebKit/537.36 (KHTML, like Gecko; compatible; ClaudeBot/1.0; +claudebot@anthropic.com)"
216.73.216.14 - - [31/Dec/2025:20:40:50 +0800] "GET /?a=3376005 HTTP/1.1" 200 43871 "-" "Mozilla/5.0 AppleWebKit/537.36 (KHTML, like Gecko; compatible; ClaudeBot/1.0; +claudebot@anthropic.com)"
216.73.216.14 - - [31/Dec/2025:20:40:51 +0800] "GET /?a=217532 HTTP/1.1" 200 43871 "-" "Mozilla/5.0 AppleWebKit/537.36 (KHTML, like Gecko; compatible; ClaudeBot/1.0; +claudebot@anthropic.com)"
216.73.216.14 - - [31/Dec/2025:20:40:51 +0800] "GET /?a=699358 HTTP/1.1" 200 43871 "-" "Mozilla/5.0 AppleWebKit/537.36 (KHTML, like Gecko; compatible; ClaudeBot/1.0; +claudebot@anthropic.com)"
216.73.216.14 - - [31/Dec/2025:20:40:52 +0800] "GET /?a=218810 HTTP/1.1" 200 43871 "-" "Mozilla/5.0 AppleWebKit/537.36 (KHTML, like Gecko; compatible; ClaudeBot/1.0; +claudebot@anthropic.com)"
216.73.216.14 - - [31/Dec/2025:20:40:52 +0800] "GET /?a=3481983 HTTP/1.1" 200 43871 "-" "Mozilla/5.0 AppleWebKit/537.36 (KHTML, like Gecko; compatible; ClaudeBot/1.0; +claudebot@anthropic.com)"
216.73.216.14 - - [31/Dec/2025:20:40:53 +0800] "GET /?a=5019166 HTTP/1.1" 200 43871 "-" "Mozilla/5.0 AppleWebKit/537.36 (KHTML, like Gecko; compatible; ClaudeBot/1.0; +claudebot@anthropic.com)"
216.73.216.14 - - [31/Dec/2025:20:40:53 +0800] "GET /?a=2391685 HTTP/1.1" 200 43871 "-" "Mozilla/5.0 AppleWebKit/537.36 (KHTML, like Gecko; compatible; ClaudeBot/1.0; +claudebot@anthropic.com)"
216.73.216.14 - - [31/Dec/2025:20:40:54 +0800] "GET /?a=345583 HTTP/1.1" 200 43871 "-" "Mozilla/5.0 AppleWebKit/537.36 (KHTML, like Gecko; compatible; ClaudeBot/1.0; +claudebot@anthropic.com)"
216.73.216.14 - - [31/Dec/2025:20:40:54 +0800] "GET /?a=1436088 HTTP/1.1" 200 43871 "-" "Mozilla/5.0 AppleWebKit/537.36 (KHTML, like Gecko; compatible; ClaudeBot/1.0; +claudebot@anthropic.com)"
74.91.29.90 - - [31/Dec/2025:20:40:54 +0800] "GET /sxallsitemap.xml HTTP/1.1" 200 11 "-" "Mozilla/5.0 (Windows NT 10.0; Win64; x64) AppleWebKit/537.36 (KHTML, like Gecko) Chrome/142.0.0.0 Safari/537.36"
40.77.167.18 - - [31/Dec/2025:20:40:54 +0800] "GET /index.php/about-us/company-profile/?a=4171588 HTTP/1.1" 200 185590 "-" "Mozilla/5.0 AppleWebKit/537.36 (KHTML, like Gecko; compatible; bingbot/2.0; +http://www.bing.com/bingbot.htm) Chrome/116.0.1938.76 Safari/537.36"
216.73.216.14 - - [31/Dec/2025:20:40:55 +0800] "GET /?a=237407 HTTP/1.1" 200 43871 "-" "Mozilla/5.0 AppleWebKit/537.36 (KHTML, like Gecko; compatible; ClaudeBot/1.0; +claudebot@anthropic.com)"
216.73.216.14 - - [31/Dec/2025:20:40:55 +0800] "GET /?a=699181 HTTP/1.1" 200 43871 "-" "Mozilla/5.0 AppleWebKit/537.36 (KHTML, like Gecko; compatible; ClaudeBot/1.0; +claudebot@anthropic.com)"
216.73.216.14 - - [31/Dec/2025:20:40:56 +0800] "GET /?a=248372 HTTP/1.1" 200 43871 "-" "Mozilla/5.0 AppleWebKit/537.36 (KHTML, like Gecko; compatible; ClaudeBot/1.0; +claudebot@anthropic.com)"
216.73.216.14 - - [31/Dec/2025:20:40:56 +0800] "GET /?a=256233 HTTP/1.1" 200 43871 "-" "Mozilla/5.0 AppleWebKit/537.36 (KHTML, like Gecko; compatible; ClaudeBot/1.0; +claudebot@anthropic.com)"
216.73.216.14 - - [31/Dec/2025:20:40:56 +0800] "GET /?a=2812475 HTTP/1.1" 200 43871 "-" "Mozilla/5.0 AppleWebKit/537.36 (KHTML, like Gecko; compatible; ClaudeBot/1.0; +claudebot@anthropic.com)"
216.73.216.14 - - [31/Dec/2025:20:40:56 +0800] "GET /?a=436142 HTTP/1.1" 200 43871 "-" "Mozilla/5.0 AppleWebKit/537.36 (KHTML, like Gecko; compatible; ClaudeBot/1.0; +claudebot@anthropic.com)"
216.73.216.14 - - [31/Dec/2025:20:40:57 +0800] "GET /?a=799146 HTTP/1.1" 200 43871 "-" "Mozilla/5.0 AppleWebKit/537.36 (KHTML, like Gecko; compatible; ClaudeBot/1.0; +claudebot@anthropic.com)"
216.73.216.14 - - [31/Dec/2025:20:40:57 +0800] "GET /?a=3658899 HTTP/1.1" 200 43871 "-" "Mozilla/5.0 AppleWebKit/537.36 (KHTML, like Gecko; compatible; ClaudeBot/1.0; +claudebot@anthropic.com)"
216.73.216.14 - - [31/Dec/2025:20:40:57 +0800] "GET /?a=3237482 HTTP/1.1" 200 43871 "-" "Mozilla/5.0 AppleWebKit/537.36 (KHTML, like Gecko; compatible; ClaudeBot/1.0; +claudebot@anthropic.com)"
216.73.216.14 - - [31/Dec/2025:20:40:58 +0800] "GET /?a=56050 HTTP/1.1" 200 43871 "-" "Mozilla/5.0 AppleWebKit/537.36 (KHTML, like Gecko; compatible; ClaudeBot/1.0; +claudebot@anthropic.com)"
216.73.216.14 - - [31/Dec/2025:20:40:58 +0800] "GET /?a=2561409 HTTP/1.1" 200 43871 "-" "Mozilla/5.0 AppleWebKit/537.36 (KHTML, like Gecko; compatible; ClaudeBot/1.0; +claudebot@anthropic.com)"
216.73.216.14 - - [31/Dec/2025:20:40:58 +0800] "GET /?a=2583428 HTTP/1.1" 200 43871 "-" "Mozilla/5.0 AppleWebKit/537.36 (KHTML, like Gecko; compatible; ClaudeBot/1.0; +claudebot@anthropic.com)"
216.73.216.14 - - [31/Dec/2025:20:40:59 +0800] "GET /?a=14396 HTTP/1.1" 200 43871 "-" "Mozilla/5.0 AppleWebKit/537.36 (KHTML, like Gecko; compatible; ClaudeBot/1.0; +claudebot@anthropic.com)"
216.73.216.14 - - [31/Dec/2025:20:40:59 +0800] "GET /?a=2201015 HTTP/1.1" 200 43871 "-" "Mozilla/5.0 AppleWebKit/537.36 (KHTML, like Gecko; compatible; ClaudeBot/1.0; +claudebot@anthropic.com)"
216.73.216.14 - - [31/Dec/2025:20:40:59 +0800] "GET /?a=5115044 HTTP/1.1" 200 43871 "-" "Mozilla/5.0 AppleWebKit/537.36 (KHTML, like Gecko; compatible; ClaudeBot/1.0; +claudebot@anthropic.com)"
216.73.216.14 - - [31/Dec/2025:20:40:59 +0800] "GET /?a=5328366 HTTP/1.1" 200 43871 "-" "Mozilla/5.0 AppleWebKit/537.36 (KHTML, like Gecko; compatible; ClaudeBot/1.0; +claudebot@anthropic.com)"
216.73.216.14 - - [31/Dec/2025:20:41:00 +0800] "GET /?a=44174 HTTP/1.1" 200 43871 "-" "Mozilla/5.0 AppleWebKit/537.36 (KHTML, like Gecko; compatible; ClaudeBot/1.0; +claudebot@anthropic.com)"
216.73.216.14 - - [31/Dec/2025:20:41:00 +0800] "GET /?a=314552 HTTP/1.1" 200 43871 "-" "Mozilla/5.0 AppleWebKit/537.36 (KHTML, like Gecko; compatible; ClaudeBot/1.0; +claudebot@anthropic.com)"
216.73.216.14 - - [31/Dec/2025:20:41:00 +0800] "GET /?a=45948 HTTP/1.1" 200 43871 "-" "Mozilla/5.0 AppleWebKit/537.36 (KHTML, like Gecko; compatible; ClaudeBot/1.0; +claudebot@anthropic.com)"
216.73.216.14 - - [31/Dec/2025:20:41:00 +0800] "GET /?a=729656 HTTP/1.1" 200 43871 "-" "Mozilla/5.0 AppleWebKit/537.36 (KHTML, like Gecko; compatible; ClaudeBot/1.0; +claudebot@anthropic.com)"
216.73.216.14 - - [31/Dec/2025:20:41:01 +0800] "GET /?a=465019 HTTP/1.1" 200 43871 "-" "Mozilla/5.0 AppleWebKit/537.36 (KHTML, like Gecko; compatible; ClaudeBot/1.0; +claudebot@anthropic.com)"
216.73.216.14 - - [31/Dec/2025:20:41:01 +0800] "GET /?a=5367136 HTTP/1.1" 200 43871 "-" "Mozilla/5.0 AppleWebKit/537.36 (KHTML, like Gecko; compatible; ClaudeBot/1.0; +claudebot@anthropic.com)"
216.73.216.14 - - [31/Dec/2025:20:41:01 +0800] "GET /?a=718693 HTTP/1.1" 200 43871 "-" "Mozilla/5.0 AppleWebKit/537.36 (KHTML, like Gecko; compatible; ClaudeBot/1.0; +claudebot@anthropic.com)"
216.73.216.14 - - [31/Dec/2025:20:41:02 +0800] "GET /?a=5268899 HTTP/1.1" 200 43871 "-" "Mozilla/5.0 AppleWebKit/537.36 (KHTML, like Gecko; compatible; ClaudeBot/1.0; +claudebot@anthropic.com)"
216.73.216.14 - - [31/Dec/2025:20:41:02 +0800] "GET /?a=4591102 HTTP/1.1" 200 43871 "-" "Mozilla/5.0 AppleWebKit/537.36 (KHTML, like Gecko; compatible; ClaudeBot/1.0; +claudebot@anthropic.com)"
216.73.216.14 - - [31/Dec/2025:20:41:02 +0800] "GET /?a=100766 HTTP/1.1" 200 43871 "-" "Mozilla/5.0 AppleWebKit/537.36 (KHTML, like Gecko; compatible; ClaudeBot/1.0; +claudebot@anthropic.com)"
216.73.216.14 - - [31/Dec/2025:20:41:02 +0800] "GET /?a=190239 HTTP/1.1" 200 43871 "-" "Mozilla/5.0 AppleWebKit/537.36 (KHTML, like Gecko; compatible; ClaudeBot/1.0; +claudebot@anthropic.com)"
216.73.216.14 - - [31/Dec/2025:20:41:02 +0800] "GET /?a=1908439 HTTP/1.1" 200 43871 "-" "Mozilla/5.0 AppleWebKit/537.36 (KHTML, like Gecko; compatible; ClaudeBot/1.0; +claudebot@anthropic.com)"
198.199.68.20 - - [31/Dec/2025:20:41:03 +0800] "GET /index.php HTTP/1.1" 200 43896 "-" "Zabbix"
66.249.75.226 - - [31/Dec/2025:20:41:02 +0800] "GET /?a=1841322 HTTP/1.1" 200 178849 "-" "Mozilla/5.0 (Linux; Android 6.0.1; Nexus 5X Build/MMB29P) AppleWebKit/537.36 (KHTML, like Gecko) Chrome/141.0.7390.122 Mobile Safari/537.36 (compatible; Googlebot/2.1; +http://www.google.com/bot.html)"
216.73.216.14 - - [31/Dec/2025:20:41:03 +0800] "GET /?a=1931069 HTTP/1.1" 200 43871 "-" "Mozilla/5.0 AppleWebKit/537.36 (KHTML, like Gecko; compatible; ClaudeBot/1.0; +claudebot@anthropic.com)"
40.77.167.18 - - [31/Dec/2025:20:41:04 +0800] "GET /index.php/about-us/company-profile/?a=4273103 HTTP/1.1" 200 192812 "-" "Mozilla/5.0 AppleWebKit/537.36 (KHTML, like Gecko; compatible; bingbot/2.0; +http://www.bing.com/bingbot.htm) Chrome/116.0.1938.76 Safari/537.36"
40.77.167.254 - - [31/Dec/2025:20:41:08 +0800] "GET /index.php/about-us/company-profile/?a=2731594 HTTP/1.1" 200 187497 "-" "Mozilla/5.0 AppleWebKit/537.36 (KHTML, like Gecko; compatible; bingbot/2.0; +http://www.bing.com/bingbot.htm) Chrome/116.0.1938.76 Safari/537.36"
66.249.75.226 - - [31/Dec/2025:20:41:18 +0800] "GET /?a=2036453 HTTP/1.1" 200 176564 "-" "Mozilla/5.0 (Linux; Android 6.0.1; Nexus 5X Build/MMB29P) AppleWebKit/537.36 (KHTML, like Gecko) Chrome/141.0.7390.122 Mobile Safari/537.36 (compatible; Googlebot/2.1; +http://www.google.com/bot.html)"
216.73.216.14 - - [31/Dec/2025:20:41:19 +0800] "GET /?a=388955 HTTP/1.1" 200 43871 "-" "Mozilla/5.0 AppleWebKit/537.36 (KHTML, like Gecko; compatible; ClaudeBot/1.0; +claudebot@anthropic.com)"
216.73.216.14 - - [31/Dec/2025:20:41:19 +0800] "GET /?a=1642076 HTTP/1.1" 200 43871 "-" "Mozilla/5.0 AppleWebKit/537.36 (KHTML, like Gecko; compatible; ClaudeBot/1.0; +claudebot@anthropic.com)"
216.73.216.14 - - [31/Dec/2025:20:41:20 +0800] "GET /?a=91334 HTTP/1.1" 200 43871 "-" "Mozilla/5.0 AppleWebKit/537.36 (KHTML, like Gecko; compatible; ClaudeBot/1.0; +claudebot@anthropic.com)"
216.73.216.14 - - [31/Dec/2025:20:41:20 +0800] "GET /?a=1133247 HTTP/1.1" 200 43871 "-" "Mozilla/5.0 AppleWebKit/537.36 (KHTML, like Gecko; compatible; ClaudeBot/1.0; +claudebot@anthropic.com)"
216.73.216.14 - - [31/Dec/2025:20:41:20 +0800] "GET /?a=567353 HTTP/1.1" 200 43871 "-" "Mozilla/5.0 AppleWebKit/537.36 (KHTML, like Gecko; compatible; ClaudeBot/1.0; +claudebot@anthropic.com)"
216.73.216.14 - - [31/Dec/2025:20:41:20 +0800] "GET /?a=1371971 HTTP/1.1" 200 43871 "-" "Mozilla/5.0 AppleWebKit/537.36 (KHTML, like Gecko; compatible; ClaudeBot/1.0; +claudebot@anthropic.com)"
216.73.216.14 - - [31/Dec/2025:20:41:20 +0800] "GET /?a=203533 HTTP/1.1" 200 43871 "-" "Mozilla/5.0 AppleWebKit/537.36 (KHTML, like Gecko; compatible; ClaudeBot/1.0; +claudebot@anthropic.com)"
216.73.216.14 - - [31/Dec/2025:20:41:20 +0800] "GET /?a=4799628 HTTP/1.1" 200 43871 "-" "Mozilla/5.0 AppleWebKit/537.36 (KHTML, like Gecko; compatible; ClaudeBot/1.0; +claudebot@anthropic.com)"
216.73.216.14 - - [31/Dec/2025:20:41:21 +0800] "GET /?a=3395685 HTTP/1.1" 200 43871 "-" "Mozilla/5.0 AppleWebKit/537.36 (KHTML, like Gecko; compatible; ClaudeBot/1.0; +claudebot@anthropic.com)"
216.73.216.14 - - [31/Dec/2025:20:41:21 +0800] "GET /?a=2947572 HTTP/1.1" 200 43871 "-" "Mozilla/5.0 AppleWebKit/537.36 (KHTML, like Gecko; compatible; ClaudeBot/1.0; +claudebot@anthropic.com)"
216.73.216.14 - - [31/Dec/2025:20:41:21 +0800] "GET /?a=5249772 HTTP/1.1" 200 43871 "-" "Mozilla/5.0 AppleWebKit/537.36 (KHTML, like Gecko; compatible; ClaudeBot/1.0; +claudebot@anthropic.com)"
216.73.216.14 - - [31/Dec/2025:20:41:21 +0800] "GET /?a=4823799 HTTP/1.1" 200 43871 "-" "Mozilla/5.0 AppleWebKit/537.36 (KHTML, like Gecko; compatible; ClaudeBot/1.0; +claudebot@anthropic.com)"
216.73.216.14 - - [31/Dec/2025:20:41:21 +0800] "GET /?a=567728 HTTP/1.1" 200 43871 "-" "Mozilla/5.0 AppleWebKit/537.36 (KHTML, like Gecko; compatible; ClaudeBot/1.0; +claudebot@anthropic.com)"
216.73.216.14 - - [31/Dec/2025:20:41:22 +0800] "GET /?a=3511201 HTTP/1.1" 200 43871 "-" "Mozilla/5.0 AppleWebKit/537.36 (KHTML, like Gecko; compatible; ClaudeBot/1.0; +claudebot@anthropic.com)"
216.73.216.14 - - [31/Dec/2025:20:41:22 +0800] "GET /?a=3364650 HTTP/1.1" 200 43871 "-" "Mozilla/5.0 AppleWebKit/537.36 (KHTML, like Gecko; compatible; ClaudeBot/1.0; +claudebot@anthropic.com)"
216.73.216.14 - - [31/Dec/2025:20:41:22 +0800] "GET /?a=3374893 HTTP/1.1" 200 43871 "-" "Mozilla/5.0 AppleWebKit/537.36 (KHTML, like Gecko; compatible; ClaudeBot/1.0; +claudebot@anthropic.com)"
216.73.216.14 - - [31/Dec/2025:20:41:22 +0800] "GET /?a=860307 HTTP/1.1" 200 43871 "-" "Mozilla/5.0 AppleWebKit/537.36 (KHTML, like Gecko; compatible; ClaudeBot/1.0; +claudebot@anthropic.com)"
216.73.216.14 - - [31/Dec/2025:20:41:22 +0800] "GET /?a=1503531 HTTP/1.1" 200 43871 "-" "Mozilla/5.0 AppleWebKit/537.36 (KHTML, like Gecko; compatible; ClaudeBot/1.0; +claudebot@anthropic.com)"
216.73.216.14 - - [31/Dec/2025:20:41:22 +0800] "GET /?a=4400328 HTTP/1.1" 200 43871 "-" "Mozilla/5.0 AppleWebKit/537.36 (KHTML, like Gecko; compatible; ClaudeBot/1.0; +claudebot@anthropic.com)"
216.73.216.14 - - [31/Dec/2025:20:41:23 +0800] "GET /?a=3156705 HTTP/1.1" 200 43871 "-" "Mozilla/5.0 AppleWebKit/537.36 (KHTML, like Gecko; compatible; ClaudeBot/1.0; +claudebot@anthropic.com)"
216.73.216.14 - - [31/Dec/2025:20:41:23 +0800] "GET /?a=2250796 HTTP/1.1" 200 43871 "-" "Mozilla/5.0 AppleWebKit/537.36 (KHTML, like Gecko; compatible; ClaudeBot/1.0; +claudebot@anthropic.com)"
216.73.216.14 - - [31/Dec/2025:20:41:23 +0800] "GET /?a=2845908 HTTP/1.1" 200 43871 "-" "Mozilla/5.0 AppleWebKit/537.36 (KHTML, like Gecko; compatible; ClaudeBot/1.0; +claudebot@anthropic.com)"
216.73.216.14 - - [31/Dec/2025:20:41:23 +0800] "GET /?a=2677375 HTTP/1.1" 200 43871 "-" "Mozilla/5.0 AppleWebKit/537.36 (KHTML, like Gecko; compatible; ClaudeBot/1.0; +claudebot@anthropic.com)"
216.73.216.14 - - [31/Dec/2025:20:41:23 +0800] "GET /?a=1663654 HTTP/1.1" 200 43871 "-" "Mozilla/5.0 AppleWebKit/537.36 (KHTML, like Gecko; compatible; ClaudeBot/1.0; +claudebot@anthropic.com)"
216.73.216.14 - - [31/Dec/2025:20:41:23 +0800] "GET /?a=4776960 HTTP/1.1" 200 43871 "-" "Mozilla/5.0 AppleWebKit/537.36 (KHTML, like Gecko; compatible; ClaudeBot/1.0; +claudebot@anthropic.com)"
216.73.216.14 - - [31/Dec/2025:20:41:24 +0800] "GET /?a=4604101 HTTP/1.1" 200 43871 "-" "Mozilla/5.0 AppleWebKit/537.36 (KHTML, like Gecko; compatible; ClaudeBot/1.0; +claudebot@anthropic.com)"
216.73.216.14 - - [31/Dec/2025:20:41:24 +0800] "GET /?a=4480195 HTTP/1.1" 200 43871 "-" "Mozilla/5.0 AppleWebKit/537.36 (KHTML, like Gecko; compatible; ClaudeBot/1.0; +claudebot@anthropic.com)"
216.73.216.14 - - [31/Dec/2025:20:41:24 +0800] "GET /?a=742086 HTTP/1.1" 200 43871 "-" "Mozilla/5.0 AppleWebKit/537.36 (KHTML, like Gecko; compatible; ClaudeBot/1.0; +claudebot@anthropic.com)"
216.73.216.14 - - [31/Dec/2025:20:41:24 +0800] "GET /?a=3577503 HTTP/1.1" 200 43871 "-" "Mozilla/5.0 AppleWebKit/537.36 (KHTML, like Gecko; compatible; ClaudeBot/1.0; +claudebot@anthropic.com)"
216.73.216.14 - - [31/Dec/2025:20:41:24 +0800] "GET /?a=240199 HTTP/1.1" 200 43871 "-" "Mozilla/5.0 AppleWebKit/537.36 (KHTML, like Gecko; compatible; ClaudeBot/1.0; +claudebot@anthropic.com)"
66.249.71.71 - - [31/Dec/2025:20:41:24 +0800] "GET /?a=4022042 HTTP/1.1" 200 175981 "-" "Mozilla/5.0 (Linux; Android 6.0.1; Nexus 5X Build/MMB29P) AppleWebKit/537.36 (KHTML, like Gecko) Chrome/141.0.7390.122 Mobile Safari/537.36 (compatible; Googlebot/2.1; +http://www.google.com/bot.html)"
216.73.216.14 - - [31/Dec/2025:20:41:24 +0800] "GET /?a=4444071 HTTP/1.1" 200 43871 "-" "Mozilla/5.0 AppleWebKit/537.36 (KHTML, like Gecko; compatible; ClaudeBot/1.0; +claudebot@anthropic.com)"
216.73.216.14 - - [31/Dec/2025:20:41:24 +0800] "GET /?a=2298649 HTTP/1.1" 200 43871 "-" "Mozilla/5.0 AppleWebKit/537.36 (KHTML, like Gecko; compatible; ClaudeBot/1.0; +claudebot@anthropic.com)"
216.73.216.14 - - [31/Dec/2025:20:41:24 +0800] "GET /?a=862597 HTTP/1.1" 200 43871 "-" "Mozilla/5.0 AppleWebKit/537.36 (KHTML, like Gecko; compatible; ClaudeBot/1.0; +claudebot@anthropic.com)"
216.73.216.14 - - [31/Dec/2025:20:41:25 +0800] "GET /?a=760015 HTTP/1.1" 200 43871 "-" "Mozilla/5.0 AppleWebKit/537.36 (KHTML, like Gecko; compatible; ClaudeBot/1.0; +claudebot@anthropic.com)"
216.73.216.14 - - [31/Dec/2025:20:41:25 +0800] "GET /?a=506332 HTTP/1.1" 200 43871 "-" "Mozilla/5.0 AppleWebKit/537.36 (KHTML, like Gecko; compatible; ClaudeBot/1.0; +claudebot@anthropic.com)"
216.73.216.14 - - [31/Dec/2025:20:41:25 +0800] "GET /?a=869959 HTTP/1.1" 200 43871 "-" "Mozilla/5.0 AppleWebKit/537.36 (KHTML, like Gecko; compatible; ClaudeBot/1.0; +claudebot@anthropic.com)"
216.73.216.14 - - [31/Dec/2025:20:41:25 +0800] "GET /?a=652072 HTTP/1.1" 200 43871 "-" "Mozilla/5.0 AppleWebKit/537.36 (KHTML, like Gecko; compatible; ClaudeBot/1.0; +claudebot@anthropic.com)"
216.73.216.14 - - [31/Dec/2025:20:41:25 +0800] "GET /?a=2227951 HTTP/1.1" 200 43871 "-" "Mozilla/5.0 AppleWebKit/537.36 (KHTML, like Gecko; compatible; ClaudeBot/1.0; +claudebot@anthropic.com)"
216.73.216.14 - - [31/Dec/2025:20:41:25 +0800] "GET /?a=597969 HTTP/1.1" 200 43871 "-" "Mozilla/5.0 AppleWebKit/537.36 (KHTML, like Gecko; compatible; ClaudeBot/1.0; +claudebot@anthropic.com)"
216.73.216.14 - - [31/Dec/2025:20:41:25 +0800] "GET /?a=1102828 HTTP/1.1" 200 43871 "-" "Mozilla/5.0 AppleWebKit/537.36 (KHTML, like Gecko; compatible; ClaudeBot/1.0; +claudebot@anthropic.com)"
216.73.216.14 - - [31/Dec/2025:20:41:26 +0800] "GET /?a=822489 HTTP/1.1" 200 43871 "-" "Mozilla/5.0 AppleWebKit/537.36 (KHTML, like Gecko; compatible; ClaudeBot/1.0; +claudebot@anthropic.com)"
216.73.216.14 - - [31/Dec/2025:20:41:26 +0800] "GET /?a=368939 HTTP/1.1" 200 43871 "-" "Mozilla/5.0 AppleWebKit/537.36 (KHTML, like Gecko; compatible; ClaudeBot/1.0; +claudebot@anthropic.com)"
216.73.216.14 - - [31/Dec/2025:20:41:26 +0800] "GET /?a=4159657 HTTP/1.1" 200 43871 "-" "Mozilla/5.0 AppleWebKit/537.36 (KHTML, like Gecko; compatible; ClaudeBot/1.0; +claudebot@anthropic.com)"
216.73.216.14 - - [31/Dec/2025:20:41:26 +0800] "GET /?a=632352 HTTP/1.1" 200 43871 "-" "Mozilla/5.0 AppleWebKit/537.36 (KHTML, like Gecko; compatible; ClaudeBot/1.0; +claudebot@anthropic.com)"
216.73.216.14 - - [31/Dec/2025:20:41:26 +0800] "GET /?a=906483 HTTP/1.1" 200 43871 "-" "Mozilla/5.0 AppleWebKit/537.36 (KHTML, like Gecko; compatible; ClaudeBot/1.0; +claudebot@anthropic.com)"
216.73.216.14 - - [31/Dec/2025:20:41:26 +0800] "GET /?a=3136085 HTTP/1.1" 200 43871 "-" "Mozilla/5.0 AppleWebKit/537.36 (KHTML, like Gecko; compatible; ClaudeBot/1.0; +claudebot@anthropic.com)"
216.73.216.14 - - [31/Dec/2025:20:41:26 +0800] "GET /?a=4632604 HTTP/1.1" 200 43871 "-" "Mozilla/5.0 AppleWebKit/537.36 (KHTML, like Gecko; compatible; ClaudeBot/1.0; +claudebot@anthropic.com)"
216.73.216.14 - - [31/Dec/2025:20:41:26 +0800] "GET /?a=5447244 HTTP/1.1" 200 43871 "-" "Mozilla/5.0 AppleWebKit/537.36 (KHTML, like Gecko; compatible; ClaudeBot/1.0; +claudebot@anthropic.com)"
216.73.216.14 - - [31/Dec/2025:20:41:26 +0800] "GET /?a=4440581 HTTP/1.1" 200 43871 "-" "Mozilla/5.0 AppleWebKit/537.36 (KHTML, like Gecko; compatible; ClaudeBot/1.0; +claudebot@anthropic.com)"
216.73.216.14 - - [31/Dec/2025:20:41:27 +0800] "GET /?a=801692 HTTP/1.1" 200 43871 "-" "Mozilla/5.0 AppleWebKit/537.36 (KHTML, like Gecko; compatible; ClaudeBot/1.0; +claudebot@anthropic.com)"
216.73.216.14 - - [31/Dec/2025:20:41:27 +0800] "GET /?a=4740950 HTTP/1.1" 200 43871 "-" "Mozilla/5.0 AppleWebKit/537.36 (KHTML, like Gecko; compatible; ClaudeBot/1.0; +claudebot@anthropic.com)"
216.73.216.14 - - [31/Dec/2025:20:41:27 +0800] "GET /?a=1246897 HTTP/1.1" 200 43871 "-" "Mozilla/5.0 AppleWebKit/537.36 (KHTML, like Gecko; compatible; ClaudeBot/1.0; +claudebot@anthropic.com)"
216.73.216.14 - - [31/Dec/2025:20:41:27 +0800] "GET /?a=752985 HTTP/1.1" 200 43871 "-" "Mozilla/5.0 AppleWebKit/537.36 (KHTML, like Gecko; compatible; ClaudeBot/1.0; +claudebot@anthropic.com)"
216.73.216.14 - - [31/Dec/2025:20:41:27 +0800] "GET /?a=964522 HTTP/1.1" 200 43871 "-" "Mozilla/5.0 AppleWebKit/537.36 (KHTML, like Gecko; compatible; ClaudeBot/1.0; +claudebot@anthropic.com)"
216.73.216.14 - - [31/Dec/2025:20:41:27 +0800] "GET /?a=4029935 HTTP/1.1" 200 43871 "-" "Mozilla/5.0 AppleWebKit/537.36 (KHTML, like Gecko; compatible; ClaudeBot/1.0; +claudebot@anthropic.com)"
50.17.185.102 - - [31/Dec/2025:20:41:30 +0800] "GET / HTTP/1.1" 200 43871 "-" "FreshpingBot/1.0 (+https://freshping.io/)"
66.249.71.71 - - [31/Dec/2025:20:41:30 +0800] "GET /?a=4314272 HTTP/1.1" 200 174672 "-" "Mozilla/5.0 (Linux; Android 6.0.1; Nexus 5X Build/MMB29P) AppleWebKit/537.36 (KHTML, like Gecko) Chrome/141.0.7390.122 Mobile Safari/537.36 (compatible; Googlebot/2.1; +http://www.google.com/bot.html)"
66.249.75.226 - - [31/Dec/2025:20:41:36 +0800] "GET /?a=4633013 HTTP/1.1" 200 174972 "-" "Mozilla/5.0 (Linux; Android 6.0.1; Nexus 5X Build/MMB29P) AppleWebKit/537.36 (KHTML, like Gecko) Chrome/141.0.7390.122 Mobile Safari/537.36 (compatible; Googlebot/2.1; +http://www.google.com/bot.html)"
216.73.216.14 - - [31/Dec/2025:20:41:46 +0800] "GET /?a=3109570 HTTP/1.1" 200 43871 "-" "Mozilla/5.0 AppleWebKit/537.36 (KHTML, like Gecko; compatible; ClaudeBot/1.0; +claudebot@anthropic.com)"
216.73.216.14 - - [31/Dec/2025:20:41:46 +0800] "GET /?a=725508 HTTP/1.1" 200 43871 "-" "Mozilla/5.0 AppleWebKit/537.36 (KHTML, like Gecko; compatible; ClaudeBot/1.0; +claudebot@anthropic.com)"
216.73.216.14 - - [31/Dec/2025:20:41:46 +0800] "GET /?a=617394 HTTP/1.1" 200 43871 "-" "Mozilla/5.0 AppleWebKit/537.36 (KHTML, like Gecko; compatible; ClaudeBot/1.0; +claudebot@anthropic.com)"
216.73.216.14 - - [31/Dec/2025:20:41:46 +0800] "GET /?a=3139792 HTTP/1.1" 200 43871 "-" "Mozilla/5.0 AppleWebKit/537.36 (KHTML, like Gecko; compatible; ClaudeBot/1.0; +claudebot@anthropic.com)"
216.73.216.14 - - [31/Dec/2025:20:41:46 +0800] "GET /?a=434650 HTTP/1.1" 200 43871 "-" "Mozilla/5.0 AppleWebKit/537.36 (KHTML, like Gecko; compatible; ClaudeBot/1.0; +claudebot@anthropic.com)"
216.73.216.14 - - [31/Dec/2025:20:41:46 +0800] "GET /?a=3759142 HTTP/1.1" 200 43871 "-" "Mozilla/5.0 AppleWebKit/537.36 (KHTML, like Gecko; compatible; ClaudeBot/1.0; +claudebot@anthropic.com)"
216.73.216.14 - - [31/Dec/2025:20:41:47 +0800] "GET /?a=2269869 HTTP/1.1" 200 43871 "-" "Mozilla/5.0 AppleWebKit/537.36 (KHTML, like Gecko; compatible; ClaudeBot/1.0; +claudebot@anthropic.com)"
216.73.216.14 - - [31/Dec/2025:20:41:47 +0800] "GET /?a=3196161 HTTP/1.1" 200 43871 "-" "Mozilla/5.0 AppleWebKit/537.36 (KHTML, like Gecko; compatible; ClaudeBot/1.0; +claudebot@anthropic.com)"
216.73.216.14 - - [31/Dec/2025:20:41:47 +0800] "GET /?a=2561488 HTTP/1.1" 200 43871 "-" "Mozilla/5.0 AppleWebKit/537.36 (KHTML, like Gecko; compatible; ClaudeBot/1.0; +claudebot@anthropic.com)"
216.73.216.14 - - [31/Dec/2025:20:41:47 +0800] "GET /?a=4729323 HTTP/1.1" 200 43871 "-" "Mozilla/5.0 AppleWebKit/537.36 (KHTML, like Gecko; compatible; ClaudeBot/1.0; +claudebot@anthropic.com)"
216.73.216.14 - - [31/Dec/2025:20:41:47 +0800] "GET /?a=667900 HTTP/1.1" 200 43871 "-" "Mozilla/5.0 AppleWebKit/537.36 (KHTML, like Gecko; compatible; ClaudeBot/1.0; +claudebot@anthropic.com)"
216.73.216.14 - - [31/Dec/2025:20:41:47 +0800] "GET /?a=3623005 HTTP/1.1" 200 43871 "-" "Mozilla/5.0 AppleWebKit/537.36 (KHTML, like Gecko; compatible; ClaudeBot/1.0; +claudebot@anthropic.com)"
216.73.216.14 - - [31/Dec/2025:20:41:47 +0800] "GET /?a=3594136 HTTP/1.1" 200 43871 "-" "Mozilla/5.0 AppleWebKit/537.36 (KHTML, like Gecko; compatible; ClaudeBot/1.0; +claudebot@anthropic.com)"
216.73.216.14 - - [31/Dec/2025:20:41:47 +0800] "GET /?a=4590733 HTTP/1.1" 200 43871 "-" "Mozilla/5.0 AppleWebKit/537.36 (KHTML, like Gecko; compatible; ClaudeBot/1.0; +claudebot@anthropic.com)"
216.73.216.14 - - [31/Dec/2025:20:41:48 +0800] "GET /?a=63353 HTTP/1.1" 200 43871 "-" "Mozilla/5.0 AppleWebKit/537.36 (KHTML, like Gecko; compatible; ClaudeBot/1.0; +claudebot@anthropic.com)"
216.73.216.14 - - [31/Dec/2025:20:41:48 +0800] "GET /?a=849147 HTTP/1.1" 200 43871 "-" "Mozilla/5.0 AppleWebKit/537.36 (KHTML, like Gecko; compatible; ClaudeBot/1.0; +claudebot@anthropic.com)"
216.73.216.14 - - [31/Dec/2025:20:41:48 +0800] "GET /?a=4041966 HTTP/1.1" 200 43871 "-" "Mozilla/5.0 AppleWebKit/537.36 (KHTML, like Gecko; compatible; ClaudeBot/1.0; +claudebot@anthropic.com)"
216.73.216.14 - - [31/Dec/2025:20:41:48 +0800] "GET /?a=810954 HTTP/1.1" 200 43871 "-" "Mozilla/5.0 AppleWebKit/537.36 (KHTML, like Gecko; compatible; ClaudeBot/1.0; +claudebot@anthropic.com)"
216.73.216.14 - - [31/Dec/2025:20:41:48 +0800] "GET /?a=4748971 HTTP/1.1" 200 43871 "-" "Mozilla/5.0 AppleWebKit/537.36 (KHTML, like Gecko; compatible; ClaudeBot/1.0; +claudebot@anthropic.com)"
216.73.216.14 - - [31/Dec/2025:20:41:48 +0800] "GET /?a=2174170 HTTP/1.1" 200 43871 "-" "Mozilla/5.0 AppleWebKit/537.36 (KHTML, like Gecko; compatible; ClaudeBot/1.0; +claudebot@anthropic.com)"
216.73.216.14 - - [31/Dec/2025:20:41:48 +0800] "GET /?a=3394499 HTTP/1.1" 200 43871 "-" "Mozilla/5.0 AppleWebKit/537.36 (KHTML, like Gecko; compatible; ClaudeBot/1.0; +claudebot@anthropic.com)"
216.73.216.14 - - [31/Dec/2025:20:41:49 +0800] "GET /?a=5283019 HTTP/1.1" 200 43871 "-" "Mozilla/5.0 AppleWebKit/537.36 (KHTML, like Gecko; compatible; ClaudeBot/1.0; +claudebot@anthropic.com)"
216.73.216.14 - - [31/Dec/2025:20:41:49 +0800] "GET /?a=4091827 HTTP/1.1" 200 43871 "-" "Mozilla/5.0 AppleWebKit/537.36 (KHTML, like Gecko; compatible; ClaudeBot/1.0; +claudebot@anthropic.com)"
216.73.216.14 - - [31/Dec/2025:20:41:49 +0800] "GET /?a=818488 HTTP/1.1" 200 43871 "-" "Mozilla/5.0 AppleWebKit/537.36 (KHTML, like Gecko; compatible; ClaudeBot/1.0; +claudebot@anthropic.com)"
216.73.216.14 - - [31/Dec/2025:20:41:49 +0800] "GET /?a=3671832 HTTP/1.1" 200 43871 "-" "Mozilla/5.0 AppleWebKit/537.36 (KHTML, like Gecko; compatible; ClaudeBot/1.0; +claudebot@anthropic.com)"
216.73.216.14 - - [31/Dec/2025:20:41:49 +0800] "GET /?a=833684 HTTP/1.1" 200 43871 "-" "Mozilla/5.0 AppleWebKit/537.36 (KHTML, like Gecko; compatible; ClaudeBot/1.0; +claudebot@anthropic.com)"
66.249.75.226 - - [31/Dec/2025:20:41:48 +0800] "GET /?a=4633772 HTTP/1.1" 200 174823 "-" "Mozilla/5.0 (Linux; Android 6.0.1; Nexus 5X Build/MMB29P) AppleWebKit/537.36 (KHTML, like Gecko) Chrome/141.0.7390.122 Mobile Safari/537.36 (compatible; Googlebot/2.1; +http://www.google.com/bot.html)"
216.73.216.14 - - [31/Dec/2025:20:41:49 +0800] "GET /?a=19168 HTTP/1.1" 200 43871 "-" "Mozilla/5.0 AppleWebKit/537.36 (KHTML, like Gecko; compatible; ClaudeBot/1.0; +claudebot@anthropic.com)"
216.73.216.14 - - [31/Dec/2025:20:41:49 +0800] "GET /?a=2769769 HTTP/1.1" 200 43871 "-" "Mozilla/5.0 AppleWebKit/537.36 (KHTML, like Gecko; compatible; ClaudeBot/1.0; +claudebot@anthropic.com)"
216.73.216.14 - - [31/Dec/2025:20:41:49 +0800] "GET /?a=704209 HTTP/1.1" 200 43871 "-" "Mozilla/5.0 AppleWebKit/537.36 (KHTML, like Gecko; compatible; ClaudeBot/1.0; +claudebot@anthropic.com)"
216.73.216.14 - - [31/Dec/2025:20:41:49 +0800] "GET /?a=211144 HTTP/1.1" 200 43871 "-" "Mozilla/5.0 AppleWebKit/537.36 (KHTML, like Gecko; compatible; ClaudeBot/1.0; +claudebot@anthropic.com)"
216.73.216.14 - - [31/Dec/2025:20:41:49 +0800] "GET /?a=2176281 HTTP/1.1" 200 43871 "-" "Mozilla/5.0 AppleWebKit/537.36 (KHTML, like Gecko; compatible; ClaudeBot/1.0; +claudebot@anthropic.com)"
216.73.216.14 - - [31/Dec/2025:20:41:50 +0800] "GET /?a=311546 HTTP/1.1" 200 43871 "-" "Mozilla/5.0 AppleWebKit/537.36 (KHTML, like Gecko; compatible; ClaudeBot/1.0; +claudebot@anthropic.com)"
216.73.216.14 - - [31/Dec/2025:20:41:50 +0800] "GET /?a=4125563 HTTP/1.1" 200 43871 "-" "Mozilla/5.0 AppleWebKit/537.36 (KHTML, like Gecko; compatible; ClaudeBot/1.0; +claudebot@anthropic.com)"
216.73.216.14 - - [31/Dec/2025:20:41:50 +0800] "GET /?a=4036889 HTTP/1.1" 200 43871 "-" "Mozilla/5.0 AppleWebKit/537.36 (KHTML, like Gecko; compatible; ClaudeBot/1.0; +claudebot@anthropic.com)"
216.73.216.14 - - [31/Dec/2025:20:41:50 +0800] "GET /?a=876702 HTTP/1.1" 200 43871 "-" "Mozilla/5.0 AppleWebKit/537.36 (KHTML, like Gecko; compatible; ClaudeBot/1.0; +claudebot@anthropic.com)"
216.73.216.14 - - [31/Dec/2025:20:41:50 +0800] "GET /?a=19837 HTTP/1.1" 200 43871 "-" "Mozilla/5.0 AppleWebKit/537.36 (KHTML, like Gecko; compatible; ClaudeBot/1.0; +claudebot@anthropic.com)"
216.73.216.14 - - [31/Dec/2025:20:41:50 +0800] "GET /?a=3973575 HTTP/1.1" 200 43871 "-" "Mozilla/5.0 AppleWebKit/537.36 (KHTML, like Gecko; compatible; ClaudeBot/1.0; +claudebot@anthropic.com)"
216.73.216.14 - - [31/Dec/2025:20:41:50 +0800] "GET /?a=223605 HTTP/1.1" 200 43871 "-" "Mozilla/5.0 AppleWebKit/537.36 (KHTML, like Gecko; compatible; ClaudeBot/1.0; +claudebot@anthropic.com)"
216.73.216.14 - - [31/Dec/2025:20:41:50 +0800] "GET /?a=423661 HTTP/1.1" 200 43871 "-" "Mozilla/5.0 AppleWebKit/537.36 (KHTML, like Gecko; compatible; ClaudeBot/1.0; +claudebot@anthropic.com)"
216.73.216.14 - - [31/Dec/2025:20:41:51 +0800] "GET /?a=2995460 HTTP/1.1" 200 43871 "-" "Mozilla/5.0 AppleWebKit/537.36 (KHTML, like Gecko; compatible; ClaudeBot/1.0; +claudebot@anthropic.com)"
216.73.216.14 - - [31/Dec/2025:20:41:51 +0800] "GET /?a=707240 HTTP/1.1" 200 43871 "-" "Mozilla/5.0 AppleWebKit/537.36 (KHTML, like Gecko; compatible; ClaudeBot/1.0; +claudebot@anthropic.com)"
216.73.216.14 - - [31/Dec/2025:20:41:51 +0800] "GET /?a=5288918 HTTP/1.1" 200 43871 "-" "Mozilla/5.0 AppleWebKit/537.36 (KHTML, like Gecko; compatible; ClaudeBot/1.0; +claudebot@anthropic.com)"
216.73.216.14 - - [31/Dec/2025:20:41:51 +0800] "GET /?a=450128 HTTP/1.1" 200 43871 "-" "Mozilla/5.0 AppleWebKit/537.36 (KHTML, like Gecko; compatible; ClaudeBot/1.0; +claudebot@anthropic.com)"
216.73.216.14 - - [31/Dec/2025:20:41:51 +0800] "GET /?a=4599147 HTTP/1.1" 200 43871 "-" "Mozilla/5.0 AppleWebKit/537.36 (KHTML, like Gecko; compatible; ClaudeBot/1.0; +claudebot@anthropic.com)"
216.73.216.14 - - [31/Dec/2025:20:41:51 +0800] "GET /?a=888487 HTTP/1.1" 200 43871 "-" "Mozilla/5.0 AppleWebKit/537.36 (KHTML, like Gecko; compatible; ClaudeBot/1.0; +claudebot@anthropic.com)"
216.73.216.14 - - [31/Dec/2025:20:41:51 +0800] "GET /?a=5227747 HTTP/1.1" 200 43871 "-" "Mozilla/5.0 AppleWebKit/537.36 (KHTML, like Gecko; compatible; ClaudeBot/1.0; +claudebot@anthropic.com)"
216.73.216.14 - - [31/Dec/2025:20:41:51 +0800] "GET /?a=356203 HTTP/1.1" 200 43871 "-" "Mozilla/5.0 AppleWebKit/537.36 (KHTML, like Gecko; compatible; ClaudeBot/1.0; +claudebot@anthropic.com)"
216.73.216.14 - - [31/Dec/2025:20:41:52 +0800] "GET /?a=2811457 HTTP/1.1" 200 43871 "-" "Mozilla/5.0 AppleWebKit/537.36 (KHTML, like Gecko; compatible; ClaudeBot/1.0; +claudebot@anthropic.com)"
216.73.216.14 - - [31/Dec/2025:20:41:52 +0800] "GET /?a=133733 HTTP/1.1" 200 43871 "-" "Mozilla/5.0 AppleWebKit/537.36 (KHTML, like Gecko; compatible; ClaudeBot/1.0; +claudebot@anthropic.com)"
216.73.216.14 - - [31/Dec/2025:20:41:52 +0800] "GET /?a=1342864 HTTP/1.1" 200 43871 "-" "Mozilla/5.0 AppleWebKit/537.36 (KHTML, like Gecko; compatible; ClaudeBot/1.0; +claudebot@anthropic.com)"
216.73.216.14 - - [31/Dec/2025:20:41:52 +0800] "GET /?a=4157970 HTTP/1.1" 200 43871 "-" "Mozilla/5.0 AppleWebKit/537.36 (KHTML, like Gecko; compatible; ClaudeBot/1.0; +claudebot@anthropic.com)"
216.73.216.14 - - [31/Dec/2025:20:41:52 +0800] "GET /?a=4784005 HTTP/1.1" 200 43871 "-" "Mozilla/5.0 AppleWebKit/537.36 (KHTML, like Gecko; compatible; ClaudeBot/1.0; +claudebot@anthropic.com)"
216.73.216.14 - - [31/Dec/2025:20:41:52 +0800] "GET /?a=5226005 HTTP/1.1" 200 43871 "-" "Mozilla/5.0 AppleWebKit/537.36 (KHTML, like Gecko; compatible; ClaudeBot/1.0; +claudebot@anthropic.com)"
216.73.216.14 - - [31/Dec/2025:20:41:52 +0800] "GET /?a=550361 HTTP/1.1" 200 43871 "-" "Mozilla/5.0 AppleWebKit/537.36 (KHTML, like Gecko; compatible; ClaudeBot/1.0; +claudebot@anthropic.com)"
216.73.216.14 - - [31/Dec/2025:20:41:52 +0800] "GET /?a=220951 HTTP/1.1" 200 43871 "-" "Mozilla/5.0 AppleWebKit/537.36 (KHTML, like Gecko; compatible; ClaudeBot/1.0; +claudebot@anthropic.com)"
40.77.167.136 - - [31/Dec/2025:20:41:55 +0800] "GET /index.php/about-us/company-profile/?a=5360816 HTTP/1.1" 200 193978 "-" "Mozilla/5.0 AppleWebKit/537.36 (KHTML, like Gecko; compatible; bingbot/2.0; +http://www.bing.com/bingbot.htm) Chrome/116.0.1938.76 Safari/537.36"
66.249.75.226 - - [31/Dec/2025:20:42:00 +0800] "GET /?a=4722870 HTTP/1.1" 200 180345 "-" "Mozilla/5.0 (Linux; Android 6.0.1; Nexus 5X Build/MMB29P) AppleWebKit/537.36 (KHTML, like Gecko) Chrome/141.0.7390.122 Mobile Safari/537.36 (compatible; Googlebot/2.1; +http://www.google.com/bot.html)"
106.73.67.163 - - [31/Dec/2025:20:42:07 +0800] "GET /?a=3457034 HTTP/1.1" 200 428 "https://www.google.com/" "Mozilla/5.0 (iPhone; CPU iPhone OS 17_1 like Mac OS X) AppleWebKit/605.1.15 (KHTML, like Gecko) Version/17.1 Mobile/15E148 Safari/604.1"
66.249.75.226 - - [31/Dec/2025:20:42:22 +0800] "GET /?a=368765 HTTP/1.1" 200 186927 "-" "Mozilla/5.0 (Linux; Android 6.0.1; Nexus 5X Build/MMB29P) AppleWebKit/537.36 (KHTML, like Gecko) Chrome/141.0.7390.122 Mobile Safari/537.36 (compatible; Googlebot/2.1; +http://www.google.com/bot.html)"
216.73.216.14 - - [31/Dec/2025:20:42:26 +0800] "GET /?a=3203736 HTTP/1.1" 200 43871 "-" "Mozilla/5.0 AppleWebKit/537.36 (KHTML, like Gecko; compatible; ClaudeBot/1.0; +claudebot@anthropic.com)"
216.73.216.14 - - [31/Dec/2025:20:42:26 +0800] "GET /?a=983512 HTTP/1.1" 200 43871 "-" "Mozilla/5.0 AppleWebKit/537.36 (KHTML, like Gecko; compatible; ClaudeBot/1.0; +claudebot@anthropic.com)"
216.73.216.14 - - [31/Dec/2025:20:42:26 +0800] "GET /?a=1133902 HTTP/1.1" 200 43871 "-" "Mozilla/5.0 AppleWebKit/537.36 (KHTML, like Gecko; compatible; ClaudeBot/1.0; +claudebot@anthropic.com)"
216.73.216.14 - - [31/Dec/2025:20:42:27 +0800] "GET /?a=2401003 HTTP/1.1" 200 43871 "-" "Mozilla/5.0 AppleWebKit/537.36 (KHTML, like Gecko; compatible; ClaudeBot/1.0; +claudebot@anthropic.com)"
216.73.216.14 - - [31/Dec/2025:20:42:27 +0800] "GET /?a=852313 HTTP/1.1" 200 43871 "-" "Mozilla/5.0 AppleWebKit/537.36 (KHTML, like Gecko; compatible; ClaudeBot/1.0; +claudebot@anthropic.com)"
216.73.216.14 - - [31/Dec/2025:20:42:27 +0800] "GET /?a=2095465 HTTP/1.1" 200 43871 "-" "Mozilla/5.0 AppleWebKit/537.36 (KHTML, like Gecko; compatible; ClaudeBot/1.0; +claudebot@anthropic.com)"
216.73.216.14 - - [31/Dec/2025:20:42:27 +0800] "GET /?a=369913 HTTP/1.1" 200 43871 "-" "Mozilla/5.0 AppleWebKit/537.36 (KHTML, like Gecko; compatible; ClaudeBot/1.0; +claudebot@anthropic.com)"
216.73.216.14 - - [31/Dec/2025:20:42:27 +0800] "GET /?a=2135176 HTTP/1.1" 200 43871 "-" "Mozilla/5.0 AppleWebKit/537.36 (KHTML, like Gecko; compatible; ClaudeBot/1.0; +claudebot@anthropic.com)"
216.73.216.14 - - [31/Dec/2025:20:42:27 +0800] "GET /?a=4099445 HTTP/1.1" 200 43871 "-" "Mozilla/5.0 AppleWebKit/537.36 (KHTML, like Gecko; compatible; ClaudeBot/1.0; +claudebot@anthropic.com)"
216.73.216.14 - - [31/Dec/2025:20:42:27 +0800] "GET /?a=420633 HTTP/1.1" 200 43871 "-" "Mozilla/5.0 AppleWebKit/537.36 (KHTML, like Gecko; compatible; ClaudeBot/1.0; +claudebot@anthropic.com)"
216.73.216.14 - - [31/Dec/2025:20:42:27 +0800] "GET /?a=4528202 HTTP/1.1" 200 43871 "-" "Mozilla/5.0 AppleWebKit/537.36 (KHTML, like Gecko; compatible; ClaudeBot/1.0; +claudebot@anthropic.com)"
216.73.216.14 - - [31/Dec/2025:20:42:27 +0800] "GET /?a=5482763 HTTP/1.1" 200 43871 "-" "Mozilla/5.0 AppleWebKit/537.36 (KHTML, like Gecko; compatible; ClaudeBot/1.0; +claudebot@anthropic.com)"
216.73.216.14 - - [31/Dec/2025:20:42:28 +0800] "GET /?a=3584048 HTTP/1.1" 200 43871 "-" "Mozilla/5.0 AppleWebKit/537.36 (KHTML, like Gecko; compatible; ClaudeBot/1.0; +claudebot@anthropic.com)"
216.73.216.14 - - [31/Dec/2025:20:42:28 +0800] "GET /?a=2772883 HTTP/1.1" 200 43871 "-" "Mozilla/5.0 AppleWebKit/537.36 (KHTML, like Gecko; compatible; ClaudeBot/1.0; +claudebot@anthropic.com)"
216.73.216.14 - - [31/Dec/2025:20:42:28 +0800] "GET /?a=4749060 HTTP/1.1" 200 43871 "-" "Mozilla/5.0 AppleWebKit/537.36 (KHTML, like Gecko; compatible; ClaudeBot/1.0; +claudebot@anthropic.com)"
216.73.216.14 - - [31/Dec/2025:20:42:28 +0800] "GET /?a=2279485 HTTP/1.1" 200 43871 "-" "Mozilla/5.0 AppleWebKit/537.36 (KHTML, like Gecko; compatible; ClaudeBot/1.0; +claudebot@anthropic.com)"
216.73.216.14 - - [31/Dec/2025:20:42:28 +0800] "GET /?a=4469240 HTTP/1.1" 200 43871 "-" "Mozilla/5.0 AppleWebKit/537.36 (KHTML, like Gecko; compatible; ClaudeBot/1.0; +claudebot@anthropic.com)"
216.73.216.14 - - [31/Dec/2025:20:42:28 +0800] "GET /?a=2743548 HTTP/1.1" 200 43871 "-" "Mozilla/5.0 AppleWebKit/537.36 (KHTML, like Gecko; compatible; ClaudeBot/1.0; +claudebot@anthropic.com)"
216.73.216.14 - - [31/Dec/2025:20:42:28 +0800] "GET /?a=3225680 HTTP/1.1" 200 43871 "-" "Mozilla/5.0 AppleWebKit/537.36 (KHTML, like Gecko; compatible; ClaudeBot/1.0; +claudebot@anthropic.com)"
216.73.216.14 - - [31/Dec/2025:20:42:28 +0800] "GET /?a=113604 HTTP/1.1" 200 43871 "-" "Mozilla/5.0 AppleWebKit/537.36 (KHTML, like Gecko; compatible; ClaudeBot/1.0; +claudebot@anthropic.com)"
216.73.216.14 - - [31/Dec/2025:20:42:28 +0800] "GET /?a=4870673 HTTP/1.1" 200 43871 "-" "Mozilla/5.0 AppleWebKit/537.36 (KHTML, like Gecko; compatible; ClaudeBot/1.0; +claudebot@anthropic.com)"
216.73.216.14 - - [31/Dec/2025:20:42:28 +0800] "GET /?a=452532 HTTP/1.1" 200 43871 "-" "Mozilla/5.0 AppleWebKit/537.36 (KHTML, like Gecko; compatible; ClaudeBot/1.0; +claudebot@anthropic.com)"
216.73.216.14 - - [31/Dec/2025:20:42:29 +0800] "GET /?a=987439 HTTP/1.1" 200 43871 "-" "Mozilla/5.0 AppleWebKit/537.36 (KHTML, like Gecko; compatible; ClaudeBot/1.0; +claudebot@anthropic.com)"
216.73.216.14 - - [31/Dec/2025:20:42:29 +0800] "GET /?a=1047745 HTTP/1.1" 200 43871 "-" "Mozilla/5.0 AppleWebKit/537.36 (KHTML, like Gecko; compatible; ClaudeBot/1.0; +claudebot@anthropic.com)"
216.73.216.14 - - [31/Dec/2025:20:42:29 +0800] "GET /?a=4871632 HTTP/1.1" 200 43871 "-" "Mozilla/5.0 AppleWebKit/537.36 (KHTML, like Gecko; compatible; ClaudeBot/1.0; +claudebot@anthropic.com)"
216.73.216.14 - - [31/Dec/2025:20:42:29 +0800] "GET /?a=620097 HTTP/1.1" 200 43871 "-" "Mozilla/5.0 AppleWebKit/537.36 (KHTML, like Gecko; compatible; ClaudeBot/1.0; +claudebot@anthropic.com)"
216.73.216.14 - - [31/Dec/2025:20:42:29 +0800] "GET /?a=5206978 HTTP/1.1" 200 43871 "-" "Mozilla/5.0 AppleWebKit/537.36 (KHTML, like Gecko; compatible; ClaudeBot/1.0; +claudebot@anthropic.com)"
