216.73.216.14 - - [31/Dec/2025:21:34:51 +0800] "GET /?a=3767316 HTTP/1.1" 200 43871 "-" "Mozilla/5.0 AppleWebKit/537.36 (KHTML, like Gecko; compatible; ClaudeBot/1.0; +claudebot@anthropic.com)"
216.73.216.14 - - [31/Dec/2025:21:34:51 +0800] "GET /?a=3980886 HTTP/1.1" 200 43871 "-" "Mozilla/5.0 AppleWebKit/537.36 (KHTML, like Gecko; compatible; ClaudeBot/1.0; +claudebot@anthropic.com)"
216.73.216.14 - - [31/Dec/2025:21:34:51 +0800] "GET /?a=1534119 HTTP/1.1" 200 43871 "-" "Mozilla/5.0 AppleWebKit/537.36 (KHTML, like Gecko; compatible; ClaudeBot/1.0; +claudebot@anthropic.com)"
216.73.216.14 - - [31/Dec/2025:21:34:52 +0800] "GET /?a=5026160 HTTP/1.1" 200 43871 "-" "Mozilla/5.0 AppleWebKit/537.36 (KHTML, like Gecko; compatible; ClaudeBot/1.0; +claudebot@anthropic.com)"
216.73.216.14 - - [31/Dec/2025:21:34:52 +0800] "GET /?a=3174395 HTTP/1.1" 200 43871 "-" "Mozilla/5.0 AppleWebKit/537.36 (KHTML, like Gecko; compatible; ClaudeBot/1.0; +claudebot@anthropic.com)"
216.73.216.14 - - [31/Dec/2025:21:34:52 +0800] "GET /?a=2843108 HTTP/1.1" 200 43871 "-" "Mozilla/5.0 AppleWebKit/537.36 (KHTML, like Gecko; compatible; ClaudeBot/1.0; +claudebot@anthropic.com)"
216.73.216.14 - - [31/Dec/2025:21:34:52 +0800] "GET /?a=1133625 HTTP/1.1" 200 43871 "-" "Mozilla/5.0 AppleWebKit/537.36 (KHTML, like Gecko; compatible; ClaudeBot/1.0; +claudebot@anthropic.com)"
216.73.216.14 - - [31/Dec/2025:21:34:52 +0800] "GET /?a=5279880 HTTP/1.1" 200 43871 "-" "Mozilla/5.0 AppleWebKit/537.36 (KHTML, like Gecko; compatible; ClaudeBot/1.0; +claudebot@anthropic.com)"
216.73.216.14 - - [31/Dec/2025:21:34:52 +0800] "GET /?a=3904879 HTTP/1.1" 200 43871 "-" "Mozilla/5.0 AppleWebKit/537.36 (KHTML, like Gecko; compatible; ClaudeBot/1.0; +claudebot@anthropic.com)"
216.73.216.14 - - [31/Dec/2025:21:34:52 +0800] "GET /?a=554578 HTTP/1.1" 200 43871 "-" "Mozilla/5.0 AppleWebKit/537.36 (KHTML, like Gecko; compatible; ClaudeBot/1.0; +claudebot@anthropic.com)"
216.73.216.14 - - [31/Dec/2025:21:34:52 +0800] "GET /?a=3982904 HTTP/1.1" 200 43871 "-" "Mozilla/5.0 AppleWebKit/537.36 (KHTML, like Gecko; compatible; ClaudeBot/1.0; +claudebot@anthropic.com)"
216.73.216.14 - - [31/Dec/2025:21:34:52 +0800] "GET /?a=2251838 HTTP/1.1" 200 43871 "-" "Mozilla/5.0 AppleWebKit/537.36 (KHTML, like Gecko; compatible; ClaudeBot/1.0; +claudebot@anthropic.com)"
216.73.216.14 - - [31/Dec/2025:21:34:53 +0800] "GET /?a=1382851 HTTP/1.1" 200 43871 "-" "Mozilla/5.0 AppleWebKit/537.36 (KHTML, like Gecko; compatible; ClaudeBot/1.0; +claudebot@anthropic.com)"
216.73.216.14 - - [31/Dec/2025:21:34:53 +0800] "GET /?a=1443818 HTTP/1.1" 200 43871 "-" "Mozilla/5.0 AppleWebKit/537.36 (KHTML, like Gecko; compatible; ClaudeBot/1.0; +claudebot@anthropic.com)"
66.249.75.226 - - [31/Dec/2025:21:34:53 +0800] "GET /?a=1210573 HTTP/1.1" 200 184702 "-" "Mozilla/5.0 (Linux; Android 6.0.1; Nexus 5X Build/MMB29P) AppleWebKit/537.36 (KHTML, like Gecko) Chrome/141.0.7390.122 Mobile Safari/537.36 (compatible; Googlebot/2.1; +http://www.google.com/bot.html)"
66.249.71.70 - - [31/Dec/2025:21:34:55 +0800] "GET /?a=4090179 HTTP/1.1" 200 173163 "-" "Mozilla/5.0 (Linux; Android 6.0.1; Nexus 5X Build/MMB29P) AppleWebKit/537.36 (KHTML, like Gecko) Chrome/141.0.7390.122 Mobile Safari/537.36 (compatible; Googlebot/2.1; +http://www.google.com/bot.html)"
40.77.167.67 - - [31/Dec/2025:21:35:00 +0800] "GET /index.php/about-us/company-profile/?a=2536043 HTTP/1.1" 200 181393 "-" "Mozilla/5.0 AppleWebKit/537.36 (KHTML, like Gecko; compatible; bingbot/2.0; +http://www.bing.com/bingbot.htm) Chrome/116.0.1938.76 Safari/537.36"
66.249.71.70 - - [31/Dec/2025:21:35:01 +0800] "GET /?a=2822031 HTTP/1.1" 200 180293 "-" "Mozilla/5.0 (Linux; Android 6.0.1; Nexus 5X Build/MMB29P) AppleWebKit/537.36 (KHTML, like Gecko) Chrome/141.0.7390.122 Mobile Safari/537.36 (compatible; Googlebot/2.1; +http://www.google.com/bot.html)"
157.55.39.192 - - [31/Dec/2025:21:35:08 +0800] "GET /index.php/about-us/company-profile/?a=3610245 HTTP/1.1" 200 196323 "-" "Mozilla/5.0 AppleWebKit/537.36 (KHTML, like Gecko; compatible; bingbot/2.0; +http://www.bing.com/bingbot.htm) Chrome/116.0.1938.76 Safari/537.36"
157.55.39.192 - - [31/Dec/2025:21:35:11 +0800] "GET /index.php/about-us/company-profile/hg/?a=3001205 HTTP/1.1" 200 204539 "-" "Mozilla/5.0 AppleWebKit/537.36 (KHTML, like Gecko; compatible; bingbot/2.0; +http://www.bing.com/bingbot.htm) Chrome/116.0.1938.76 Safari/537.36"
66.249.75.227 - - [31/Dec/2025:21:35:23 +0800] "GET /?a=41717 HTTP/1.1" 200 190309 "-" "Mozilla/5.0 (Linux; Android 6.0.1; Nexus 5X Build/MMB29P) AppleWebKit/537.36 (KHTML, like Gecko) Chrome/141.0.7390.122 Mobile Safari/537.36 (compatible; Googlebot/2.1; +http://www.google.com/bot.html)"
66.249.71.70 - - [31/Dec/2025:21:35:29 +0800] "GET /?a=3088668 HTTP/1.1" 200 181417 "-" "Mozilla/5.0 (Linux; Android 6.0.1; Nexus 5X Build/MMB29P) AppleWebKit/537.36 (KHTML, like Gecko) Chrome/141.0.7390.122 Mobile Safari/537.36 (compatible; Googlebot/2.1; +http://www.google.com/bot.html)"
157.55.39.192 - - [31/Dec/2025:21:35:29 +0800] "GET /index.php/about-us/company-profile/?a=1293556 HTTP/1.1" 200 191205 "-" "Mozilla/5.0 AppleWebKit/537.36 (KHTML, like Gecko; compatible; bingbot/2.0; +http://www.bing.com/bingbot.htm) Chrome/116.0.1938.76 Safari/537.36"
66.249.75.226 - - [31/Dec/2025:21:35:38 +0800] "GET /?a=3577585 HTTP/1.1" 200 173792 "-" "Mozilla/5.0 (Linux; Android 6.0.1; Nexus 5X Build/MMB29P) AppleWebKit/537.36 (KHTML, like Gecko) Chrome/141.0.7390.122 Mobile Safari/537.36 (compatible; Googlebot/2.1; +http://www.google.com/bot.html)"
49.105.82.9 - - [31/Dec/2025:21:35:40 +0800] "GET /index.php//contents/reform/ HTTP/1.1" 404 3331 "https://service.smt.docomo.ne.jp/portal/search/web/result.html?q=%E3%83%8F%E3%83%8B%E3%83%BC%E3%82%A6%E3%82%A7%E3%82%A2+%E3%83%9B%E3%83%BC%E3%83%AD%E3%83%BC%E9%8D%8B&utm_source=dmenu_top&utm_medium=owned&utm_campaign=dmenu_top_202205_searchbox" "Mozilla/5.0 (Linux; Android 10; K) AppleWebKit/537.36 (KHTML, like Gecko) SamsungBrowser/29.0 Chrome/136.0.0.0 Mobile Safari/537.36"
49.105.82.9 - - [31/Dec/2025:21:35:40 +0800] "GET /templates/yootheme/vendor/assets/uikit/dist/js/uikit.min.js HTTP/1.1" 200 139103 "https://www.goodmaid.net/index.php//contents/reform/" "Mozilla/5.0 (Linux; Android 10; K) AppleWebKit/537.36 (KHTML, like Gecko) SamsungBrowser/29.0 Chrome/136.0.0.0 Mobile Safari/537.36"
49.105.82.9 - - [31/Dec/2025:21:35:41 +0800] "GET /templates/yootheme/vendor/yootheme/theme/assets/js/customizer.min.js HTTP/1.1" 200 2746 "https://www.goodmaid.net/index.php//contents/reform/" "Mozilla/5.0 (Linux; Android 10; K) AppleWebKit/537.36 (KHTML, like Gecko) SamsungBrowser/29.0 Chrome/136.0.0.0 Mobile Safari/537.36"
49.105.82.9 - - [31/Dec/2025:21:35:41 +0800] "GET /templates/yootheme/vendor/assets/uikit/dist/js/uikit-icons.min.js HTTP/1.1" 200 65254 "https://www.goodmaid.net/index.php//contents/reform/" "Mozilla/5.0 (Linux; Android 10; K) AppleWebKit/537.36 (KHTML, like Gecko) SamsungBrowser/29.0 Chrome/136.0.0.0 Mobile Safari/537.36"
49.105.82.9 - - [31/Dec/2025:21:35:40 +0800] "GET /templates/yootheme/css/theme.9.css HTTP/1.1" 200 453564 "https://www.goodmaid.net/index.php//contents/reform/" "Mozilla/5.0 (Linux; Android 10; K) AppleWebKit/537.36 (KHTML, like Gecko) SamsungBrowser/29.0 Chrome/136.0.0.0 Mobile Safari/537.36"
49.105.82.9 - - [31/Dec/2025:21:35:43 +0800] "GET /templates/yootheme/fonts/font-2a9f7e05.woff2 HTTP/1.1" 200 17552 "https://www.goodmaid.net/templates/yootheme/css/theme.9.css" "Mozilla/5.0 (Linux; Android 10; K) AppleWebKit/537.36 (KHTML, like Gecko) SamsungBrowser/29.0 Chrome/136.0.0.0 Mobile Safari/537.36"
49.105.82.9 - - [31/Dec/2025:21:35:43 +0800] "GET /templates/yootheme/fonts/font-89480a84.woff2 HTTP/1.1" 200 16720 "https://www.goodmaid.net/templates/yootheme/css/theme.9.css" "Mozilla/5.0 (Linux; Android 10; K) AppleWebKit/537.36 (KHTML, like Gecko) SamsungBrowser/29.0 Chrome/136.0.0.0 Mobile Safari/537.36"
49.105.82.9 - - [31/Dec/2025:21:35:43 +0800] "GET /templates/yootheme/fonts/font-ba709d74.woff2 HTTP/1.1" 200 17660 "https://www.goodmaid.net/templates/yootheme/css/theme.9.css" "Mozilla/5.0 (Linux; Android 10; K) AppleWebKit/537.36 (KHTML, like Gecko) SamsungBrowser/29.0 Chrome/136.0.0.0 Mobile Safari/537.36"
49.105.82.9 - - [31/Dec/2025:21:35:43 +0800] "GET /images/yootheme/404-bg.svg HTTP/1.1" 200 181 "https://www.goodmaid.net/index.php//contents/reform/" "Mozilla/5.0 (Linux; Android 10; K) AppleWebKit/537.36 (KHTML, like Gecko) SamsungBrowser/29.0 Chrome/136.0.0.0 Mobile Safari/537.36"
49.105.82.9 - - [31/Dec/2025:21:35:43 +0800] "GET /images/yootheme/404-shape.svg HTTP/1.1" 200 176 "https://www.goodmaid.net/index.php//contents/reform/" "Mozilla/5.0 (Linux; Android 10; K) AppleWebKit/537.36 (KHTML, like Gecko) SamsungBrowser/29.0 Chrome/136.0.0.0 Mobile Safari/537.36"
49.105.82.9 - - [31/Dec/2025:21:35:44 +0800] "GET /images/stories/products/consumer-page/goodmaid.jpg HTTP/1.1" 200 17837 "https://www.goodmaid.net/index.php//contents/reform/" "Mozilla/5.0 (Linux; Android 10; K) AppleWebKit/537.36 (KHTML, like Gecko) SamsungBrowser/29.0 Chrome/136.0.0.0 Mobile Safari/537.36"
157.55.39.192 - - [31/Dec/2025:21:35:48 +0800] "GET /index.php/about-us/company-profile/?a=1253916 HTTP/1.1" 200 189894 "-" "Mozilla/5.0 AppleWebKit/537.36 (KHTML, like Gecko; compatible; bingbot/2.0; +http://www.bing.com/bingbot.htm) Chrome/116.0.1938.76 Safari/537.36"
66.249.71.70 - - [31/Dec/2025:21:35:50 +0800] "GET /?a=3196672 HTTP/1.1" 200 181699 "-" "Mozilla/5.0 (Linux; Android 6.0.1; Nexus 5X Build/MMB29P) AppleWebKit/537.36 (KHTML, like Gecko) Chrome/141.0.7390.122 Mobile Safari/537.36 (compatible; Googlebot/2.1; +http://www.google.com/bot.html)"
216.73.216.14 - - [31/Dec/2025:21:35:59 +0800] "GET /?a=3730357 HTTP/1.1" 200 43871 "-" "Mozilla/5.0 AppleWebKit/537.36 (KHTML, like Gecko; compatible; ClaudeBot/1.0; +claudebot@anthropic.com)"
216.73.216.14 - - [31/Dec/2025:21:36:00 +0800] "GET /?a=3638021 HTTP/1.1" 200 43871 "-" "Mozilla/5.0 AppleWebKit/537.36 (KHTML, like Gecko; compatible; ClaudeBot/1.0; +claudebot@anthropic.com)"
216.73.216.14 - - [31/Dec/2025:21:36:00 +0800] "GET /?a=1521000 HTTP/1.1" 200 43871 "-" "Mozilla/5.0 AppleWebKit/537.36 (KHTML, like Gecko; compatible; ClaudeBot/1.0; +claudebot@anthropic.com)"
216.73.216.14 - - [31/Dec/2025:21:36:00 +0800] "GET /?a=4343221 HTTP/1.1" 200 43871 "-" "Mozilla/5.0 AppleWebKit/537.36 (KHTML, like Gecko; compatible; ClaudeBot/1.0; +claudebot@anthropic.com)"
216.73.216.14 - - [31/Dec/2025:21:36:00 +0800] "GET /?a=1025021 HTTP/1.1" 200 43871 "-" "Mozilla/5.0 AppleWebKit/537.36 (KHTML, like Gecko; compatible; ClaudeBot/1.0; +claudebot@anthropic.com)"
216.73.216.14 - - [31/Dec/2025:21:36:00 +0800] "GET /?a=1183921 HTTP/1.1" 200 43871 "-" "Mozilla/5.0 AppleWebKit/537.36 (KHTML, like Gecko; compatible; ClaudeBot/1.0; +claudebot@anthropic.com)"
216.73.216.14 - - [31/Dec/2025:21:36:00 +0800] "GET /?a=5346194 HTTP/1.1" 200 43871 "-" "Mozilla/5.0 AppleWebKit/537.36 (KHTML, like Gecko; compatible; ClaudeBot/1.0; +claudebot@anthropic.com)"
216.73.216.14 - - [31/Dec/2025:21:36:00 +0800] "GET /?a=370684 HTTP/1.1" 200 43871 "-" "Mozilla/5.0 AppleWebKit/537.36 (KHTML, like Gecko; compatible; ClaudeBot/1.0; +claudebot@anthropic.com)"
216.73.216.14 - - [31/Dec/2025:21:36:00 +0800] "GET /?a=4247524 HTTP/1.1" 200 43871 "-" "Mozilla/5.0 AppleWebKit/537.36 (KHTML, like Gecko; compatible; ClaudeBot/1.0; +claudebot@anthropic.com)"
216.73.216.14 - - [31/Dec/2025:21:36:00 +0800] "GET /?a=4746634 HTTP/1.1" 200 43871 "-" "Mozilla/5.0 AppleWebKit/537.36 (KHTML, like Gecko; compatible; ClaudeBot/1.0; +claudebot@anthropic.com)"
216.73.216.14 - - [31/Dec/2025:21:36:00 +0800] "GET /?a=1721621 HTTP/1.1" 200 43871 "-" "Mozilla/5.0 AppleWebKit/537.36 (KHTML, like Gecko; compatible; ClaudeBot/1.0; +claudebot@anthropic.com)"
216.73.216.14 - - [31/Dec/2025:21:36:01 +0800] "GET /?a=2505543 HTTP/1.1" 200 43871 "-" "Mozilla/5.0 AppleWebKit/537.36 (KHTML, like Gecko; compatible; ClaudeBot/1.0; +claudebot@anthropic.com)"
216.73.216.14 - - [31/Dec/2025:21:36:01 +0800] "GET /?a=2399931 HTTP/1.1" 200 43871 "-" "Mozilla/5.0 AppleWebKit/537.36 (KHTML, like Gecko; compatible; ClaudeBot/1.0; +claudebot@anthropic.com)"
216.73.216.14 - - [31/Dec/2025:21:36:01 +0800] "GET /?a=5390476 HTTP/1.1" 200 43871 "-" "Mozilla/5.0 AppleWebKit/537.36 (KHTML, like Gecko; compatible; ClaudeBot/1.0; +claudebot@anthropic.com)"
216.73.216.14 - - [31/Dec/2025:21:36:01 +0800] "GET /?a=1123273 HTTP/1.1" 200 43871 "-" "Mozilla/5.0 AppleWebKit/537.36 (KHTML, like Gecko; compatible; ClaudeBot/1.0; +claudebot@anthropic.com)"
216.73.216.14 - - [31/Dec/2025:21:36:01 +0800] "GET /?a=3950721 HTTP/1.1" 200 43871 "-" "Mozilla/5.0 AppleWebKit/537.36 (KHTML, like Gecko; compatible; ClaudeBot/1.0; +claudebot@anthropic.com)"
216.73.216.14 - - [31/Dec/2025:21:36:01 +0800] "GET /?a=1371721 HTTP/1.1" 200 43871 "-" "Mozilla/5.0 AppleWebKit/537.36 (KHTML, like Gecko; compatible; ClaudeBot/1.0; +claudebot@anthropic.com)"
216.73.216.14 - - [31/Dec/2025:21:36:01 +0800] "GET /?a=1530121 HTTP/1.1" 200 43871 "-" "Mozilla/5.0 AppleWebKit/537.36 (KHTML, like Gecko; compatible; ClaudeBot/1.0; +claudebot@anthropic.com)"
216.73.216.14 - - [31/Dec/2025:21:36:01 +0800] "GET /?a=5441339 HTTP/1.1" 200 43871 "-" "Mozilla/5.0 AppleWebKit/537.36 (KHTML, like Gecko; compatible; ClaudeBot/1.0; +claudebot@anthropic.com)"
216.73.216.14 - - [31/Dec/2025:21:36:01 +0800] "GET /?a=2192757 HTTP/1.1" 200 43871 "-" "Mozilla/5.0 AppleWebKit/537.36 (KHTML, like Gecko; compatible; ClaudeBot/1.0; +claudebot@anthropic.com)"
216.73.216.14 - - [31/Dec/2025:21:36:02 +0800] "GET /?a=5099506 HTTP/1.1" 200 43871 "-" "Mozilla/5.0 AppleWebKit/537.36 (KHTML, like Gecko; compatible; ClaudeBot/1.0; +claudebot@anthropic.com)"
216.73.216.14 - - [31/Dec/2025:21:36:02 +0800] "GET /?a=4220789 HTTP/1.1" 200 43871 "-" "Mozilla/5.0 AppleWebKit/537.36 (KHTML, like Gecko; compatible; ClaudeBot/1.0; +claudebot@anthropic.com)"
216.73.216.14 - - [31/Dec/2025:21:36:02 +0800] "GET /?a=4406291 HTTP/1.1" 200 43871 "-" "Mozilla/5.0 AppleWebKit/537.36 (KHTML, like Gecko; compatible; ClaudeBot/1.0; +claudebot@anthropic.com)"
216.73.216.14 - - [31/Dec/2025:21:36:02 +0800] "GET /?a=3509144 HTTP/1.1" 200 43871 "-" "Mozilla/5.0 AppleWebKit/537.36 (KHTML, like Gecko; compatible; ClaudeBot/1.0; +claudebot@anthropic.com)"
216.73.216.14 - - [31/Dec/2025:21:36:02 +0800] "GET /?a=639149 HTTP/1.1" 200 43871 "-" "Mozilla/5.0 AppleWebKit/537.36 (KHTML, like Gecko; compatible; ClaudeBot/1.0; +claudebot@anthropic.com)"
216.73.216.14 - - [31/Dec/2025:21:36:02 +0800] "GET /?a=4999676 HTTP/1.1" 200 43871 "-" "Mozilla/5.0 AppleWebKit/537.36 (KHTML, like Gecko; compatible; ClaudeBot/1.0; +claudebot@anthropic.com)"
216.73.216.14 - - [31/Dec/2025:21:36:02 +0800] "GET /?a=2691112 HTTP/1.1" 200 43871 "-" "Mozilla/5.0 AppleWebKit/537.36 (KHTML, like Gecko; compatible; ClaudeBot/1.0; +claudebot@anthropic.com)"
216.73.216.14 - - [31/Dec/2025:21:36:02 +0800] "GET /?a=5323491 HTTP/1.1" 200 43871 "-" "Mozilla/5.0 AppleWebKit/537.36 (KHTML, like Gecko; compatible; ClaudeBot/1.0; +claudebot@anthropic.com)"
216.73.216.14 - - [31/Dec/2025:21:36:03 +0800] "GET /?a=1231742 HTTP/1.1" 200 43871 "-" "Mozilla/5.0 AppleWebKit/537.36 (KHTML, like Gecko; compatible; ClaudeBot/1.0; +claudebot@anthropic.com)"
216.73.216.14 - - [31/Dec/2025:21:36:03 +0800] "GET /?a=1221290 HTTP/1.1" 200 43871 "-" "Mozilla/5.0 AppleWebKit/537.36 (KHTML, like Gecko; compatible; ClaudeBot/1.0; +claudebot@anthropic.com)"
216.73.216.14 - - [31/Dec/2025:21:36:03 +0800] "GET /?a=1566234 HTTP/1.1" 200 43871 "-" "Mozilla/5.0 AppleWebKit/537.36 (KHTML, like Gecko; compatible; ClaudeBot/1.0; +claudebot@anthropic.com)"
216.73.216.14 - - [31/Dec/2025:21:36:03 +0800] "GET /?a=1330114 HTTP/1.1" 200 43871 "-" "Mozilla/5.0 AppleWebKit/537.36 (KHTML, like Gecko; compatible; ClaudeBot/1.0; +claudebot@anthropic.com)"
216.73.216.14 - - [31/Dec/2025:21:36:03 +0800] "GET /?a=66980 HTTP/1.1" 200 43871 "-" "Mozilla/5.0 AppleWebKit/537.36 (KHTML, like Gecko; compatible; ClaudeBot/1.0; +claudebot@anthropic.com)"
216.73.216.14 - - [31/Dec/2025:21:36:03 +0800] "GET /?a=3999571 HTTP/1.1" 200 43871 "-" "Mozilla/5.0 AppleWebKit/537.36 (KHTML, like Gecko; compatible; ClaudeBot/1.0; +claudebot@anthropic.com)"
216.73.216.14 - - [31/Dec/2025:21:36:03 +0800] "GET /?a=611274 HTTP/1.1" 200 43871 "-" "Mozilla/5.0 AppleWebKit/537.36 (KHTML, like Gecko; compatible; ClaudeBot/1.0; +claudebot@anthropic.com)"
216.73.216.14 - - [31/Dec/2025:21:36:04 +0800] "GET /?a=5468750 HTTP/1.1" 200 43871 "-" "Mozilla/5.0 AppleWebKit/537.36 (KHTML, like Gecko; compatible; ClaudeBot/1.0; +claudebot@anthropic.com)"
216.73.216.14 - - [31/Dec/2025:21:36:04 +0800] "GET /?a=4322447 HTTP/1.1" 200 43871 "-" "Mozilla/5.0 AppleWebKit/537.36 (KHTML, like Gecko; compatible; ClaudeBot/1.0; +claudebot@anthropic.com)"
40.77.167.65 - - [31/Dec/2025:21:36:03 +0800] "GET /index.php/about-us/company-profile/?a=5221459 HTTP/1.1" 200 191082 "-" "Mozilla/5.0 AppleWebKit/537.36 (KHTML, like Gecko; compatible; bingbot/2.0; +http://www.bing.com/bingbot.htm) Chrome/116.0.1938.76 Safari/537.36"
216.73.216.14 - - [31/Dec/2025:21:36:04 +0800] "GET /?a=1468163 HTTP/1.1" 200 43871 "-" "Mozilla/5.0 AppleWebKit/537.36 (KHTML, like Gecko; compatible; ClaudeBot/1.0; +claudebot@anthropic.com)"
216.73.216.14 - - [31/Dec/2025:21:36:04 +0800] "GET /?a=5156621 HTTP/1.1" 200 43871 "-" "Mozilla/5.0 AppleWebKit/537.36 (KHTML, like Gecko; compatible; ClaudeBot/1.0; +claudebot@anthropic.com)"
216.73.216.14 - - [31/Dec/2025:21:36:04 +0800] "GET /?a=2926492 HTTP/1.1" 200 43871 "-" "Mozilla/5.0 AppleWebKit/537.36 (KHTML, like Gecko; compatible; ClaudeBot/1.0; +claudebot@anthropic.com)"
216.73.216.14 - - [31/Dec/2025:21:36:04 +0800] "GET /?a=5419011 HTTP/1.1" 200 43871 "-" "Mozilla/5.0 AppleWebKit/537.36 (KHTML, like Gecko; compatible; ClaudeBot/1.0; +claudebot@anthropic.com)"
216.73.216.14 - - [31/Dec/2025:21:36:04 +0800] "GET /?a=5252317 HTTP/1.1" 200 43871 "-" "Mozilla/5.0 AppleWebKit/537.36 (KHTML, like Gecko; compatible; ClaudeBot/1.0; +claudebot@anthropic.com)"
216.73.216.14 - - [31/Dec/2025:21:36:05 +0800] "GET /?a=4357765 HTTP/1.1" 200 43887 "-" "Mozilla/5.0 AppleWebKit/537.36 (KHTML, like Gecko; compatible; ClaudeBot/1.0; +claudebot@anthropic.com)"
216.73.216.14 - - [31/Dec/2025:21:36:06 +0800] "GET /?a=2102987 HTTP/1.1" 200 43887 "-" "Mozilla/5.0 AppleWebKit/537.36 (KHTML, like Gecko; compatible; ClaudeBot/1.0; +claudebot@anthropic.com)"
216.73.216.14 - - [31/Dec/2025:21:36:04 +0800] "GET /sitemap.xml HTTP/1.1" 200 140387 "-" "Mozilla/5.0 AppleWebKit/537.36 (KHTML, like Gecko; compatible; ClaudeBot/1.0; +claudebot@anthropic.com)"
216.73.216.14 - - [31/Dec/2025:21:36:08 +0800] "GET /?a=4848299 HTTP/1.1" 200 43871 "-" "Mozilla/5.0 AppleWebKit/537.36 (KHTML, like Gecko; compatible; ClaudeBot/1.0; +claudebot@anthropic.com)"
216.73.216.14 - - [31/Dec/2025:21:36:08 +0800] "GET /?a=2685307 HTTP/1.1" 200 43871 "-" "Mozilla/5.0 AppleWebKit/537.36 (KHTML, like Gecko; compatible; ClaudeBot/1.0; +claudebot@anthropic.com)"
216.73.216.14 - - [31/Dec/2025:21:36:08 +0800] "GET /?a=2849259 HTTP/1.1" 200 43871 "-" "Mozilla/5.0 AppleWebKit/537.36 (KHTML, like Gecko; compatible; ClaudeBot/1.0; +claudebot@anthropic.com)"
216.73.216.14 - - [31/Dec/2025:21:36:08 +0800] "GET /?a=907343 HTTP/1.1" 200 43871 "-" "Mozilla/5.0 AppleWebKit/537.36 (KHTML, like Gecko; compatible; ClaudeBot/1.0; +claudebot@anthropic.com)"
216.73.216.14 - - [31/Dec/2025:21:36:08 +0800] "GET /?a=3862136 HTTP/1.1" 200 43871 "-" "Mozilla/5.0 AppleWebKit/537.36 (KHTML, like Gecko; compatible; ClaudeBot/1.0; +claudebot@anthropic.com)"
216.73.216.14 - - [31/Dec/2025:21:36:09 +0800] "GET /?a=1134069 HTTP/1.1" 200 43871 "-" "Mozilla/5.0 AppleWebKit/537.36 (KHTML, like Gecko; compatible; ClaudeBot/1.0; +claudebot@anthropic.com)"
216.73.216.14 - - [31/Dec/2025:21:36:09 +0800] "GET /?a=4722008 HTTP/1.1" 200 43871 "-" "Mozilla/5.0 AppleWebKit/537.36 (KHTML, like Gecko; compatible; ClaudeBot/1.0; +claudebot@anthropic.com)"
216.73.216.14 - - [31/Dec/2025:21:36:09 +0800] "GET /?a=1123750 HTTP/1.1" 200 43871 "-" "Mozilla/5.0 AppleWebKit/537.36 (KHTML, like Gecko; compatible; ClaudeBot/1.0; +claudebot@anthropic.com)"
216.73.216.14 - - [31/Dec/2025:21:36:09 +0800] "GET /?a=3775341 HTTP/1.1" 200 43871 "-" "Mozilla/5.0 AppleWebKit/537.36 (KHTML, like Gecko; compatible; ClaudeBot/1.0; +claudebot@anthropic.com)"
216.73.216.14 - - [31/Dec/2025:21:36:09 +0800] "GET /?a=4481097 HTTP/1.1" 200 43871 "-" "Mozilla/5.0 AppleWebKit/537.36 (KHTML, like Gecko; compatible; ClaudeBot/1.0; +claudebot@anthropic.com)"
216.73.216.14 - - [31/Dec/2025:21:36:09 +0800] "GET /?a=322422 HTTP/1.1" 200 43871 "-" "Mozilla/5.0 AppleWebKit/537.36 (KHTML, like Gecko; compatible; ClaudeBot/1.0; +claudebot@anthropic.com)"
216.73.216.14 - - [31/Dec/2025:21:36:09 +0800] "GET /?a=2110143 HTTP/1.1" 200 43871 "-" "Mozilla/5.0 AppleWebKit/537.36 (KHTML, like Gecko; compatible; ClaudeBot/1.0; +claudebot@anthropic.com)"
216.73.216.14 - - [31/Dec/2025:21:36:09 +0800] "GET /?a=5302145 HTTP/1.1" 200 43871 "-" "Mozilla/5.0 AppleWebKit/537.36 (KHTML, like Gecko; compatible; ClaudeBot/1.0; +claudebot@anthropic.com)"
216.73.216.14 - - [31/Dec/2025:21:36:09 +0800] "GET /?a=4048362 HTTP/1.1" 200 43871 "-" "Mozilla/5.0 AppleWebKit/537.36 (KHTML, like Gecko; compatible; ClaudeBot/1.0; +claudebot@anthropic.com)"
216.73.216.14 - - [31/Dec/2025:21:36:10 +0800] "GET /?a=3515787 HTTP/1.1" 200 43871 "-" "Mozilla/5.0 AppleWebKit/537.36 (KHTML, like Gecko; compatible; ClaudeBot/1.0; +claudebot@anthropic.com)"
216.73.216.14 - - [31/Dec/2025:21:36:10 +0800] "GET /?a=5039451 HTTP/1.1" 200 43871 "-" "Mozilla/5.0 AppleWebKit/537.36 (KHTML, like Gecko; compatible; ClaudeBot/1.0; +claudebot@anthropic.com)"
216.73.216.14 - - [31/Dec/2025:21:36:10 +0800] "GET /?a=3402989 HTTP/1.1" 200 43871 "-" "Mozilla/5.0 AppleWebKit/537.36 (KHTML, like Gecko; compatible; ClaudeBot/1.0; +claudebot@anthropic.com)"
216.73.216.14 - - [31/Dec/2025:21:36:10 +0800] "GET /?a=4479073 HTTP/1.1" 200 43871 "-" "Mozilla/5.0 AppleWebKit/537.36 (KHTML, like Gecko; compatible; ClaudeBot/1.0; +claudebot@anthropic.com)"
216.73.216.14 - - [31/Dec/2025:21:36:10 +0800] "GET /?a=777124 HTTP/1.1" 200 43871 "-" "Mozilla/5.0 AppleWebKit/537.36 (KHTML, like Gecko; compatible; ClaudeBot/1.0; +claudebot@anthropic.com)"
216.73.216.14 - - [31/Dec/2025:21:36:11 +0800] "GET /?a=480099 HTTP/1.1" 200 43871 "-" "Mozilla/5.0 AppleWebKit/537.36 (KHTML, like Gecko; compatible; ClaudeBot/1.0; +claudebot@anthropic.com)"
216.73.216.14 - - [31/Dec/2025:21:36:11 +0800] "GET /?a=5088980 HTTP/1.1" 200 43871 "-" "Mozilla/5.0 AppleWebKit/537.36 (KHTML, like Gecko; compatible; ClaudeBot/1.0; +claudebot@anthropic.com)"
216.73.216.14 - - [31/Dec/2025:21:36:11 +0800] "GET /?a=930119 HTTP/1.1" 200 43871 "-" "Mozilla/5.0 AppleWebKit/537.36 (KHTML, like Gecko; compatible; ClaudeBot/1.0; +claudebot@anthropic.com)"
216.73.216.14 - - [31/Dec/2025:21:36:11 +0800] "GET /?a=1997097 HTTP/1.1" 200 43871 "-" "Mozilla/5.0 AppleWebKit/537.36 (KHTML, like Gecko; compatible; ClaudeBot/1.0; +claudebot@anthropic.com)"
216.73.216.14 - - [31/Dec/2025:21:36:11 +0800] "GET /?a=366898 HTTP/1.1" 200 43871 "-" "Mozilla/5.0 AppleWebKit/537.36 (KHTML, like Gecko; compatible; ClaudeBot/1.0; +claudebot@anthropic.com)"
216.73.216.14 - - [31/Dec/2025:21:36:11 +0800] "GET /?a=5285797 HTTP/1.1" 200 43871 "-" "Mozilla/5.0 AppleWebKit/537.36 (KHTML, like Gecko; compatible; ClaudeBot/1.0; +claudebot@anthropic.com)"
216.73.216.14 - - [31/Dec/2025:21:36:12 +0800] "GET /?a=3105749 HTTP/1.1" 200 43871 "-" "Mozilla/5.0 AppleWebKit/537.36 (KHTML, like Gecko; compatible; ClaudeBot/1.0; +claudebot@anthropic.com)"
216.73.216.14 - - [31/Dec/2025:21:36:12 +0800] "GET /?a=240904 HTTP/1.1" 200 43871 "-" "Mozilla/5.0 AppleWebKit/537.36 (KHTML, like Gecko; compatible; ClaudeBot/1.0; +claudebot@anthropic.com)"
216.73.216.14 - - [31/Dec/2025:21:36:12 +0800] "GET /?a=925093 HTTP/1.1" 200 43871 "-" "Mozilla/5.0 AppleWebKit/537.36 (KHTML, like Gecko; compatible; ClaudeBot/1.0; +claudebot@anthropic.com)"
216.73.216.14 - - [31/Dec/2025:21:36:12 +0800] "GET /?a=3660018 HTTP/1.1" 200 43871 "-" "Mozilla/5.0 AppleWebKit/537.36 (KHTML, like Gecko; compatible; ClaudeBot/1.0; +claudebot@anthropic.com)"
216.73.216.14 - - [31/Dec/2025:21:36:12 +0800] "GET /?a=3129585 HTTP/1.1" 200 43871 "-" "Mozilla/5.0 AppleWebKit/537.36 (KHTML, like Gecko; compatible; ClaudeBot/1.0; +claudebot@anthropic.com)"
216.73.216.14 - - [31/Dec/2025:21:36:12 +0800] "GET /?a=5065460 HTTP/1.1" 200 43871 "-" "Mozilla/5.0 AppleWebKit/537.36 (KHTML, like Gecko; compatible; ClaudeBot/1.0; +claudebot@anthropic.com)"
216.73.216.14 - - [31/Dec/2025:21:36:06 +0800] "GET /sitemap.xml HTTP/1.1" 200 143963 "-" "Mozilla/5.0 AppleWebKit/537.36 (KHTML, like Gecko; compatible; ClaudeBot/1.0; +claudebot@anthropic.com)"
216.73.216.14 - - [31/Dec/2025:21:36:12 +0800] "GET /?a=2414166 HTTP/1.1" 200 43871 "-" "Mozilla/5.0 AppleWebKit/537.36 (KHTML, like Gecko; compatible; ClaudeBot/1.0; +claudebot@anthropic.com)"
216.73.216.14 - - [31/Dec/2025:21:36:13 +0800] "GET /?a=4870099 HTTP/1.1" 200 43871 "-" "Mozilla/5.0 AppleWebKit/537.36 (KHTML, like Gecko; compatible; ClaudeBot/1.0; +claudebot@anthropic.com)"
216.73.216.14 - - [31/Dec/2025:21:36:13 +0800] "GET /?a=1048909 HTTP/1.1" 200 43871 "-" "Mozilla/5.0 AppleWebKit/537.36 (KHTML, like Gecko; compatible; ClaudeBot/1.0; +claudebot@anthropic.com)"
216.73.216.14 - - [31/Dec/2025:21:36:13 +0800] "GET /?a=3671354 HTTP/1.1" 200 43871 "-" "Mozilla/5.0 AppleWebKit/537.36 (KHTML, like Gecko; compatible; ClaudeBot/1.0; +claudebot@anthropic.com)"
216.73.216.14 - - [31/Dec/2025:21:36:13 +0800] "GET /?a=248749 HTTP/1.1" 200 43871 "-" "Mozilla/5.0 AppleWebKit/537.36 (KHTML, like Gecko; compatible; ClaudeBot/1.0; +claudebot@anthropic.com)"
216.73.216.14 - - [31/Dec/2025:21:36:13 +0800] "GET /?a=397598 HTTP/1.1" 200 43871 "-" "Mozilla/5.0 AppleWebKit/537.36 (KHTML, like Gecko; compatible; ClaudeBot/1.0; +claudebot@anthropic.com)"
198.199.68.20 - - [31/Dec/2025:21:36:13 +0800] "GET /index.php HTTP/1.1" 200 43896 "-" "Zabbix"
216.73.216.14 - - [31/Dec/2025:21:36:13 +0800] "GET /?a=2865182 HTTP/1.1" 200 43871 "-" "Mozilla/5.0 AppleWebKit/537.36 (KHTML, like Gecko; compatible; ClaudeBot/1.0; +claudebot@anthropic.com)"
216.73.216.14 - - [31/Dec/2025:21:36:13 +0800] "GET /?a=4306148 HTTP/1.1" 200 43871 "-" "Mozilla/5.0 AppleWebKit/537.36 (KHTML, like Gecko; compatible; ClaudeBot/1.0; +claudebot@anthropic.com)"
216.73.216.14 - - [31/Dec/2025:21:36:14 +0800] "GET /?a=3678201 HTTP/1.1" 200 43871 "-" "Mozilla/5.0 AppleWebKit/537.36 (KHTML, like Gecko; compatible; ClaudeBot/1.0; +claudebot@anthropic.com)"
216.73.216.14 - - [31/Dec/2025:21:36:14 +0800] "GET /?a=4289919 HTTP/1.1" 200 43871 "-" "Mozilla/5.0 AppleWebKit/537.36 (KHTML, like Gecko; compatible; ClaudeBot/1.0; +claudebot@anthropic.com)"
216.73.216.14 - - [31/Dec/2025:21:36:14 +0800] "GET /?a=5315802 HTTP/1.1" 200 43871 "-" "Mozilla/5.0 AppleWebKit/537.36 (KHTML, like Gecko; compatible; ClaudeBot/1.0; +claudebot@anthropic.com)"
216.73.216.14 - - [31/Dec/2025:21:36:14 +0800] "GET /?a=4085663 HTTP/1.1" 200 43871 "-" "Mozilla/5.0 AppleWebKit/537.36 (KHTML, like Gecko; compatible; ClaudeBot/1.0; +claudebot@anthropic.com)"
216.73.216.14 - - [31/Dec/2025:21:36:14 +0800] "GET /?a=4952380 HTTP/1.1" 200 43871 "-" "Mozilla/5.0 AppleWebKit/537.36 (KHTML, like Gecko; compatible; ClaudeBot/1.0; +claudebot@anthropic.com)"
52.167.144.190 - - [31/Dec/2025:21:36:13 +0800] "GET /index.php/about-us/company-profile/?a=3753412 HTTP/1.1" 200 191055 "-" "Mozilla/5.0 AppleWebKit/537.36 (KHTML, like Gecko; compatible; bingbot/2.0; +http://www.bing.com/bingbot.htm) Chrome/116.0.1938.76 Safari/537.36"
216.73.216.14 - - [31/Dec/2025:21:36:14 +0800] "GET /?a=173633 HTTP/1.1" 200 43871 "-" "Mozilla/5.0 AppleWebKit/537.36 (KHTML, like Gecko; compatible; ClaudeBot/1.0; +claudebot@anthropic.com)"
216.73.216.14 - - [31/Dec/2025:21:36:14 +0800] "GET /?a=335536 HTTP/1.1" 200 43871 "-" "Mozilla/5.0 AppleWebKit/537.36 (KHTML, like Gecko; compatible; ClaudeBot/1.0; +claudebot@anthropic.com)"
40.77.167.235 - - [31/Dec/2025:21:36:20 +0800] "GET /index.php/about-us/company-profile/?a=4382649 HTTP/1.1" 200 193301 "-" "Mozilla/5.0 AppleWebKit/537.36 (KHTML, like Gecko; compatible; bingbot/2.0; +http://www.bing.com/bingbot.htm) Chrome/116.0.1938.76 Safari/537.36"
35.173.69.86 - - [31/Dec/2025:21:36:21 +0800] "GET / HTTP/1.1" 200 43871 "-" "FreshpingBot/1.0 (+https://freshping.io/)"
66.249.71.70 - - [31/Dec/2025:21:36:22 +0800] "GET /?a=1585481 HTTP/1.1" 200 169950 "-" "Mozilla/5.0 (Linux; Android 6.0.1; Nexus 5X Build/MMB29P) AppleWebKit/537.36 (KHTML, like Gecko) Chrome/141.0.7390.122 Mobile Safari/537.36 (compatible; Googlebot/2.1; +http://www.google.com/bot.html)"
66.249.71.71 - - [31/Dec/2025:21:36:28 +0800] "GET /?a=466173 HTTP/1.1" 200 174107 "-" "Mozilla/5.0 (Linux; Android 6.0.1; Nexus 5X Build/MMB29P) AppleWebKit/537.36 (KHTML, like Gecko) Chrome/141.0.7390.122 Mobile Safari/537.36 (compatible; Googlebot/2.1; +http://www.google.com/bot.html)"
66.249.75.226 - - [31/Dec/2025:21:36:34 +0800] "GET /?a=4421290 HTTP/1.1" 200 174575 "-" "Mozilla/5.0 (Linux; Android 6.0.1; Nexus 5X Build/MMB29P) AppleWebKit/537.36 (KHTML, like Gecko) Chrome/141.0.7390.122 Mobile Safari/537.36 (compatible; GoogleOther)"
157.55.39.192 - - [31/Dec/2025:21:36:39 +0800] "GET /index.php/about-us/company-profile/?a=2167486 HTTP/1.1" 200 203470 "-" "Mozilla/5.0 AppleWebKit/537.36 (KHTML, like Gecko; compatible; bingbot/2.0; +http://www.bing.com/bingbot.htm) Chrome/116.0.1938.76 Safari/537.36"
170.245.247.215 - - [31/Dec/2025:21:36:55 +0800] "GET /index.php/products/food-sanitation/goodmaid-pro-ware-washing/item/gmp-353-destainer HTTP/1.1" 404 3331 "-" "Mozilla/5.0 (Windows NT 10.0; Win64; x64) AppleWebKit/537.36 (KHTML, like Gecko) Chrome/129.0.0.0 Safari/537.36"
66.249.71.70 - - [31/Dec/2025:21:36:54 +0800] "GET /?a=4102474 HTTP/1.1" 200 171096 "-" "Mozilla/5.0 (Linux; Android 6.0.1; Nexus 5X Build/MMB29P) AppleWebKit/537.36 (KHTML, like Gecko) Chrome/141.0.7390.122 Mobile Safari/537.36 (compatible; Googlebot/2.1; +http://www.google.com/bot.html)"
66.249.72.224 - - [31/Dec/2025:21:36:56 +0800] "GET /index.php/files/16/SDS-GM-PRO/83/SDS-355-L-Detergent-Rev-5.pdf//?a=569427 HTTP/1.1" 200 198293 "-" "Mozilla/5.0 (Linux; Android 6.0.1; Nexus 5X Build/MMB29P) AppleWebKit/537.36 (KHTML, like Gecko) Chrome/141.0.7390.122 Mobile Safari/537.36 (compatible; GoogleOther)"
134.209.73.209 - - [31/Dec/2025:21:36:59 +0800] "GET /index.php/shop-now HTTP/1.1" 404 3331 "-" "Mozilla/5.0 (Windows NT 10.0; Win64; x64) AppleWebKit/537.36 (KHTML, like Gecko) Chrome/129.0.0.0 Safari/537.36"
167.172.130.37 - - [31/Dec/2025:21:36:59 +0800] "GET /index.php/products/healthcare-hygiene/dispenser/item/is-9000?category_id=47 HTTP/1.1" 404 3331 "-" "Mozilla/5.0 (Windows NT 10.0; Win64; x64) AppleWebKit/537.36 (KHTML, like Gecko) Chrome/129.0.0.0 Safari/537.36"
157.55.39.192 - - [31/Dec/2025:21:36:59 +0800] "GET /index.php/about-us/company-profile/?a=3250463 HTTP/1.1" 200 188446 "-" "Mozilla/5.0 AppleWebKit/537.36 (KHTML, like Gecko; compatible; bingbot/2.0; +http://www.bing.com/bingbot.htm) Chrome/116.0.1938.76 Safari/537.36"
66.249.75.227 - - [31/Dec/2025:21:37:01 +0800] "GET /?a=2766181 HTTP/1.1" 200 170918 "-" "Mozilla/5.0 (Linux; Android 6.0.1; Nexus 5X Build/MMB29P) AppleWebKit/537.36 (KHTML, like Gecko) Chrome/141.0.7390.122 Mobile Safari/537.36 (compatible; Googlebot/2.1; +http://www.google.com/bot.html)"
162.243.175.240 - - [31/Dec/2025:21:37:02 +0800] "GET /index.php/products/consumer/specialized-cleaners/item/oven-cleaner HTTP/1.1" 404 3331 "-" "Mozilla/5.0 (Windows NT 10.0; Win64; x64) AppleWebKit/537.36 (KHTML, like Gecko) Chrome/129.0.0.0 Safari/537.36"
69.55.55.128 - - [31/Dec/2025:21:37:07 +0800] "GET /index.php/products/public-hygiene/housekeeping/item/100-multi-zap-2 HTTP/1.1" 404 3331 "-" "Mozilla/5.0 (Windows NT 10.0; Win64; x64) AppleWebKit/537.36 (KHTML, like Gecko) Chrome/129.0.0.0 Safari/537.36"
103.155.62.88 - - [31/Dec/2025:21:37:08 +0800] "GET /index.php/products/public-hygiene/personal-care/item/192d-ht-draman-2 HTTP/1.1" 404 3331 "-" "Mozilla/5.0 (Windows NT 10.0; Win64; x64) AppleWebKit/537.36 (KHTML, like Gecko) Chrome/129.0.0.0 Safari/537.36"
5.163.19.179 - - [31/Dec/2025:21:37:08 +0800] "GET /index.php/products/consumer/specialized-cleaners/item/washing-machine-cleaner HTTP/1.1" 404 3331 "-" "Mozilla/5.0 (Windows NT 10.0; Win64; x64) AppleWebKit/537.36 (KHTML, like Gecko) Chrome/129.0.0.0 Safari/537.36"
190.18.229.59 - - [31/Dec/2025:21:37:09 +0800] "GET /index.php/products/food-sanitation/tools-dispensers/item/gmd-500-f-a HTTP/1.1" 404 3331 "-" "Mozilla/5.0 (Windows NT 10.0; Win64; x64) AppleWebKit/537.36 (KHTML, like Gecko) Chrome/129.0.0.0 Safari/537.36"
27.34.67.139 - - [31/Dec/2025:21:37:12 +0800] "GET /index.php/products/consumer/floor-care/item/floor-cleaner HTTP/1.1" 404 3331 "-" "Mozilla/5.0 (Windows NT 10.0; Win64; x64) AppleWebKit/537.36 (KHTML, like Gecko) Chrome/129.0.0.0 Safari/537.36"
45.172.80.41 - - [31/Dec/2025:21:37:12 +0800] "GET /index.php/products/public-hygiene/housekeeping/item/121-deo-gel-2 HTTP/1.1" 404 3331 "-" "Mozilla/5.0 (Windows NT 10.0; Win64; x64) AppleWebKit/537.36 (KHTML, like Gecko) Chrome/129.0.0.0 Safari/537.36"
191.209.60.24 - - [31/Dec/2025:21:37:14 +0800] "GET /index.php/products/public-hygiene/floor-care/item/0210-florestore-2 HTTP/1.1" 404 3331 "-" "Mozilla/5.0 (Windows NT 10.0; Win64; x64) AppleWebKit/537.36 (KHTML, like Gecko) Chrome/129.0.0.0 Safari/537.36"
191.5.105.107 - - [31/Dec/2025:21:37:14 +0800] "GET /index.php/products/public-hygiene/floor-care/item/0203-tilecon-seal-2 HTTP/1.1" 404 3331 "-" "Mozilla/5.0 (Windows NT 10.0; Win64; x64) AppleWebKit/537.36 (KHTML, like Gecko) Chrome/129.0.0.0 Safari/537.36"
177.86.49.49 - - [31/Dec/2025:21:37:15 +0800] "GET /index.php/products/global-business HTTP/1.1" 404 3331 "-" "Mozilla/5.0 (Windows NT 10.0; Win64; x64) AppleWebKit/537.36 (KHTML, like Gecko) Chrome/129.0.0.0 Safari/537.36"
191.95.145.53 - - [31/Dec/2025:21:37:15 +0800] "GET /index.php/products/public-hygiene/laundry-care/alphaindex/other HTTP/1.1" 404 3331 "-" "Mozilla/5.0 (Windows NT 10.0; Win64; x64) AppleWebKit/537.36 (KHTML, like Gecko) Chrome/129.0.0.0 Safari/537.36"
197.0.123.178 - - [31/Dec/2025:21:37:16 +0800] "GET /index.php/products/public-hygiene/laundry-care/item/350-laun-d-2 HTTP/1.1" 404 3331 "-" "Mozilla/5.0 (Windows NT 10.0; Win64; x64) AppleWebKit/537.36 (KHTML, like Gecko) Chrome/129.0.0.0 Safari/537.36"
40.77.167.48 - - [31/Dec/2025:21:37:15 +0800] "GET /index.php/component/finder/search?Itemid=101&Itemid=101&option=com_finder&q= HTTP/1.1" 200 190362 "-" "Mozilla/5.0 AppleWebKit/537.36 (KHTML, like Gecko; compatible; bingbot/2.0; +http://www.bing.com/bingbot.htm) Chrome/116.0.1938.76 Safari/537.36"
192.241.137.101 - - [31/Dec/2025:21:37:16 +0800] "GET /index.php/products/consumer/goodmaid-baby-bio/item/baby-bio-laundry-detergent HTTP/1.1" 404 3331 "-" "Mozilla/5.0 (Windows NT 10.0; Win64; x64) AppleWebKit/537.36 (KHTML, like Gecko) Chrome/129.0.0.0 Safari/537.36"
66.249.75.227 - - [31/Dec/2025:21:37:17 +0800] "GET /?a=389873 HTTP/1.1" 200 173369 "-" "Mozilla/5.0 (Linux; Android 6.0.1; Nexus 5X Build/MMB29P) AppleWebKit/537.36 (KHTML, like Gecko) Chrome/141.0.7390.122 Mobile Safari/537.36 (compatible; Googlebot/2.1; +http://www.google.com/bot.html)"
66.249.71.70 - - [31/Dec/2025:21:37:23 +0800] "GET /?a=2256704 HTTP/1.1" 200 176818 "-" "Mozilla/5.0 (Linux; Android 6.0.1; Nexus 5X Build/MMB29P) AppleWebKit/537.36 (KHTML, like Gecko) Chrome/141.0.7390.122 Mobile Safari/537.36 (compatible; Googlebot/2.1; +http://www.google.com/bot.html)"
37.214.4.0 - - [31/Dec/2025:21:37:24 +0800] "GET /index.php/products/healthcare-hygiene/dispenser HTTP/1.1" 404 3331 "-" "Mozilla/5.0 (Windows NT 10.0; Win64; x64) AppleWebKit/537.36 (KHTML, like Gecko) Chrome/129.0.0.0 Safari/537.36"
66.249.75.226 - - [31/Dec/2025:21:37:29 +0800] "GET /?a=1854922 HTTP/1.1" 200 185860 "-" "Mozilla/5.0 (Linux; Android 6.0.1; Nexus 5X Build/MMB29P) AppleWebKit/537.36 (KHTML, like Gecko) Chrome/141.0.7390.122 Mobile Safari/537.36 (compatible; Googlebot/2.1; +http://www.google.com/bot.html)"
66.249.87.226 - - [31/Dec/2025:21:37:32 +0800] "GET /p/iphone-6s-32gb-price-gold-14go-2481308 HTTP/1.1" 404 3331 "-" "Mozilla/5.0 (X11; Linux x86_64) AppleWebKit/537.36 (KHTML, like Gecko) Chrome/141.0.7390.122 Safari/537.36"
66.249.87.226 - - [31/Dec/2025:21:37:33 +0800] "GET /templates/yootheme/vendor/yootheme/theme/assets/js/customizer.min.js HTTP/1.1" 200 2746 "https://www.goodmaid.net/p/iphone-6s-32gb-price-gold-14go-2481308" "Mozilla/5.0 (X11; Linux x86_64) AppleWebKit/537.36 (KHTML, like Gecko) Chrome/141.0.7390.122 Safari/537.36"
66.249.87.226 - - [31/Dec/2025:21:37:33 +0800] "GET /templates/yootheme/css/theme.9.css HTTP/1.1" 200 453564 "https://www.goodmaid.net/p/iphone-6s-32gb-price-gold-14go-2481308" "Mozilla/5.0 (X11; Linux x86_64) AppleWebKit/537.36 (KHTML, like Gecko) Chrome/141.0.7390.122 Safari/537.36"
66.249.87.226 - - [31/Dec/2025:21:37:34 +0800] "GET /templates/yootheme/vendor/assets/uikit/dist/js/uikit-icons.min.js HTTP/1.1" 200 65254 "https://www.goodmaid.net/p/iphone-6s-32gb-price-gold-14go-2481308" "Mozilla/5.0 (X11; Linux x86_64) AppleWebKit/537.36 (KHTML, like Gecko) Chrome/141.0.7390.122 Safari/537.36"
52.167.144.190 - - [31/Dec/2025:21:37:33 +0800] "GET /index.php/about-us/company-profile/?a=2620589 HTTP/1.1" 200 190996 "-" "Mozilla/5.0 AppleWebKit/537.36 (KHTML, like Gecko; compatible; bingbot/2.0; +http://www.bing.com/bingbot.htm) Chrome/116.0.1938.76 Safari/537.36"
66.249.87.226 - - [31/Dec/2025:21:37:35 +0800] "GET /templates/yootheme/vendor/assets/uikit/dist/js/uikit.min.js HTTP/1.1" 200 139103 "https://www.goodmaid.net/p/iphone-6s-32gb-price-gold-14go-2481308" "Mozilla/5.0 (X11; Linux x86_64) AppleWebKit/537.36 (KHTML, like Gecko) Chrome/141.0.7390.122 Safari/537.36"
66.249.87.226 - - [31/Dec/2025:21:37:37 +0800] "GET /templates/yootheme/fonts/font-ba709d74.woff2 HTTP/1.1" 200 17660 "https://www.goodmaid.net/templates/yootheme/css/theme.9.css" "Mozilla/5.0 (X11; Linux x86_64) AppleWebKit/537.36 (KHTML, like Gecko) Chrome/141.0.7390.122 Safari/537.36"
66.249.75.226 - - [31/Dec/2025:21:37:36 +0800] "GET /?a=3865441 HTTP/1.1" 200 174879 "-" "Mozilla/5.0 (Linux; Android 6.0.1; Nexus 5X Build/MMB29P) AppleWebKit/537.36 (KHTML, like Gecko) Chrome/141.0.7390.122 Mobile Safari/537.36 (compatible; Googlebot/2.1; +http://www.google.com/bot.html)"
66.249.87.227 - - [31/Dec/2025:21:37:38 +0800] "GET /templates/yootheme/fonts/font-2a9f7e05.woff2 HTTP/1.1" 200 17552 "https://www.goodmaid.net/templates/yootheme/css/theme.9.css" "Mozilla/5.0 (X11; Linux x86_64) AppleWebKit/537.36 (KHTML, like Gecko) Chrome/141.0.7390.122 Safari/537.36"
66.249.87.226 - - [31/Dec/2025:21:37:39 +0800] "GET /templates/yootheme/fonts/font-89480a84.woff2 HTTP/1.1" 200 16720 "https://www.goodmaid.net/templates/yootheme/css/theme.9.css" "Mozilla/5.0 (X11; Linux x86_64) AppleWebKit/537.36 (KHTML, like Gecko) Chrome/141.0.7390.122 Safari/537.36"
66.249.87.227 - - [31/Dec/2025:21:37:40 +0800] "GET /images/yootheme/404-shape.svg HTTP/1.1" 200 176 "https://www.goodmaid.net/p/iphone-6s-32gb-price-gold-14go-2481308" "Mozilla/5.0 (X11; Linux x86_64) AppleWebKit/537.36 (KHTML, like Gecko) Chrome/141.0.7390.122 Safari/537.36"
40.77.167.235 - - [31/Dec/2025:21:37:39 +0800] "GET /index.php/about-us/company-profile/?a=425199 HTTP/1.1" 200 199618 "-" "Mozilla/5.0 AppleWebKit/537.36 (KHTML, like Gecko; compatible; bingbot/2.0; +http://www.bing.com/bingbot.htm) Chrome/116.0.1938.76 Safari/537.36"
66.249.87.226 - - [31/Dec/2025:21:37:41 +0800] "GET /images/yootheme/404-bg.svg HTTP/1.1" 200 181 "https://www.goodmaid.net/p/iphone-6s-32gb-price-gold-14go-2481308" "Mozilla/5.0 (X11; Linux x86_64) AppleWebKit/537.36 (KHTML, like Gecko) Chrome/141.0.7390.122 Safari/537.36"
40.77.167.235 - - [31/Dec/2025:21:37:41 +0800] "GET /index.php/about-us/company-profile/?a=4151801 HTTP/1.1" 200 202291 "-" "Mozilla/5.0 AppleWebKit/537.36 (KHTML, like Gecko; compatible; bingbot/2.0; +http://www.bing.com/bingbot.htm) Chrome/116.0.1938.76 Safari/537.36"
66.249.75.226 - - [31/Dec/2025:21:37:43 +0800] "GET /?a=4051621 HTTP/1.1" 200 177395 "-" "Mozilla/5.0 (Linux; Android 6.0.1; Nexus 5X Build/MMB29P) AppleWebKit/537.36 (KHTML, like Gecko) Chrome/141.0.7390.122 Mobile Safari/537.36 (compatible; Googlebot/2.1; +http://www.google.com/bot.html)"
185.191.171.5 - - [31/Dec/2025:21:37:59 +0800] "GET /robots.txt HTTP/1.1" 200 858 "-" "Mozilla/5.0 (compatible; SemrushBot/7~bl; +http://www.semrush.com/bot.html)"
185.191.171.9 - - [31/Dec/2025:21:38:01 +0800] "GET /index.php/products-services/consumer/consumer-products/category/air-freshener HTTP/1.1" 200 27881 "-" "Mozilla/5.0 (compatible; SemrushBot/7~bl; +http://www.semrush.com/bot.html)"
66.249.75.226 - - [31/Dec/2025:21:38:13 +0800] "GET /index.php//?a=5203771 HTTP/1.1" 200 179516 "-" "Mozilla/5.0 (Linux; Android 6.0.1; Nexus 5X Build/MMB29P) AppleWebKit/537.36 (KHTML, like Gecko) Chrome/141.0.7390.122 Mobile Safari/537.36 (compatible; Googlebot/2.1; +http://www.google.com/bot.html)"
66.249.75.227 - - [31/Dec/2025:21:38:13 +0800] "GET /?a=4810655 HTTP/1.1" 200 178034 "-" "Mozilla/5.0 (Linux; Android 6.0.1; Nexus 5X Build/MMB29P) AppleWebKit/537.36 (KHTML, like Gecko) Chrome/141.0.7390.122 Mobile Safari/537.36 (compatible; Googlebot/2.1; +http://www.google.com/bot.html)"
157.55.39.192 - - [31/Dec/2025:21:38:18 +0800] "GET /index.php/about-us/company-profile/shop/userreview/write.aspx/?a=5275475 HTTP/1.1" 200 208867 "-" "Mozilla/5.0 AppleWebKit/537.36 (KHTML, like Gecko; compatible; bingbot/2.0; +http://www.bing.com/bingbot.htm) Chrome/116.0.1938.76 Safari/537.36"
66.249.75.226 - - [31/Dec/2025:21:38:19 +0800] "GET /?a=1425766 HTTP/1.1" 200 192071 "-" "Mozilla/5.0 (Linux; Android 6.0.1; Nexus 5X Build/MMB29P) AppleWebKit/537.36 (KHTML, like Gecko) Chrome/141.0.7390.122 Mobile Safari/537.36 (compatible; Googlebot/2.1; +http://www.google.com/bot.html)"
157.55.39.192 - - [31/Dec/2025:21:38:19 +0800] "GET /index.php/about-us/company-profile/?a=3692365 HTTP/1.1" 200 185104 "-" "Mozilla/5.0 AppleWebKit/537.36 (KHTML, like Gecko; compatible; bingbot/2.0; +http://www.bing.com/bingbot.htm) Chrome/116.0.1938.76 Safari/537.36"
157.55.39.192 - - [31/Dec/2025:21:38:20 +0800] "GET /index.php/about-us/company-profile/?a=3525645 HTTP/1.1" 200 185353 "-" "Mozilla/5.0 AppleWebKit/537.36 (KHTML, like Gecko; compatible; bingbot/2.0; +http://www.bing.com/bingbot.htm) Chrome/116.0.1938.76 Safari/537.36"
66.249.75.226 - - [31/Dec/2025:21:38:35 +0800] "GET /?a=1547930 HTTP/1.1" 200 172756 "-" "Mozilla/5.0 (Linux; Android 6.0.1; Nexus 5X Build/MMB29P) AppleWebKit/537.36 (KHTML, like Gecko) Chrome/141.0.7390.122 Mobile Safari/537.36 (compatible; Googlebot/2.1; +http://www.google.com/bot.html)"
66.249.71.70 - - [31/Dec/2025:21:38:41 +0800] "GET /?a=4684458 HTTP/1.1" 200 180851 "-" "Mozilla/5.0 (Linux; Android 6.0.1; Nexus 5X Build/MMB29P) AppleWebKit/537.36 (KHTML, like Gecko) Chrome/141.0.7390.122 Mobile Safari/537.36 (compatible; Googlebot/2.1; +http://www.google.com/bot.html)"
207.46.13.116 - - [31/Dec/2025:21:38:44 +0800] "GET /index.php/about-us/company-profile/?a=506597 HTTP/1.1" 200 182398 "-" "Mozilla/5.0 AppleWebKit/537.36 (KHTML, like Gecko; compatible; bingbot/2.0; +http://www.bing.com/bingbot.htm) Chrome/116.0.1938.76 Safari/537.36"
52.167.144.230 - - [31/Dec/2025:21:38:49 +0800] "GET /index.php/about-us/company-profile/?a=200947 HTTP/1.1" 200 188592 "-" "Mozilla/5.0 AppleWebKit/537.36 (KHTML, like Gecko; compatible; bingbot/2.0; +http://www.bing.com/bingbot.htm) Chrome/116.0.1938.76 Safari/537.36"
52.167.144.190 - - [31/Dec/2025:21:38:54 +0800] "GET /index.php/about-us/company-profile/?a=5082607 HTTP/1.1" 200 184357 "-" "Mozilla/5.0 AppleWebKit/537.36 (KHTML, like Gecko; compatible; bingbot/2.0; +http://www.bing.com/bingbot.htm) Chrome/116.0.1938.76 Safari/537.36"
66.249.71.130 - - [31/Dec/2025:21:38:57 +0800] "GET /?a=2828102 HTTP/1.1" 200 177435 "-" "Mozilla/5.0 (Linux; Android 6.0.1; Nexus 5X Build/MMB29P) AppleWebKit/537.36 (KHTML, like Gecko) Chrome/141.0.7390.122 Mobile Safari/537.36 (compatible; Googlebot/2.1; +http://www.google.com/bot.html)"
66.249.75.227 - - [31/Dec/2025:21:39:03 +0800] "GET /?a=4953532 HTTP/1.1" 200 171410 "-" "Mozilla/5.0 (Linux; Android 6.0.1; Nexus 5X Build/MMB29P) AppleWebKit/537.36 (KHTML, like Gecko) Chrome/141.0.7390.122 Mobile Safari/537.36 (compatible; Googlebot/2.1; +http://www.google.com/bot.html)"
66.249.75.226 - - [31/Dec/2025:21:39:10 +0800] "GET /?a=2326862 HTTP/1.1" 200 172609 "-" "Mozilla/5.0 (Linux; Android 6.0.1; Nexus 5X Build/MMB29P) AppleWebKit/537.36 (KHTML, like Gecko) Chrome/141.0.7390.122 Mobile Safari/537.36 (compatible; Googlebot/2.1; +http://www.google.com/bot.html)"
66.249.71.70 - - [31/Dec/2025:21:39:18 +0800] "GET /?a=4397880 HTTP/1.1" 200 174088 "-" "Mozilla/5.0 (Linux; Android 6.0.1; Nexus 5X Build/MMB29P) AppleWebKit/537.36 (KHTML, like Gecko) Chrome/141.0.7390.122 Mobile Safari/537.36 (compatible; Googlebot/2.1; +http://www.google.com/bot.html)"
66.249.71.70 - - [31/Dec/2025:21:39:31 +0800] "GET /?a=2817761 HTTP/1.1" 200 173375 "-" "Mozilla/5.0 (Linux; Android 6.0.1; Nexus 5X Build/MMB29P) AppleWebKit/537.36 (KHTML, like Gecko) Chrome/141.0.7390.122 Mobile Safari/537.36 (compatible; Googlebot/2.1; +http://www.google.com/bot.html)"
40.77.167.19 - - [31/Dec/2025:21:39:32 +0800] "GET /index.php/about-us/company-profile/?a=2438002 HTTP/1.1" 200 187035 "-" "Mozilla/5.0 AppleWebKit/537.36 (KHTML, like Gecko; compatible; bingbot/2.0; +http://www.bing.com/bingbot.htm) Chrome/116.0.1938.76 Safari/537.36"
157.55.39.12 - - [31/Dec/2025:21:39:38 +0800] "GET /index.php/about-us/company-profile/?a=1865484 HTTP/1.1" 200 187443 "-" "Mozilla/5.0 AppleWebKit/537.36 (KHTML, like Gecko; compatible; bingbot/2.0; +http://www.bing.com/bingbot.htm) Chrome/116.0.1938.76 Safari/537.36"
66.249.75.226 - - [31/Dec/2025:21:39:43 +0800] "GET /?a=3226153 HTTP/1.1" 200 173729 "-" "Mozilla/5.0 (Linux; Android 6.0.1; Nexus 5X Build/MMB29P) AppleWebKit/537.36 (KHTML, like Gecko) Chrome/141.0.7390.122 Mobile Safari/537.36 (compatible; Googlebot/2.1; +http://www.google.com/bot.html)"
1.75.214.56 - - [31/Dec/2025:21:39:58 +0800] "GET /?a=2037028 HTTP/1.1" 200 420 "https://www.google.com/" "Mozilla/5.0 (iPhone; CPU iPhone OS 16_1_1 like Mac OS X) AppleWebKit/605.1.15 (KHTML, like Gecko) GSA/387.1.809473243 Mobile/15E148 Safari/604.1"
52.167.144.230 - - [31/Dec/2025:21:39:59 +0800] "GET /index.php/about-us/company-profile/?a=101795 HTTP/1.1" 200 192283 "-" "Mozilla/5.0 AppleWebKit/537.36 (KHTML, like Gecko; compatible; bingbot/2.0; +http://www.bing.com/bingbot.htm) Chrome/116.0.1938.76 Safari/537.36"
66.249.71.70 - - [31/Dec/2025:21:40:25 +0800] "GET /index.php//?a=1179991 HTTP/1.1" 200 190781 "-" "Mozilla/5.0 (Linux; Android 6.0.1; Nexus 5X Build/MMB29P) AppleWebKit/537.36 (KHTML, like Gecko) Chrome/141.0.7390.122 Mobile Safari/537.36 (compatible; Googlebot/2.1; +http://www.google.com/bot.html)"
66.249.75.226 - - [31/Dec/2025:21:40:26 +0800] "GET /?a=3240632 HTTP/1.1" 200 185350 "-" "Mozilla/5.0 (Linux; Android 6.0.1; Nexus 5X Build/MMB29P) AppleWebKit/537.36 (KHTML, like Gecko) Chrome/141.0.7390.122 Mobile Safari/537.36 (compatible; Googlebot/2.1; +http://www.google.com/bot.html)"
66.249.75.226 - - [31/Dec/2025:21:40:31 +0800] "GET /?a=3546385 HTTP/1.1" 200 169145 "-" "Mozilla/5.0 (Linux; Android 6.0.1; Nexus 5X Build/MMB29P) AppleWebKit/537.36 (KHTML, like Gecko) Chrome/141.0.7390.122 Mobile Safari/537.36 (compatible; Googlebot/2.1; +http://www.google.com/bot.html)"
66.249.75.226 - - [31/Dec/2025:21:40:38 +0800] "GET /?a=3993842 HTTP/1.1" 200 170466 "-" "Mozilla/5.0 (Linux; Android 6.0.1; Nexus 5X Build/MMB29P) AppleWebKit/537.36 (KHTML, like Gecko) Chrome/141.0.7390.122 Mobile Safari/537.36 (compatible; Googlebot/2.1; +http://www.google.com/bot.html)"
40.77.167.16 - - [31/Dec/2025:21:40:38 +0800] "GET /index.php/about-us/company-profile/?a=2723230 HTTP/1.1" 200 181499 "-" "Mozilla/5.0 AppleWebKit/537.36 (KHTML, like Gecko; compatible; bingbot/2.0; +http://www.bing.com/bingbot.htm) Chrome/116.0.1938.76 Safari/537.36"
207.46.13.116 - - [31/Dec/2025:21:40:43 +0800] "GET /index.php/about-us/company-profile/?a=3064606 HTTP/1.1" 200 194947 "-" "Mozilla/5.0 AppleWebKit/537.36 (KHTML, like Gecko; compatible; bingbot/2.0; +http://www.bing.com/bingbot.htm) Chrome/116.0.1938.76 Safari/537.36"
66.249.75.226 - - [31/Dec/2025:21:40:44 +0800] "GET /?a=2083416 HTTP/1.1" 200 179588 "-" "Mozilla/5.0 (Linux; Android 6.0.1; Nexus 5X Build/MMB29P) AppleWebKit/537.36 (KHTML, like Gecko) Chrome/141.0.7390.122 Mobile Safari/537.36 (compatible; Googlebot/2.1; +http://www.google.com/bot.html)"
159.65.239.35 - - [31/Dec/2025:21:40:45 +0800] "GET /index.php/products/consumer/specialized-cleaners/item/oven-cleaner HTTP/1.1" 404 3331 "-" "Mozilla/5.0 (Windows NT 10.0; Win64; x64) AppleWebKit/537.36 (KHTML, like Gecko) Chrome/129.0.0.0 Safari/537.36"
213.231.58.162 - - [31/Dec/2025:21:40:46 +0800] "GET /index.php/products/public-hygiene/housekeeping/item/100-multi-zap-2 HTTP/1.1" 404 3331 "-" "Mozilla/5.0 (Windows NT 10.0; Win64; x64) AppleWebKit/537.36 (KHTML, like Gecko) Chrome/129.0.0.0 Safari/537.36"
192.241.146.103 - - [31/Dec/2025:21:40:46 +0800] "GET /index.php/products/food-sanitation/goodmaid-pro-ware-washing/item/gmp-353-destainer HTTP/1.1" 404 3331 "-" "Mozilla/5.0 (Windows NT 10.0; Win64; x64) AppleWebKit/537.36 (KHTML, like Gecko) Chrome/129.0.0.0 Safari/537.36"
192.241.138.251 - - [31/Dec/2025:21:40:49 +0800] "GET /index.php/products/consumer/specialized-cleaners/item/washing-machine-cleaner HTTP/1.1" 404 3331 "-" "Mozilla/5.0 (Windows NT 10.0; Win64; x64) AppleWebKit/537.36 (KHTML, like Gecko) Chrome/129.0.0.0 Safari/537.36"
