37.60.141.252 - - [31/Dec/2025:21:03:36 +0800] "POST /index.php/products-services/consumer/consumer-products/category/toilet-cleaners/wp-login.php HTTP/1.1" 200 28969 "https://www.goodmaid.net/index.php/products-services/consumer/consumer-products/category/toilet-cleaners/wp-login.php" "Mozilla/5.0 (X11; Linux x86_64) Gecko/20100101 Firefox/118.0.2"
77.83.36.161 - - [31/Dec/2025:21:03:37 +0800] "GET /administrator/index.php HTTP/1.0" 200 14632 "-" "Mozilla/4.0 (compatible; MSIE 7.0; Windows NT 6.0)"
37.60.141.252 - - [31/Dec/2025:21:03:37 +0800] "POST /index.php/products-services/consumer/consumer-products/category/toilet-cleaners/wp-login.php HTTP/1.1" 200 28969 "https://www.goodmaid.net/index.php/products-services/consumer/consumer-products/category/toilet-cleaners/wp-login.php" "Mozilla/5.0 (Windows NT 10.0; Win64; x64) AppleWebKit/537.36 (KHTML, like Gecko) Chrome/121.0.6167.85 Safari/537.36"
77.83.36.161 - - [31/Dec/2025:21:03:38 +0800] "POST /administrator/index.php HTTP/1.0" 303 - "-" "Mozilla/4.0 (compatible; MSIE 7.0; Windows NT 6.0)"
77.83.36.161 - - [31/Dec/2025:21:03:39 +0800] "GET /administrator/index.php HTTP/1.0" 200 14632 "-" "Mozilla/4.0 (compatible; MSIE 7.0; Windows NT 6.0)"
37.60.141.252 - - [31/Dec/2025:21:03:39 +0800] "POST /index.php/products-services/consumer/consumer-products/category/toilet-cleaners/wp-login.php HTTP/1.1" 200 28969 "https://www.goodmaid.net/index.php/products-services/consumer/consumer-products/category/toilet-cleaners/wp-login.php" "Mozilla/5.0 (X11; Linux x86_64) Gecko/20100101 Firefox/120.0.1"
77.83.36.161 - - [31/Dec/2025:21:03:39 +0800] "POST /administrator/index.php HTTP/1.0" 303 - "-" "Mozilla/4.0 (compatible; MSIE 7.0; Windows NT 6.0)"
37.60.141.252 - - [31/Dec/2025:21:03:40 +0800] "POST /index.php/products-services/consumer/consumer-products/category/toilet-cleaners/wp-login.php HTTP/1.1" 200 28969 "https://www.goodmaid.net/index.php/products-services/consumer/consumer-products/category/toilet-cleaners/wp-login.php" "Mozilla/5.0 (Macintosh; Intel Mac OS X 13_6_2) AppleWebKit/537.36 (KHTML, like Gecko) Chrome/120.0.6099.130 Safari/537.36"
77.83.36.161 - - [31/Dec/2025:21:03:40 +0800] "GET /administrator/index.php HTTP/1.0" 200 14632 "-" "Mozilla/4.0 (compatible; MSIE 7.0; Windows NT 6.0)"
37.60.141.252 - - [31/Dec/2025:21:03:41 +0800] "POST /index.php/products-services/consumer/consumer-products/category/toilet-cleaners/wp-login.php HTTP/1.1" 200 28969 "https://www.goodmaid.net/index.php/products-services/consumer/consumer-products/category/toilet-cleaners/wp-login.php" "Mozilla/5.0 (Windows NT 10.0; Win64; x64) Gecko/20100101 Firefox/121.0"
77.83.36.161 - - [31/Dec/2025:21:03:42 +0800] "POST /administrator/index.php HTTP/1.0" 303 - "-" "Mozilla/4.0 (compatible; MSIE 7.0; Windows NT 6.0)"
37.60.141.252 - - [31/Dec/2025:21:03:42 +0800] "POST /index.php/products-services/consumer/consumer-products/category/toilet-cleaners/wp-login.php HTTP/1.1" 200 28969 "https://www.goodmaid.net/index.php/products-services/consumer/consumer-products/category/toilet-cleaners/wp-login.php" "Mozilla/5.0 (X11; Linux x86_64) Gecko/20100101 Firefox/118.0.2"
77.83.36.161 - - [31/Dec/2025:21:03:43 +0800] "GET /administrator/index.php HTTP/1.0" 200 14632 "-" "Mozilla/4.0 (compatible; MSIE 7.0; Windows NT 6.0)"
66.249.75.226 - - [31/Dec/2025:21:03:42 +0800] "GET /?a=2539641 HTTP/1.1" 200 176547 "-" "Mozilla/5.0 (Linux; Android 6.0.1; Nexus 5X Build/MMB29P) AppleWebKit/537.36 (KHTML, like Gecko) Chrome/141.0.7390.122 Mobile Safari/537.36 (compatible; Googlebot/2.1; +http://www.google.com/bot.html)"
77.83.36.161 - - [31/Dec/2025:21:03:43 +0800] "POST /administrator/index.php HTTP/1.0" 303 - "-" "Mozilla/4.0 (compatible; MSIE 7.0; Windows NT 6.0)"
37.60.141.252 - - [31/Dec/2025:21:03:44 +0800] "POST /index.php/products-services/consumer/consumer-products/category/toilet-cleaners/wp-login.php HTTP/1.1" 200 28969 "https://www.goodmaid.net/index.php/products-services/consumer/consumer-products/category/toilet-cleaners/wp-login.php" "Mozilla/5.0 (X11; Ubuntu; Linux x86_64) AppleWebKit/537.36 (KHTML, like Gecko) Chrome/118.0.5993.88 Safari/537.36"
77.83.36.161 - - [31/Dec/2025:21:03:44 +0800] "GET /administrator/index.php HTTP/1.0" 200 14632 "-" "Mozilla/4.0 (compatible; MSIE 7.0; Windows NT 6.0)"
37.60.141.252 - - [31/Dec/2025:21:03:45 +0800] "POST /index.php/products-services/consumer/consumer-products/category/toilet-cleaners/wp-login.php HTTP/1.1" 200 28969 "https://www.goodmaid.net/index.php/products-services/consumer/consumer-products/category/toilet-cleaners/wp-login.php" "Mozilla/5.0 (Macintosh; Intel Mac OS X 10.15) Gecko/20100101 Firefox/122.0"
77.83.36.161 - - [31/Dec/2025:21:03:45 +0800] "POST /administrator/index.php HTTP/1.0" 303 - "-" "Mozilla/4.0 (compatible; MSIE 7.0; Windows NT 6.0)"
77.83.36.161 - - [31/Dec/2025:21:03:46 +0800] "GET /administrator/index.php HTTP/1.0" 200 14632 "-" "Mozilla/4.0 (compatible; MSIE 7.0; Windows NT 6.0)"
37.60.141.252 - - [31/Dec/2025:21:03:46 +0800] "POST /index.php/products-services/consumer/consumer-products/category/toilet-cleaners/wp-login.php HTTP/1.1" 200 28969 "https://www.goodmaid.net/index.php/products-services/consumer/consumer-products/category/toilet-cleaners/wp-login.php" "Mozilla/5.0 (Macintosh; Intel Mac OS X 10.15) Gecko/20100101 Firefox/121.0"
37.60.141.252 - - [31/Dec/2025:21:03:48 +0800] "POST /index.php/products-services/consumer/consumer-products/category/toilet-cleaners/wp-login.php HTTP/1.1" 200 28969 "https://www.goodmaid.net/index.php/products-services/consumer/consumer-products/category/toilet-cleaners/wp-login.php" "Mozilla/5.0 (Windows NT 10.0; Win64; x64) Gecko/20100101 Firefox/119.0.1"
37.60.141.252 - - [31/Dec/2025:21:03:49 +0800] "POST /index.php/products-services/consumer/consumer-products/category/toilet-cleaners/wp-login.php HTTP/1.1" 200 28969 "https://www.goodmaid.net/index.php/products-services/consumer/consumer-products/category/toilet-cleaners/wp-login.php" "Mozilla/5.0 (Macintosh; Intel Mac OS X 10.15) Gecko/20100101 Firefox/121.0"
37.60.141.252 - - [31/Dec/2025:21:03:50 +0800] "POST /index.php/products-services/consumer/consumer-products/category/toilet-cleaners/wp-login.php HTTP/1.1" 200 28969 "https://www.goodmaid.net/index.php/products-services/consumer/consumer-products/category/toilet-cleaners/wp-login.php" "Mozilla/5.0 (X11; Linux x86_64) AppleWebKit/537.36 (KHTML, like Gecko) Chrome/119.0.6045.159 Safari/537.36"
37.60.141.252 - - [31/Dec/2025:21:03:52 +0800] "POST /index.php/products-services/consumer/consumer-products/category/toilet-cleaners/wp-login.php HTTP/1.1" 200 28969 "https://www.goodmaid.net/index.php/products-services/consumer/consumer-products/category/toilet-cleaners/wp-login.php" "Mozilla/5.0 (X11; Ubuntu; Linux x86_64) AppleWebKit/537.36 (KHTML, like Gecko) Chrome/120.0.6099.130 Safari/537.36"
37.60.141.252 - - [31/Dec/2025:21:03:53 +0800] "POST /index.php/products-services/consumer/consumer-products/category/toilet-cleaners/wp-login.php HTTP/1.1" 200 28969 "https://www.goodmaid.net/index.php/products-services/consumer/consumer-products/category/toilet-cleaners/wp-login.php" "Mozilla/5.0 (X11; Linux x86_64) Gecko/20100101 Firefox/118.0.2"
37.60.141.252 - - [31/Dec/2025:21:03:54 +0800] "POST /index.php/products-services/consumer/consumer-products/category/toilet-cleaners/wp-login.php HTTP/1.1" 200 28969 "https://www.goodmaid.net/index.php/products-services/consumer/consumer-products/category/toilet-cleaners/wp-login.php" "Mozilla/5.0 (Windows NT 10.0; Win64; x64) Gecko/20100101 Firefox/118.0.2"
37.60.141.252 - - [31/Dec/2025:21:03:55 +0800] "POST /index.php/products-services/consumer/consumer-products/category/toilet-cleaners/wp-login.php HTTP/1.1" 200 28969 "https://www.goodmaid.net/index.php/products-services/consumer/consumer-products/category/toilet-cleaners/wp-login.php" "Mozilla/5.0 (Windows NT 10.0; Win64; x64) AppleWebKit/537.36 (KHTML, like Gecko) Chrome/118.0.5993.88 Safari/537.36"
37.60.141.252 - - [31/Dec/2025:21:03:56 +0800] "POST /index.php/products-services/consumer/consumer-products/category/toilet-cleaners/wp-login.php HTTP/1.1" 200 28969 "https://www.goodmaid.net/index.php/products-services/consumer/consumer-products/category/toilet-cleaners/wp-login.php" "Mozilla/5.0 (X11; Linux x86_64) AppleWebKit/537.36 (KHTML, like Gecko) Chrome/122.0.6261.57 Safari/537.36"
37.60.141.252 - - [31/Dec/2025:21:03:58 +0800] "POST /index.php/products-services/consumer/consumer-products/category/toilet-cleaners/wp-login.php HTTP/1.1" 200 28969 "https://www.goodmaid.net/index.php/products-services/consumer/consumer-products/category/toilet-cleaners/wp-login.php" "Mozilla/5.0 (X11; Ubuntu; Linux x86_64) AppleWebKit/537.36 (KHTML, like Gecko) Chrome/122.0.6261.57 Safari/537.36"
37.60.141.252 - - [31/Dec/2025:21:03:59 +0800] "POST /index.php/products-services/consumer/consumer-products/category/toilet-cleaners/wp-login.php HTTP/1.1" 200 28969 "https://www.goodmaid.net/index.php/products-services/consumer/consumer-products/category/toilet-cleaners/wp-login.php" "Mozilla/5.0 (Macintosh; Intel Mac OS X 13_6_2) AppleWebKit/537.36 (KHTML, like Gecko) Chrome/120.0.6099.130 Safari/537.36"
37.60.141.252 - - [31/Dec/2025:21:04:00 +0800] "POST /index.php/products-services/consumer/consumer-products/category/toilet-cleaners/wp-login.php HTTP/1.1" 200 28969 "https://www.goodmaid.net/index.php/products-services/consumer/consumer-products/category/toilet-cleaners/wp-login.php" "Mozilla/5.0 (Windows NT 10.0; Win64; x64) AppleWebKit/537.36 (KHTML, like Gecko) Chrome/122.0.6261.57 Safari/537.36"
37.60.141.252 - - [31/Dec/2025:21:04:01 +0800] "POST /index.php/products-services/consumer/consumer-products/category/toilet-cleaners/wp-login.php HTTP/1.1" 200 28969 "https://www.goodmaid.net/index.php/products-services/consumer/consumer-products/category/toilet-cleaners/wp-login.php" "Mozilla/5.0 (X11; Linux x86_64) Gecko/20100101 Firefox/119.0.1"
37.60.141.252 - - [31/Dec/2025:21:04:03 +0800] "POST /index.php/products-services/consumer/consumer-products/category/toilet-cleaners/wp-login.php HTTP/1.1" 200 28969 "https://www.goodmaid.net/index.php/products-services/consumer/consumer-products/category/toilet-cleaners/wp-login.php" "Mozilla/5.0 (Macintosh; Intel Mac OS X 10.15) Gecko/20100101 Firefox/118.0.2"
37.60.141.252 - - [31/Dec/2025:21:04:04 +0800] "POST /index.php/products-services/consumer/consumer-products/category/toilet-cleaners/wp-login.php HTTP/1.1" 200 28969 "https://www.goodmaid.net/index.php/products-services/consumer/consumer-products/category/toilet-cleaners/wp-login.php" "Mozilla/5.0 (Macintosh; Intel Mac OS X 13_6_2) AppleWebKit/537.36 (KHTML, like Gecko) Chrome/121.0.6167.85 Safari/537.36"
37.60.141.252 - - [31/Dec/2025:21:04:05 +0800] "POST /index.php/products-services/consumer/consumer-products/category/toilet-cleaners/wp-login.php HTTP/1.1" 200 28969 "https://www.goodmaid.net/index.php/products-services/consumer/consumer-products/category/toilet-cleaners/wp-login.php" "Mozilla/5.0 (X11; Linux x86_64) AppleWebKit/537.36 (KHTML, like Gecko) Chrome/119.0.6045.159 Safari/537.36"
37.60.141.252 - - [31/Dec/2025:21:04:07 +0800] "POST /index.php/products-services/consumer/consumer-products/category/toilet-cleaners/wp-login.php HTTP/1.1" 200 28969 "https://www.goodmaid.net/index.php/products-services/consumer/consumer-products/category/toilet-cleaners/wp-login.php" "Mozilla/5.0 (X11; Ubuntu; Linux x86_64) AppleWebKit/537.36 (KHTML, like Gecko) Chrome/119.0.6045.159 Safari/537.36"
66.249.71.64 - - [31/Dec/2025:21:04:07 +0800] "GET /?a=2070441 HTTP/1.1" 200 174541 "-" "Mozilla/5.0 (Linux; Android 6.0.1; Nexus 5X Build/MMB29P) AppleWebKit/537.36 (KHTML, like Gecko) Chrome/141.0.7390.122 Mobile Safari/537.36 (compatible; Googlebot/2.1; +http://www.google.com/bot.html)"
37.60.141.252 - - [31/Dec/2025:21:04:08 +0800] "POST /index.php/products-services/consumer/consumer-products/category/toilet-cleaners/wp-login.php HTTP/1.1" 200 28969 "https://www.goodmaid.net/index.php/products-services/consumer/consumer-products/category/toilet-cleaners/wp-login.php" "Mozilla/5.0 (Windows NT 10.0; Win64; x64) AppleWebKit/537.36 (KHTML, like Gecko) Chrome/118.0.5993.88 Safari/537.36"
185.191.171.7 - - [31/Dec/2025:21:04:08 +0800] "GET /robots.txt HTTP/1.1" 200 858 "-" "Mozilla/5.0 (compatible; SemrushBot/7~bl; +http://www.semrush.com/bot.html)"
37.60.141.252 - - [31/Dec/2025:21:04:09 +0800] "POST /index.php/products-services/consumer/consumer-products/category/toilet-cleaners/wp-login.php HTTP/1.1" 200 28969 "https://www.goodmaid.net/index.php/products-services/consumer/consumer-products/category/toilet-cleaners/wp-login.php" "Mozilla/5.0 (Windows NT 11.0; Win64; x64) AppleWebKit/537.36 (KHTML, like Gecko) Chrome/119.0.6045.159 Safari/537.36"
185.191.171.13 - - [31/Dec/2025:21:04:10 +0800] "GET /index.php/products-services/consumer/consumer-products/item/care-hand-cleanser HTTP/1.1" 200 30085 "-" "Mozilla/5.0 (compatible; SemrushBot/7~bl; +http://www.semrush.com/bot.html)"
37.60.141.252 - - [31/Dec/2025:21:04:10 +0800] "POST /index.php/products-services/consumer/consumer-products/category/toilet-cleaners/wp-login.php HTTP/1.1" 200 28969 "https://www.goodmaid.net/index.php/products-services/consumer/consumer-products/category/toilet-cleaners/wp-login.php" "Mozilla/5.0 (X11; Linux x86_64) Gecko/20100101 Firefox/122.0"
37.60.141.252 - - [31/Dec/2025:21:04:12 +0800] "POST /index.php/products-services/consumer/consumer-products/category/toilet-cleaners/wp-login.php HTTP/1.1" 200 28969 "https://www.goodmaid.net/index.php/products-services/consumer/consumer-products/category/toilet-cleaners/wp-login.php" "Mozilla/5.0 (X11; Linux x86_64) AppleWebKit/537.36 (KHTML, like Gecko) Chrome/120.0.6099.130 Safari/537.36"
37.60.141.252 - - [31/Dec/2025:21:04:13 +0800] "POST /index.php/products-services/consumer/consumer-products/category/toilet-cleaners/wp-login.php HTTP/1.1" 200 28969 "https://www.goodmaid.net/index.php/products-services/consumer/consumer-products/category/toilet-cleaners/wp-login.php" "Mozilla/5.0 (Macintosh; Intel Mac OS X 13_6_2) AppleWebKit/537.36 (KHTML, like Gecko) Chrome/122.0.6261.57 Safari/537.36"
37.60.141.252 - - [31/Dec/2025:21:04:15 +0800] "POST /index.php/products-services/consumer/consumer-products/category/toilet-cleaners/wp-login.php HTTP/1.1" 200 28969 "https://www.goodmaid.net/index.php/products-services/consumer/consumer-products/category/toilet-cleaners/wp-login.php" "Mozilla/5.0 (Macintosh; Intel Mac OS X 13_6_2) AppleWebKit/537.36 (KHTML, like Gecko) Chrome/118.0.5993.88 Safari/537.36"
37.60.141.252 - - [31/Dec/2025:21:04:16 +0800] "POST /index.php/products-services/consumer/consumer-products/category/toilet-cleaners/wp-login.php HTTP/1.1" 200 28969 "https://www.goodmaid.net/index.php/products-services/consumer/consumer-products/category/toilet-cleaners/wp-login.php" "Mozilla/5.0 (Macintosh; Intel Mac OS X 10.15) Gecko/20100101 Firefox/118.0.2"
37.60.141.252 - - [31/Dec/2025:21:04:17 +0800] "POST /index.php/products-services/consumer/consumer-products/category/toilet-cleaners/wp-login.php HTTP/1.1" 200 28969 "https://www.goodmaid.net/index.php/products-services/consumer/consumer-products/category/toilet-cleaners/wp-login.php" "Mozilla/5.0 (Macintosh; Intel Mac OS X 10.15) Gecko/20100101 Firefox/120.0.1"
37.60.141.252 - - [31/Dec/2025:21:04:18 +0800] "POST /index.php/products-services/consumer/consumer-products/category/toilet-cleaners/wp-login.php HTTP/1.1" 200 28969 "https://www.goodmaid.net/index.php/products-services/consumer/consumer-products/category/toilet-cleaners/wp-login.php" "Mozilla/5.0 (Macintosh; Intel Mac OS X 10.15) Gecko/20100101 Firefox/122.0"
37.60.141.252 - - [31/Dec/2025:21:04:20 +0800] "POST /index.php/products-services/consumer/consumer-products/category/toilet-cleaners/wp-login.php HTTP/1.1" 200 28969 "https://www.goodmaid.net/index.php/products-services/consumer/consumer-products/category/toilet-cleaners/wp-login.php" "Mozilla/5.0 (Macintosh; Intel Mac OS X 10.15) Gecko/20100101 Firefox/119.0.1"
37.60.141.252 - - [31/Dec/2025:21:04:21 +0800] "POST /index.php/products-services/consumer/consumer-products/category/toilet-cleaners/wp-login.php HTTP/1.1" 200 28969 "https://www.goodmaid.net/index.php/products-services/consumer/consumer-products/category/toilet-cleaners/wp-login.php" "Mozilla/5.0 (X11; Linux x86_64) Gecko/20100101 Firefox/119.0.1"
37.60.141.252 - - [31/Dec/2025:21:04:23 +0800] "POST /index.php/products-services/consumer/consumer-products/category/toilet-cleaners/wp-login.php HTTP/1.1" 200 28969 "https://www.goodmaid.net/index.php/products-services/consumer/consumer-products/category/toilet-cleaners/wp-login.php" "Mozilla/5.0 (X11; Linux x86_64) Gecko/20100101 Firefox/119.0.1"
37.60.141.252 - - [31/Dec/2025:21:04:24 +0800] "POST /index.php/products-services/consumer/consumer-products/category/toilet-cleaners/wp-login.php HTTP/1.1" 200 28969 "https://www.goodmaid.net/index.php/products-services/consumer/consumer-products/category/toilet-cleaners/wp-login.php" "Mozilla/5.0 (Windows NT 10.0; Win64; x64) Gecko/20100101 Firefox/118.0.2"
66.249.75.227 - - [31/Dec/2025:21:04:23 +0800] "GET /?a=4830745 HTTP/1.1" 200 176162 "-" "Mozilla/5.0 (Linux; Android 6.0.1; Nexus 5X Build/MMB29P) AppleWebKit/537.36 (KHTML, like Gecko) Chrome/141.0.7390.122 Mobile Safari/537.36 (compatible; GoogleOther)"
66.249.75.227 - - [31/Dec/2025:21:04:24 +0800] "GET /?a=3128041 HTTP/1.1" 200 174620 "-" "Mozilla/5.0 (Linux; Android 6.0.1; Nexus 5X Build/MMB29P) AppleWebKit/537.36 (KHTML, like Gecko) Chrome/141.0.7390.122 Mobile Safari/537.36 (compatible; Googlebot/2.1; +http://www.google.com/bot.html)"
37.60.141.252 - - [31/Dec/2025:21:04:25 +0800] "POST /index.php/products-services/consumer/consumer-products/category/toilet-cleaners/wp-login.php HTTP/1.1" 200 28969 "https://www.goodmaid.net/index.php/products-services/consumer/consumer-products/category/toilet-cleaners/wp-login.php" "Mozilla/5.0 (Macintosh; Intel Mac OS X 10_15_7) AppleWebKit/537.36 (KHTML, like Gecko) Chrome/121.0.6167.85 Safari/537.36"
37.60.141.252 - - [31/Dec/2025:21:04:26 +0800] "POST /index.php/products-services/consumer/consumer-products/category/toilet-cleaners/wp-login.php HTTP/1.1" 200 28969 "https://www.goodmaid.net/index.php/products-services/consumer/consumer-products/category/toilet-cleaners/wp-login.php" "Mozilla/5.0 (Macintosh; Intel Mac OS X 13_6_2) AppleWebKit/537.36 (KHTML, like Gecko) Chrome/120.0.6099.130 Safari/537.36"
37.60.141.252 - - [31/Dec/2025:21:04:28 +0800] "POST /index.php/products-services/consumer/consumer-products/category/toilet-cleaners/wp-login.php HTTP/1.1" 200 28969 "https://www.goodmaid.net/index.php/products-services/consumer/consumer-products/category/toilet-cleaners/wp-login.php" "Mozilla/5.0 (Macintosh; Intel Mac OS X 13_6_2) AppleWebKit/537.36 (KHTML, like Gecko) Chrome/118.0.5993.88 Safari/537.36"
37.60.141.252 - - [31/Dec/2025:21:04:29 +0800] "POST /index.php/products-services/consumer/consumer-products/category/toilet-cleaners/wp-login.php HTTP/1.1" 200 28969 "https://www.goodmaid.net/index.php/products-services/consumer/consumer-products/category/toilet-cleaners/wp-login.php" "Mozilla/5.0 (Macintosh; Intel Mac OS X 10_15_7) AppleWebKit/537.36 (KHTML, like Gecko) Chrome/119.0.6045.159 Safari/537.36"
37.60.141.252 - - [31/Dec/2025:21:04:31 +0800] "POST /index.php/products-services/consumer/consumer-products/category/toilet-cleaners/wp-login.php HTTP/1.1" 200 28969 "https://www.goodmaid.net/index.php/products-services/consumer/consumer-products/category/toilet-cleaners/wp-login.php" "Mozilla/5.0 (X11; Ubuntu; Linux x86_64) AppleWebKit/537.36 (KHTML, like Gecko) Chrome/121.0.6167.85 Safari/537.36"
37.60.141.252 - - [31/Dec/2025:21:04:33 +0800] "POST /index.php/products-services/consumer/consumer-products/category/toilet-cleaners/wp-login.php HTTP/1.1" 200 28969 "https://www.goodmaid.net/index.php/products-services/consumer/consumer-products/category/toilet-cleaners/wp-login.php" "Mozilla/5.0 (Windows NT 10.0; Win64; x64) Gecko/20100101 Firefox/118.0.2"
37.60.141.252 - - [31/Dec/2025:21:04:34 +0800] "POST /index.php/products-services/consumer/consumer-products/category/toilet-cleaners/wp-login.php HTTP/1.1" 200 28969 "https://www.goodmaid.net/index.php/products-services/consumer/consumer-products/category/toilet-cleaners/wp-login.php" "Mozilla/5.0 (X11; Ubuntu; Linux x86_64) AppleWebKit/537.36 (KHTML, like Gecko) Chrome/119.0.6045.159 Safari/537.36"
37.60.141.252 - - [31/Dec/2025:21:04:35 +0800] "POST /index.php/products-services/consumer/consumer-products/category/toilet-cleaners/wp-login.php HTTP/1.1" 200 28969 "https://www.goodmaid.net/index.php/products-services/consumer/consumer-products/category/toilet-cleaners/wp-login.php" "Mozilla/5.0 (X11; Ubuntu; Linux x86_64) AppleWebKit/537.36 (KHTML, like Gecko) Chrome/118.0.5993.88 Safari/537.36"
37.60.141.252 - - [31/Dec/2025:21:04:36 +0800] "POST /index.php/products-services/consumer/consumer-products/category/toilet-cleaners/wp-login.php HTTP/1.1" 200 28969 "https://www.goodmaid.net/index.php/products-services/consumer/consumer-products/category/toilet-cleaners/wp-login.php" "Mozilla/5.0 (Macintosh; Intel Mac OS X 10.15) Gecko/20100101 Firefox/118.0.2"
37.60.141.252 - - [31/Dec/2025:21:04:38 +0800] "POST /index.php/products-services/consumer/consumer-products/category/toilet-cleaners/wp-login.php HTTP/1.1" 200 28969 "https://www.goodmaid.net/index.php/products-services/consumer/consumer-products/category/toilet-cleaners/wp-login.php" "Mozilla/5.0 (Windows NT 11.0; Win64; x64) AppleWebKit/537.36 (KHTML, like Gecko) Chrome/122.0.6261.57 Safari/537.36"
37.60.141.252 - - [31/Dec/2025:21:04:39 +0800] "POST /index.php/products-services/consumer/consumer-products/category/toilet-cleaners/wp-login.php HTTP/1.1" 200 28969 "https://www.goodmaid.net/index.php/products-services/consumer/consumer-products/category/toilet-cleaners/wp-login.php" "Mozilla/5.0 (X11; Linux x86_64) Gecko/20100101 Firefox/121.0"
37.60.141.252 - - [31/Dec/2025:21:04:40 +0800] "POST /index.php/products-services/consumer/consumer-products/category/toilet-cleaners/wp-login.php HTTP/1.1" 200 28969 "https://www.goodmaid.net/index.php/products-services/consumer/consumer-products/category/toilet-cleaners/wp-login.php" "Mozilla/5.0 (Macintosh; Intel Mac OS X 10_15_7) AppleWebKit/537.36 (KHTML, like Gecko) Chrome/119.0.6045.159 Safari/537.36"
37.60.141.252 - - [31/Dec/2025:21:04:41 +0800] "POST /index.php/products-services/consumer/consumer-products/category/toilet-cleaners/wp-login.php HTTP/1.1" 200 28969 "https://www.goodmaid.net/index.php/products-services/consumer/consumer-products/category/toilet-cleaners/wp-login.php" "Mozilla/5.0 (Windows NT 10.0; Win64; x64) Gecko/20100101 Firefox/121.0"
37.60.141.252 - - [31/Dec/2025:21:04:43 +0800] "POST /index.php/products-services/consumer/consumer-products/category/toilet-cleaners/wp-login.php HTTP/1.1" 200 28969 "https://www.goodmaid.net/index.php/products-services/consumer/consumer-products/category/toilet-cleaners/wp-login.php" "Mozilla/5.0 (X11; Linux x86_64) AppleWebKit/537.36 (KHTML, like Gecko) Chrome/122.0.6261.57 Safari/537.36"
37.60.141.252 - - [31/Dec/2025:21:04:44 +0800] "POST /index.php/products-services/consumer/consumer-products/category/toilet-cleaners/wp-login.php HTTP/1.1" 200 28969 "https://www.goodmaid.net/index.php/products-services/consumer/consumer-products/category/toilet-cleaners/wp-login.php" "Mozilla/5.0 (Macintosh; Intel Mac OS X 10_15_7) AppleWebKit/537.36 (KHTML, like Gecko) Chrome/122.0.6261.57 Safari/537.36"
37.60.141.252 - - [31/Dec/2025:21:04:45 +0800] "POST /index.php/products-services/consumer/consumer-products/category/toilet-cleaners/wp-login.php HTTP/1.1" 200 28969 "https://www.goodmaid.net/index.php/products-services/consumer/consumer-products/category/toilet-cleaners/wp-login.php" "Mozilla/5.0 (Macintosh; Intel Mac OS X 10.15) Gecko/20100101 Firefox/119.0.1"
37.60.141.252 - - [31/Dec/2025:21:04:46 +0800] "POST /index.php/products-services/consumer/consumer-products/category/toilet-cleaners/wp-login.php HTTP/1.1" 200 28969 "https://www.goodmaid.net/index.php/products-services/consumer/consumer-products/category/toilet-cleaners/wp-login.php" "Mozilla/5.0 (X11; Ubuntu; Linux x86_64) AppleWebKit/537.36 (KHTML, like Gecko) Chrome/118.0.5993.88 Safari/537.36"
37.60.141.252 - - [31/Dec/2025:21:04:48 +0800] "POST /index.php/products-services/consumer/consumer-products/category/toilet-cleaners/wp-login.php HTTP/1.1" 200 28969 "https://www.goodmaid.net/index.php/products-services/consumer/consumer-products/category/toilet-cleaners/wp-login.php" "Mozilla/5.0 (Windows NT 10.0; Win64; x64) AppleWebKit/537.36 (KHTML, like Gecko) Chrome/118.0.5993.88 Safari/537.36"
37.60.141.252 - - [31/Dec/2025:21:04:49 +0800] "POST /index.php/products-services/consumer/consumer-products/category/toilet-cleaners/wp-login.php HTTP/1.1" 200 28969 "https://www.goodmaid.net/index.php/products-services/consumer/consumer-products/category/toilet-cleaners/wp-login.php" "Mozilla/5.0 (X11; Linux x86_64) Gecko/20100101 Firefox/119.0.1"
37.60.141.252 - - [31/Dec/2025:21:04:51 +0800] "POST /index.php/products-services/consumer/consumer-products/category/toilet-cleaners/wp-login.php HTTP/1.1" 200 28969 "https://www.goodmaid.net/index.php/products-services/consumer/consumer-products/category/toilet-cleaners/wp-login.php" "Mozilla/5.0 (Windows NT 10.0; Win64; x64) Gecko/20100101 Firefox/120.0.1"
66.249.75.226 - - [31/Dec/2025:21:04:50 +0800] "GET /?a=1252631 HTTP/1.1" 200 181191 "-" "Mozilla/5.0 (Linux; Android 6.0.1; Nexus 5X Build/MMB29P) AppleWebKit/537.36 (KHTML, like Gecko) Chrome/141.0.7390.122 Mobile Safari/537.36 (compatible; Googlebot/2.1; +http://www.google.com/bot.html)"
37.60.141.252 - - [31/Dec/2025:21:04:52 +0800] "POST /index.php/products-services/consumer/consumer-products/category/toilet-cleaners/wp-login.php HTTP/1.1" 200 28969 "https://www.goodmaid.net/index.php/products-services/consumer/consumer-products/category/toilet-cleaners/wp-login.php" "Mozilla/5.0 (X11; Linux x86_64) AppleWebKit/537.36 (KHTML, like Gecko) Chrome/122.0.6261.57 Safari/537.36"
66.249.71.70 - - [31/Dec/2025:21:04:52 +0800] "GET /index.php/products-services/healthcare-hygiene/healthcare-products/item/power-quick-anti-blood-coagulation-pre-cleaner HTTP/1.1" 200 212039 "-" "Mozilla/5.0 (Linux; Android 6.0.1; Nexus 5X Build/MMB29P) AppleWebKit/537.36 (KHTML, like Gecko) Chrome/141.0.7390.122 Mobile Safari/537.36 (compatible; Googlebot/2.1; +http://www.google.com/bot.html)"
37.60.141.252 - - [31/Dec/2025:21:04:53 +0800] "POST /index.php/products-services/consumer/consumer-products/category/toilet-cleaners/wp-login.php HTTP/1.1" 200 28969 "https://www.goodmaid.net/index.php/products-services/consumer/consumer-products/category/toilet-cleaners/wp-login.php" "Mozilla/5.0 (X11; Ubuntu; Linux x86_64) AppleWebKit/537.36 (KHTML, like Gecko) Chrome/118.0.5993.88 Safari/537.36"
37.60.141.252 - - [31/Dec/2025:21:04:55 +0800] "POST /index.php/products-services/consumer/consumer-products/category/toilet-cleaners/wp-login.php HTTP/1.1" 200 28969 "https://www.goodmaid.net/index.php/products-services/consumer/consumer-products/category/toilet-cleaners/wp-login.php" "Mozilla/5.0 (Macintosh; Intel Mac OS X 13_6_2) AppleWebKit/537.36 (KHTML, like Gecko) Chrome/118.0.5993.88 Safari/537.36"
37.60.141.252 - - [31/Dec/2025:21:04:57 +0800] "POST /index.php/products-services/consumer/consumer-products/category/toilet-cleaners/wp-login.php HTTP/1.1" 200 28969 "https://www.goodmaid.net/index.php/products-services/consumer/consumer-products/category/toilet-cleaners/wp-login.php" "Mozilla/5.0 (Windows NT 10.0; Win64; x64) Gecko/20100101 Firefox/118.0.2"
37.60.141.252 - - [31/Dec/2025:21:04:58 +0800] "POST /index.php/products-services/consumer/consumer-products/category/toilet-cleaners/wp-login.php HTTP/1.1" 200 28969 "https://www.goodmaid.net/index.php/products-services/consumer/consumer-products/category/toilet-cleaners/wp-login.php" "Mozilla/5.0 (Macintosh; Intel Mac OS X 10.15) Gecko/20100101 Firefox/122.0"
37.60.141.252 - - [31/Dec/2025:21:05:00 +0800] "POST /index.php/products-services/consumer/consumer-products/category/toilet-cleaners/wp-login.php HTTP/1.1" 200 28969 "https://www.goodmaid.net/index.php/products-services/consumer/consumer-products/category/toilet-cleaners/wp-login.php" "Mozilla/5.0 (Macintosh; Intel Mac OS X 10.15) Gecko/20100101 Firefox/122.0"
37.60.141.252 - - [31/Dec/2025:21:05:01 +0800] "POST /index.php/products-services/consumer/consumer-products/category/toilet-cleaners/wp-login.php HTTP/1.1" 200 28969 "https://www.goodmaid.net/index.php/products-services/consumer/consumer-products/category/toilet-cleaners/wp-login.php" "Mozilla/5.0 (X11; Linux x86_64) Gecko/20100101 Firefox/120.0.1"
37.60.141.252 - - [31/Dec/2025:21:05:02 +0800] "POST /index.php/products-services/consumer/consumer-products/category/toilet-cleaners/wp-login.php HTTP/1.1" 200 28969 "https://www.goodmaid.net/index.php/products-services/consumer/consumer-products/category/toilet-cleaners/wp-login.php" "Mozilla/5.0 (Macintosh; Intel Mac OS X 10.15) Gecko/20100101 Firefox/118.0.2"
37.60.141.252 - - [31/Dec/2025:21:05:04 +0800] "POST /index.php/products-services/consumer/consumer-products/category/toilet-cleaners/wp-login.php HTTP/1.1" 200 28969 "https://www.goodmaid.net/index.php/products-services/consumer/consumer-products/category/toilet-cleaners/wp-login.php" "Mozilla/5.0 (Macintosh; Intel Mac OS X 13_6_2) AppleWebKit/537.36 (KHTML, like Gecko) Chrome/122.0.6261.57 Safari/537.36"
37.60.141.252 - - [31/Dec/2025:21:05:05 +0800] "POST /index.php/products-services/consumer/consumer-products/category/toilet-cleaners/wp-login.php HTTP/1.1" 200 28969 "https://www.goodmaid.net/index.php/products-services/consumer/consumer-products/category/toilet-cleaners/wp-login.php" "Mozilla/5.0 (Macintosh; Intel Mac OS X 10.15) Gecko/20100101 Firefox/118.0.2"
37.60.141.252 - - [31/Dec/2025:21:05:06 +0800] "POST /index.php/products-services/consumer/consumer-products/category/toilet-cleaners/wp-login.php HTTP/1.1" 200 28969 "https://www.goodmaid.net/index.php/products-services/consumer/consumer-products/category/toilet-cleaners/wp-login.php" "Mozilla/5.0 (Windows NT 10.0; Win64; x64) AppleWebKit/537.36 (KHTML, like Gecko) Chrome/120.0.6099.130 Safari/537.36"
66.249.71.64 - - [31/Dec/2025:21:05:06 +0800] "GET /?a=3020793 HTTP/1.1" 200 177803 "-" "Mozilla/5.0 (Linux; Android 6.0.1; Nexus 5X Build/MMB29P) AppleWebKit/537.36 (KHTML, like Gecko) Chrome/141.0.7390.122 Mobile Safari/537.36 (compatible; Googlebot/2.1; +http://www.google.com/bot.html)"
157.55.39.195 - - [31/Dec/2025:21:05:06 +0800] "GET /index.php/about-us/company-profile/?a=1717558 HTTP/1.1" 200 183462 "-" "Mozilla/5.0 AppleWebKit/537.36 (KHTML, like Gecko; compatible; bingbot/2.0; +http://www.bing.com/bingbot.htm) Chrome/116.0.1938.76 Safari/537.36"
37.60.141.252 - - [31/Dec/2025:21:05:08 +0800] "POST /index.php/products-services/consumer/consumer-products/category/toilet-cleaners/wp-login.php HTTP/1.1" 200 28969 "https://www.goodmaid.net/index.php/products-services/consumer/consumer-products/category/toilet-cleaners/wp-login.php" "Mozilla/5.0 (Macintosh; Intel Mac OS X 10.15) Gecko/20100101 Firefox/121.0"
157.55.39.195 - - [31/Dec/2025:21:05:08 +0800] "GET /index.php/about-us/company-profile/shop/pg/1005024164/?a=1781200 HTTP/1.1" 200 206855 "-" "Mozilla/5.0 AppleWebKit/537.36 (KHTML, like Gecko; compatible; bingbot/2.0; +http://www.bing.com/bingbot.htm) Chrome/116.0.1938.76 Safari/537.36"
37.60.141.252 - - [31/Dec/2025:21:05:09 +0800] "POST /index.php/products-services/consumer/consumer-products/category/toilet-cleaners/wp-login.php HTTP/1.1" 200 28969 "https://www.goodmaid.net/index.php/products-services/consumer/consumer-products/category/toilet-cleaners/wp-login.php" "Mozilla/5.0 (X11; Linux x86_64) Gecko/20100101 Firefox/122.0"
37.60.141.252 - - [31/Dec/2025:21:05:10 +0800] "POST /index.php/products-services/consumer/consumer-products/category/toilet-cleaners/wp-login.php HTTP/1.1" 200 28969 "https://www.goodmaid.net/index.php/products-services/consumer/consumer-products/category/toilet-cleaners/wp-login.php" "Mozilla/5.0 (Windows NT 11.0; Win64; x64) AppleWebKit/537.36 (KHTML, like Gecko) Chrome/118.0.5993.88 Safari/537.36"
37.60.141.252 - - [31/Dec/2025:21:05:12 +0800] "POST /index.php/products-services/consumer/consumer-products/category/toilet-cleaners/wp-login.php HTTP/1.1" 200 28969 "https://www.goodmaid.net/index.php/products-services/consumer/consumer-products/category/toilet-cleaners/wp-login.php" "Mozilla/5.0 (X11; Linux x86_64) AppleWebKit/537.36 (KHTML, like Gecko) Chrome/122.0.6261.57 Safari/537.36"
37.60.141.252 - - [31/Dec/2025:21:05:13 +0800] "POST /index.php/products-services/consumer/consumer-products/category/toilet-cleaners/wp-login.php HTTP/1.1" 200 28969 "https://www.goodmaid.net/index.php/products-services/consumer/consumer-products/category/toilet-cleaners/wp-login.php" "Mozilla/5.0 (X11; Linux x86_64) Gecko/20100101 Firefox/119.0.1"
66.249.75.226 - - [31/Dec/2025:21:05:13 +0800] "GET /?a=5060946 HTTP/1.1" 200 173564 "-" "Mozilla/5.0 (Linux; Android 6.0.1; Nexus 5X Build/MMB29P) AppleWebKit/537.36 (KHTML, like Gecko) Chrome/141.0.7390.122 Mobile Safari/537.36 (compatible; Googlebot/2.1; +http://www.google.com/bot.html)"
37.60.141.252 - - [31/Dec/2025:21:05:14 +0800] "POST /index.php/products-services/consumer/consumer-products/category/toilet-cleaners/wp-login.php HTTP/1.1" 200 28969 "https://www.goodmaid.net/index.php/products-services/consumer/consumer-products/category/toilet-cleaners/wp-login.php" "Mozilla/5.0 (Macintosh; Intel Mac OS X 10.15) Gecko/20100101 Firefox/120.0.1"
37.60.141.252 - - [31/Dec/2025:21:05:15 +0800] "POST /index.php/products-services/consumer/consumer-products/category/toilet-cleaners/wp-login.php HTTP/1.1" 200 28969 "https://www.goodmaid.net/index.php/products-services/consumer/consumer-products/category/toilet-cleaners/wp-login.php" "Mozilla/5.0 (Macintosh; Intel Mac OS X 10_15_7) AppleWebKit/537.36 (KHTML, like Gecko) Chrome/119.0.6045.159 Safari/537.36"
37.60.141.252 - - [31/Dec/2025:21:05:16 +0800] "POST /index.php/products-services/consumer/consumer-products/category/toilet-cleaners/wp-login.php HTTP/1.1" 200 28969 "https://www.goodmaid.net/index.php/products-services/consumer/consumer-products/category/toilet-cleaners/wp-login.php" "Mozilla/5.0 (Windows NT 10.0; Win64; x64) Gecko/20100101 Firefox/118.0.2"
37.60.141.252 - - [31/Dec/2025:21:05:18 +0800] "POST /index.php/products-services/consumer/consumer-products/category/toilet-cleaners/wp-login.php HTTP/1.1" 200 28969 "https://www.goodmaid.net/index.php/products-services/consumer/consumer-products/category/toilet-cleaners/wp-login.php" "Mozilla/5.0 (Macintosh; Intel Mac OS X 10_15_7) AppleWebKit/537.36 (KHTML, like Gecko) Chrome/120.0.6099.130 Safari/537.36"
37.60.141.252 - - [31/Dec/2025:21:05:19 +0800] "POST /index.php/products-services/consumer/consumer-products/category/toilet-cleaners/wp-login.php HTTP/1.1" 200 28969 "https://www.goodmaid.net/index.php/products-services/consumer/consumer-products/category/toilet-cleaners/wp-login.php" "Mozilla/5.0 (X11; Ubuntu; Linux x86_64) AppleWebKit/537.36 (KHTML, like Gecko) Chrome/119.0.6045.159 Safari/537.36"
37.60.141.252 - - [31/Dec/2025:21:05:20 +0800] "POST /index.php/products-services/consumer/consumer-products/category/toilet-cleaners/wp-login.php HTTP/1.1" 200 28969 "https://www.goodmaid.net/index.php/products-services/consumer/consumer-products/category/toilet-cleaners/wp-login.php" "Mozilla/5.0 (Windows NT 10.0; Win64; x64) Gecko/20100101 Firefox/120.0.1"
37.60.141.252 - - [31/Dec/2025:21:05:22 +0800] "POST /index.php/products-services/consumer/consumer-products/category/toilet-cleaners/wp-login.php HTTP/1.1" 200 28969 "https://www.goodmaid.net/index.php/products-services/consumer/consumer-products/category/toilet-cleaners/wp-login.php" "Mozilla/5.0 (Macintosh; Intel Mac OS X 13_6_2) AppleWebKit/537.36 (KHTML, like Gecko) Chrome/120.0.6099.130 Safari/537.36"
37.60.141.252 - - [31/Dec/2025:21:05:23 +0800] "POST /index.php/products-services/consumer/consumer-products/category/toilet-cleaners/wp-login.php HTTP/1.1" 200 28969 "https://www.goodmaid.net/index.php/products-services/consumer/consumer-products/category/toilet-cleaners/wp-login.php" "Mozilla/5.0 (Macintosh; Intel Mac OS X 10.15) Gecko/20100101 Firefox/118.0.2"
37.60.141.252 - - [31/Dec/2025:21:05:24 +0800] "POST /index.php/products-services/consumer/consumer-products/category/toilet-cleaners/wp-login.php HTTP/1.1" 200 28969 "https://www.goodmaid.net/index.php/products-services/consumer/consumer-products/category/toilet-cleaners/wp-login.php" "Mozilla/5.0 (X11; Linux x86_64) Gecko/20100101 Firefox/122.0"
37.60.141.252 - - [31/Dec/2025:21:05:25 +0800] "POST /index.php/products-services/consumer/consumer-products/category/toilet-cleaners/wp-login.php HTTP/1.1" 200 28969 "https://www.goodmaid.net/index.php/products-services/consumer/consumer-products/category/toilet-cleaners/wp-login.php" "Mozilla/5.0 (Windows NT 10.0; Win64; x64) AppleWebKit/537.36 (KHTML, like Gecko) Chrome/121.0.6167.85 Safari/537.36"
66.249.71.70 - - [31/Dec/2025:21:05:39 +0800] "GET /?a=4692201 HTTP/1.1" 200 184067 "-" "Mozilla/5.0 (Linux; Android 6.0.1; Nexus 5X Build/MMB29P) AppleWebKit/537.36 (KHTML, like Gecko) Chrome/141.0.7390.122 Mobile Safari/537.36 (compatible; Googlebot/2.1; +http://www.google.com/bot.html)"
207.46.13.52 - - [31/Dec/2025:21:05:45 +0800] "GET /index.php/about-us/company-profile/?a=3477178 HTTP/1.1" 200 189554 "-" "Mozilla/5.0 AppleWebKit/537.36 (KHTML, like Gecko; compatible; bingbot/2.0; +http://www.bing.com/bingbot.htm) Chrome/116.0.1938.76 Safari/537.36"
207.46.13.52 - - [31/Dec/2025:21:05:46 +0800] "GET /index.php/about-us/company-profile/?a=5408278 HTTP/1.1" 200 185870 "-" "Mozilla/5.0 AppleWebKit/537.36 (KHTML, like Gecko; compatible; bingbot/2.0; +http://www.bing.com/bingbot.htm) Chrome/116.0.1938.76 Safari/537.36"
207.46.13.52 - - [31/Dec/2025:21:05:47 +0800] "GET /index.php/about-us/company-profile/?a=910799 HTTP/1.1" 200 183480 "-" "Mozilla/5.0 AppleWebKit/537.36 (KHTML, like Gecko; compatible; bingbot/2.0; +http://www.bing.com/bingbot.htm) Chrome/116.0.1938.76 Safari/537.36"
40.77.167.247 - - [31/Dec/2025:21:05:50 +0800] "GET /index.php/about-us/company-profile/?a=2285860 HTTP/1.1" 200 191769 "-" "Mozilla/5.0 AppleWebKit/537.36 (KHTML, like Gecko; compatible; bingbot/2.0; +http://www.bing.com/bingbot.htm) Chrome/116.0.1938.76 Safari/537.36"
66.249.71.5 - - [31/Dec/2025:21:05:55 +0800] "GET /?a=487719 HTTP/1.1" 200 183793 "-" "Mozilla/5.0 (Linux; Android 6.0.1; Nexus 5X Build/MMB29P) AppleWebKit/537.36 (KHTML, like Gecko) Chrome/141.0.7390.122 Mobile Safari/537.36 (compatible; Googlebot/2.1; +http://www.google.com/bot.html)"
66.249.71.64 - - [31/Dec/2025:21:05:56 +0800] "GET /?a=5289309 HTTP/1.1" 200 173241 "-" "Mozilla/5.0 (Linux; Android 6.0.1; Nexus 5X Build/MMB29P) AppleWebKit/537.36 (KHTML, like Gecko) Chrome/141.0.7390.122 Mobile Safari/537.36 (compatible; Googlebot/2.1; +http://www.google.com/bot.html)"
198.199.68.20 - - [31/Dec/2025:21:05:57 +0800] "GET /index.php HTTP/1.1" 200 43896 "-" "Zabbix"
66.249.75.228 - - [31/Dec/2025:21:06:23 +0800] "GET /?a=362789 HTTP/1.1" 200 173651 "-" "Mozilla/5.0 (Linux; Android 6.0.1; Nexus 5X Build/MMB29P) AppleWebKit/537.36 (KHTML, like Gecko) Chrome/141.0.7390.122 Mobile Safari/537.36 (compatible; Googlebot/2.1; +http://www.google.com/bot.html)"
35.173.69.86 - - [31/Dec/2025:21:06:27 +0800] "GET / HTTP/1.1" 200 43871 "-" "FreshpingBot/1.0 (+https://freshping.io/)"
66.249.75.227 - - [31/Dec/2025:21:06:29 +0800] "GET /?a=4191885 HTTP/1.1" 200 172845 "-" "Mozilla/5.0 (Linux; Android 6.0.1; Nexus 5X Build/MMB29P) AppleWebKit/537.36 (KHTML, like Gecko) Chrome/141.0.7390.122 Mobile Safari/537.36 (compatible; Googlebot/2.1; +http://www.google.com/bot.html)"
207.46.13.31 - - [31/Dec/2025:21:06:34 +0800] "GET /index.php/about-us/company-profile/?a=2343811 HTTP/1.1" 200 190690 "-" "Mozilla/5.0 AppleWebKit/537.36 (KHTML, like Gecko; compatible; bingbot/2.0; +http://www.bing.com/bingbot.htm) Chrome/116.0.1938.76 Safari/537.36"
40.77.167.247 - - [31/Dec/2025:21:06:41 +0800] "GET /index.php/about-us/company-profile/information/privacy_policy.html/?a=3580442 HTTP/1.1" 200 193333 "-" "Mozilla/5.0 AppleWebKit/537.36 (KHTML, like Gecko; compatible; bingbot/2.0; +http://www.bing.com/bingbot.htm) Chrome/116.0.1938.76 Safari/537.36"
66.249.75.226 - - [31/Dec/2025:21:06:45 +0800] "GET /?a=740832 HTTP/1.1" 200 173648 "-" "Mozilla/5.0 (Linux; Android 6.0.1; Nexus 5X Build/MMB29P) AppleWebKit/537.36 (KHTML, like Gecko) Chrome/141.0.7390.122 Mobile Safari/537.36 (compatible; Googlebot/2.1; +http://www.google.com/bot.html)"
40.77.167.54 - - [31/Dec/2025:21:06:52 +0800] "GET /index.php/about-us/company-profile/?a=3684655 HTTP/1.1" 200 186312 "-" "Mozilla/5.0 AppleWebKit/537.36 (KHTML, like Gecko; compatible; bingbot/2.0; +http://www.bing.com/bingbot.htm) Chrome/116.0.1938.76 Safari/537.36"
52.167.144.208 - - [31/Dec/2025:21:06:56 +0800] "GET /index.php/about-us/company-profile/?a=773671 HTTP/1.1" 200 184863 "-" "Mozilla/5.0 AppleWebKit/537.36 (KHTML, like Gecko; compatible; bingbot/2.0; +http://www.bing.com/bingbot.htm) Chrome/116.0.1938.76 Safari/537.36"
66.249.75.228 - - [31/Dec/2025:21:07:01 +0800] "GET /?a=4837005 HTTP/1.1" 200 174343 "-" "Mozilla/5.0 (Linux; Android 6.0.1; Nexus 5X Build/MMB29P) AppleWebKit/537.36 (KHTML, like Gecko) Chrome/141.0.7390.122 Mobile Safari/537.36 (compatible; Googlebot/2.1; +http://www.google.com/bot.html)"
66.249.75.227 - - [31/Dec/2025:21:07:18 +0800] "GET /?a=3937236 HTTP/1.1" 200 173273 "-" "Mozilla/5.0 (Linux; Android 6.0.1; Nexus 5X Build/MMB29P) AppleWebKit/537.36 (KHTML, like Gecko) Chrome/141.0.7390.122 Mobile Safari/537.36 (compatible; Googlebot/2.1; +http://www.google.com/bot.html)"
66.249.75.226 - - [31/Dec/2025:21:07:24 +0800] "GET /?a=4147960 HTTP/1.1" 200 182381 "-" "Mozilla/5.0 (Linux; Android 6.0.1; Nexus 5X Build/MMB29P) AppleWebKit/537.36 (KHTML, like Gecko) Chrome/141.0.7390.122 Mobile Safari/537.36 (compatible; Googlebot/2.1; +http://www.google.com/bot.html)"
138.84.63.69 - - [31/Dec/2025:21:07:28 +0800] "GET /index.php/products/public-hygiene/housekeeping/item/100-multi-zap-2 HTTP/1.1" 404 3331 "-" "Mozilla/5.0 (Windows NT 10.0; Win64; x64) AppleWebKit/537.36 (KHTML, like Gecko) Chrome/129.0.0.0 Safari/537.36"
66.249.75.226 - - [31/Dec/2025:21:07:30 +0800] "GET /?a=3240746 HTTP/1.1" 200 173121 "-" "Mozilla/5.0 (Linux; Android 6.0.1; Nexus 5X Build/MMB29P) AppleWebKit/537.36 (KHTML, like Gecko) Chrome/141.0.7390.122 Mobile Safari/537.36 (compatible; Googlebot/2.1; +http://www.google.com/bot.html)"
198.211.113.147 - - [31/Dec/2025:21:07:32 +0800] "GET /index.php/products/healthcare-hygiene/dispenser/item/is-9000?category_id=47 HTTP/1.1" 404 3331 "-" "Mozilla/5.0 (Windows NT 10.0; Win64; x64) AppleWebKit/537.36 (KHTML, like Gecko) Chrome/129.0.0.0 Safari/537.36"
157.245.89.191 - - [31/Dec/2025:21:07:35 +0800] "GET /index.php/products/public-hygiene/laundry-care/alphaindex/other HTTP/1.1" 404 3331 "-" "Mozilla/5.0 (Windows NT 10.0; Win64; x64) AppleWebKit/537.36 (KHTML, like Gecko) Chrome/129.0.0.0 Safari/537.36"
72.255.6.33 - - [31/Dec/2025:21:07:36 +0800] "GET /index.php/products/food-sanitation/goodmaid-pro-ware-washing/item/gmp-353-destainer HTTP/1.1" 404 3331 "-" "Mozilla/5.0 (Windows NT 10.0; Win64; x64) AppleWebKit/537.36 (KHTML, like Gecko) Chrome/129.0.0.0 Safari/537.36"
91.214.138.249 - - [31/Dec/2025:21:07:37 +0800] "GET /index.php/products/global-business HTTP/1.1" 404 3331 "-" "Mozilla/5.0 (Windows NT 10.0; Win64; x64) AppleWebKit/537.36 (KHTML, like Gecko) Chrome/129.0.0.0 Safari/537.36"
109.201.56.255 - - [31/Dec/2025:21:07:38 +0800] "GET /index.php/products/consumer/specialized-cleaners/item/washing-machine-cleaner HTTP/1.1" 404 3331 "-" "Mozilla/5.0 (Windows NT 10.0; Win64; x64) AppleWebKit/537.36 (KHTML, like Gecko) Chrome/129.0.0.0 Safari/537.36"
134.209.219.218 - - [31/Dec/2025:21:07:38 +0800] "GET /index.php/products/public-hygiene/laundry-care/item/350-laun-d-2 HTTP/1.1" 404 3331 "-" "Mozilla/5.0 (Windows NT 10.0; Win64; x64) AppleWebKit/537.36 (KHTML, like Gecko) Chrome/129.0.0.0 Safari/537.36"
198.199.75.12 - - [31/Dec/2025:21:07:39 +0800] "GET /index.php/products/food-sanitation/tools-dispensers/item/gmd-500-f-a HTTP/1.1" 404 3331 "-" "Mozilla/5.0 (Windows NT 10.0; Win64; x64) AppleWebKit/537.36 (KHTML, like Gecko) Chrome/129.0.0.0 Safari/537.36"
187.159.233.166 - - [31/Dec/2025:21:07:40 +0800] "GET /index.php/products/public-hygiene/housekeeping/item/121-deo-gel-2 HTTP/1.1" 404 3331 "-" "Mozilla/5.0 (Windows NT 10.0; Win64; x64) AppleWebKit/537.36 (KHTML, like Gecko) Chrome/129.0.0.0 Safari/537.36"
68.183.119.139 - - [31/Dec/2025:21:07:40 +0800] "GET /index.php/products/consumer/specialized-cleaners/item/oven-cleaner HTTP/1.1" 404 3331 "-" "Mozilla/5.0 (Windows NT 10.0; Win64; x64) AppleWebKit/537.36 (KHTML, like Gecko) Chrome/129.0.0.0 Safari/537.36"
92.47.56.155 - - [31/Dec/2025:21:07:43 +0800] "GET /index.php/shop-now HTTP/1.1" 404 3331 "-" "Mozilla/5.0 (Windows NT 10.0; Win64; x64) AppleWebKit/537.36 (KHTML, like Gecko) Chrome/129.0.0.0 Safari/537.36"
160.187.117.213 - - [31/Dec/2025:21:07:44 +0800] "GET /index.php/products/consumer/goodmaid-baby-bio/item/baby-bio-laundry-detergent HTTP/1.1" 404 3331 "-" "Mozilla/5.0 (Windows NT 10.0; Win64; x64) AppleWebKit/537.36 (KHTML, like Gecko) Chrome/129.0.0.0 Safari/537.36"
45.183.240.14 - - [31/Dec/2025:21:07:45 +0800] "GET /index.php/products/public-hygiene/floor-care/item/0210-florestore-2 HTTP/1.1" 404 3331 "-" "Mozilla/5.0 (Windows NT 10.0; Win64; x64) AppleWebKit/537.36 (KHTML, like Gecko) Chrome/129.0.0.0 Safari/537.36"
106.219.158.22 - - [31/Dec/2025:21:07:46 +0800] "GET /index.php/products/consumer/floor-care/item/floor-cleaner HTTP/1.1" 404 3331 "-" "Mozilla/5.0 (Windows NT 10.0; Win64; x64) AppleWebKit/537.36 (KHTML, like Gecko) Chrome/129.0.0.0 Safari/537.36"
66.249.75.226 - - [31/Dec/2025:21:07:47 +0800] "GET /?a=1562934 HTTP/1.1" 200 185266 "-" "Mozilla/5.0 (Linux; Android 6.0.1; Nexus 5X Build/MMB29P) AppleWebKit/537.36 (KHTML, like Gecko) Chrome/141.0.7390.122 Mobile Safari/537.36 (compatible; Googlebot/2.1; +http://www.google.com/bot.html)"
123.21.13.56 - - [31/Dec/2025:21:07:51 +0800] "GET /index.php/products/public-hygiene/personal-care/item/192d-ht-draman-2 HTTP/1.1" 404 3331 "-" "Mozilla/5.0 (Windows NT 10.0; Win64; x64) AppleWebKit/537.36 (KHTML, like Gecko) Chrome/129.0.0.0 Safari/537.36"
197.145.206.184 - - [31/Dec/2025:21:07:53 +0800] "GET /index.php/products/public-hygiene/laundry-care/alphaindex/other HTTP/1.1" 404 3331 "-" "Mozilla/5.0 (Windows NT 10.0; Win64; x64) AppleWebKit/537.36 (KHTML, like Gecko) Chrome/129.0.0.0 Safari/537.36"
66.249.71.70 - - [31/Dec/2025:21:07:52 +0800] "GET /?a=4938576 HTTP/1.1" 200 169123 "-" "Mozilla/5.0 (Linux; Android 6.0.1; Nexus 5X Build/MMB29P) AppleWebKit/537.36 (KHTML, like Gecko) Chrome/141.0.7390.122 Mobile Safari/537.36 (compatible; Googlebot/2.1; +http://www.google.com/bot.html)"
179.37.92.249 - - [31/Dec/2025:21:07:56 +0800] "GET /index.php/products/public-hygiene/floor-care/item/0203-tilecon-seal-2 HTTP/1.1" 404 3331 "-" "Mozilla/5.0 (Windows NT 10.0; Win64; x64) AppleWebKit/537.36 (KHTML, like Gecko) Chrome/129.0.0.0 Safari/537.36"
200.24.97.255 - - [31/Dec/2025:21:07:56 +0800] "GET /index.php/products/healthcare-hygiene/dispenser HTTP/1.1" 404 3331 "-" "Mozilla/5.0 (Windows NT 10.0; Win64; x64) AppleWebKit/537.36 (KHTML, like Gecko) Chrome/129.0.0.0 Safari/537.36"
66.249.71.70 - - [31/Dec/2025:21:08:09 +0800] "GET /?a=852461 HTTP/1.1" 200 175366 "-" "Mozilla/5.0 (Linux; Android 6.0.1; Nexus 5X Build/MMB29P) AppleWebKit/537.36 (KHTML, like Gecko) Chrome/141.0.7390.122 Mobile Safari/537.36 (compatible; Googlebot/2.1; +http://www.google.com/bot.html)"
66.249.75.226 - - [31/Dec/2025:21:08:09 +0800] "GET /?a=2162522 HTTP/1.1" 200 171007 "-" "Mozilla/5.0 (Linux; Android 6.0.1; Nexus 5X Build/MMB29P) AppleWebKit/537.36 (KHTML, like Gecko) Chrome/141.0.7390.122 Mobile Safari/537.36 (compatible; Googlebot/2.1; +http://www.google.com/bot.html)"
109.78.220.223 - - [31/Dec/2025:21:08:18 +0800] "GET /p/usa-14go-3255347 HTTP/1.1" 404 3331 "https://www.google.com/" "Mozilla/5.0 (iPhone; CPU iPhone OS 18_5 like Mac OS X) AppleWebKit/605.1.15 (KHTML, like Gecko) Version/18.5 Mobile/15E148 Safari/604.1"
109.78.220.223 - - [31/Dec/2025:21:08:18 +0800] "GET /templates/yootheme/vendor/assets/uikit/dist/js/uikit.min.js HTTP/1.1" 200 139103 "https://goodmaid.net/p/usa-14go-3255347" "Mozilla/5.0 (iPhone; CPU iPhone OS 18_5 like Mac OS X) AppleWebKit/605.1.15 (KHTML, like Gecko) Version/18.5 Mobile/15E148 Safari/604.1"
109.78.220.223 - - [31/Dec/2025:21:08:19 +0800] "GET /templates/yootheme/vendor/assets/uikit/dist/js/uikit-icons.min.js HTTP/1.1" 200 65254 "https://goodmaid.net/p/usa-14go-3255347" "Mozilla/5.0 (iPhone; CPU iPhone OS 18_5 like Mac OS X) AppleWebKit/605.1.15 (KHTML, like Gecko) Version/18.5 Mobile/15E148 Safari/604.1"
109.78.220.223 - - [31/Dec/2025:21:08:19 +0800] "GET /templates/yootheme/vendor/yootheme/theme/assets/js/customizer.min.js HTTP/1.1" 200 2746 "https://goodmaid.net/p/usa-14go-3255347" "Mozilla/5.0 (iPhone; CPU iPhone OS 18_5 like Mac OS X) AppleWebKit/605.1.15 (KHTML, like Gecko) Version/18.5 Mobile/15E148 Safari/604.1"
109.78.220.223 - - [31/Dec/2025:21:08:18 +0800] "GET /templates/yootheme/css/theme.9.css HTTP/1.1" 200 453564 "https://goodmaid.net/p/usa-14go-3255347" "Mozilla/5.0 (iPhone; CPU iPhone OS 18_5 like Mac OS X) AppleWebKit/605.1.15 (KHTML, like Gecko) Version/18.5 Mobile/15E148 Safari/604.1"
