52.167.144.172 - - [31/Dec/2025:20:57:36 +0800] "GET /index.php/about-us/company-profile/?a=2684886 HTTP/1.1" 200 186764 "-" "Mozilla/5.0 AppleWebKit/537.36 (KHTML, like Gecko; compatible; bingbot/2.0; +http://www.bing.com/bingbot.htm) Chrome/116.0.1938.76 Safari/537.36"
66.249.75.226 - - [31/Dec/2025:20:57:51 +0800] "GET /?a=1819901 HTTP/1.1" 200 174872 "-" "Mozilla/5.0 (Linux; Android 6.0.1; Nexus 5X Build/MMB29P) AppleWebKit/537.36 (KHTML, like Gecko) Chrome/141.0.7390.122 Mobile Safari/537.36 (compatible; Googlebot/2.1; +http://www.google.com/bot.html)"
40.77.167.25 - - [31/Dec/2025:20:58:10 +0800] "GET /index.php/about-us/company-profile/?a=4566701 HTTP/1.1" 200 188630 "-" "Mozilla/5.0 AppleWebKit/537.36 (KHTML, like Gecko; compatible; bingbot/2.0; +http://www.bing.com/bingbot.htm) Chrome/116.0.1938.76 Safari/537.36"
45.95.243.40 - - [31/Dec/2025:20:58:12 +0800] "GET /?a=1246975 HTTP/1.1" 200 43887 "-" "Mozilla/5.0 (Linux; Android 9; ASUS_I005DA Build/PI; wv) AppleWebKit/537.36 (KHTML, like Gecko) Version/4.0 Chrome/133.0.6943.122 Mobile"
40.77.167.25 - - [31/Dec/2025:20:58:12 +0800] "GET /index.php/about-us/company-profile/?a=2030579 HTTP/1.1" 200 193689 "-" "Mozilla/5.0 AppleWebKit/537.36 (KHTML, like Gecko; compatible; bingbot/2.0; +http://www.bing.com/bingbot.htm) Chrome/116.0.1938.76 Safari/537.36"
45.95.243.6 - - [31/Dec/2025:20:58:14 +0800] "GET /?a=1246975&a=%27 HTTP/1.1" 200 43887 "-" "Mozilla/5.0 (Linux; Android 9; ASUS_I005DA Build/PI; wv) AppleWebKit/537.36 (KHTML, like Gecko) Version/4.0 Chrome/133.0.6943.122 Mobile"
45.95.243.32 - - [31/Dec/2025:20:58:16 +0800] "GET /?a=%27 HTTP/1.1" 200 43887 "-" "Mozilla/5.0 (Linux; Android 9; ASUS_I005DA Build/PI; wv) AppleWebKit/537.36 (KHTML, like Gecko) Version/4.0 Chrome/133.0.6943.122 Mobile"
45.95.243.26 - - [31/Dec/2025:20:58:17 +0800] "GET /?a=1246975%27 HTTP/1.1" 200 43887 "-" "Mozilla/5.0 (Linux; Android 9; ASUS_I005DA Build/PI; wv) AppleWebKit/537.36 (KHTML, like Gecko) Version/4.0 Chrome/133.0.6943.122 Mobile"
66.249.71.71 - - [31/Dec/2025:20:58:27 +0800] "GET /?a=1229792 HTTP/1.1" 200 175092 "-" "Mozilla/5.0 (Linux; Android 6.0.1; Nexus 5X Build/MMB29P) AppleWebKit/537.36 (KHTML, like Gecko) Chrome/141.0.7390.122 Mobile Safari/537.36 (compatible; Googlebot/2.1; +http://www.google.com/bot.html)"
66.249.75.227 - - [31/Dec/2025:20:58:31 +0800] "GET /?a=3157413 HTTP/1.1" 200 174216 "-" "Mozilla/5.0 (Linux; Android 6.0.1; Nexus 5X Build/MMB29P) AppleWebKit/537.36 (KHTML, like Gecko) Chrome/141.0.7390.122 Mobile Safari/537.36 (compatible; Googlebot/2.1; +http://www.google.com/bot.html)"
207.46.13.52 - - [31/Dec/2025:20:58:36 +0800] "GET /index.php/about-us/company-profile/?a=4028539 HTTP/1.1" 200 186481 "-" "Mozilla/5.0 AppleWebKit/537.36 (KHTML, like Gecko; compatible; bingbot/2.0; +http://www.bing.com/bingbot.htm) Chrome/116.0.1938.76 Safari/537.36"
66.249.71.71 - - [31/Dec/2025:20:58:43 +0800] "GET /?a=5284087 HTTP/1.1" 200 170216 "-" "Mozilla/5.0 (Linux; Android 6.0.1; Nexus 5X Build/MMB29P) AppleWebKit/537.36 (KHTML, like Gecko) Chrome/141.0.7390.122 Mobile Safari/537.36 (compatible; Googlebot/2.1; +http://www.google.com/bot.html)"
157.55.39.195 - - [31/Dec/2025:20:59:06 +0800] "GET /index.php/about-us/company-profile/?a=4966439 HTTP/1.1" 200 187360 "-" "Mozilla/5.0 AppleWebKit/537.36 (KHTML, like Gecko; compatible; bingbot/2.0; +http://www.bing.com/bingbot.htm) Chrome/116.0.1938.76 Safari/537.36"
157.55.39.195 - - [31/Dec/2025:20:59:09 +0800] "GET /index.php/about-us/company-profile/?a=2453978 HTTP/1.1" 200 193735 "-" "Mozilla/5.0 AppleWebKit/537.36 (KHTML, like Gecko; compatible; bingbot/2.0; +http://www.bing.com/bingbot.htm) Chrome/116.0.1938.76 Safari/537.36"
66.249.71.64 - - [31/Dec/2025:20:59:10 +0800] "GET /?a=1766786 HTTP/1.1" 200 172190 "-" "Mozilla/5.0 (Linux; Android 6.0.1; Nexus 5X Build/MMB29P) AppleWebKit/537.36 (KHTML, like Gecko) Chrome/141.0.7390.122 Mobile Safari/537.36 (compatible; Googlebot/2.1; +http://www.google.com/bot.html)"
66.249.71.70 - - [31/Dec/2025:20:59:16 +0800] "GET /?a=3323715 HTTP/1.1" 200 181501 "-" "Mozilla/5.0 (Linux; Android 6.0.1; Nexus 5X Build/MMB29P) AppleWebKit/537.36 (KHTML, like Gecko) Chrome/141.0.7390.122 Mobile Safari/537.36 (compatible; Googlebot/2.1; +http://www.google.com/bot.html)"
40.77.167.74 - - [31/Dec/2025:20:59:21 +0800] "GET /index.php/about-us/message-from-the-president HTTP/1.1" 200 188748 "-" "Mozilla/5.0 AppleWebKit/537.36 (KHTML, like Gecko; compatible; bingbot/2.0; +http://www.bing.com/bingbot.htm) Chrome/116.0.1938.76 Safari/537.36"
52.167.144.136 - - [31/Dec/2025:20:59:38 +0800] "GET /index.php/about-us/company-profile/?a=615032 HTTP/1.1" 200 187894 "-" "Mozilla/5.0 AppleWebKit/537.36 (KHTML, like Gecko; compatible; bingbot/2.0; +http://www.bing.com/bingbot.htm) Chrome/116.0.1938.76 Safari/537.36"
52.167.144.136 - - [31/Dec/2025:20:59:59 +0800] "GET /index.php/about-us/company-profile/?a=4836719 HTTP/1.1" 200 201883 "-" "Mozilla/5.0 AppleWebKit/537.36 (KHTML, like Gecko; compatible; bingbot/2.0; +http://www.bing.com/bingbot.htm) Chrome/116.0.1938.76 Safari/537.36"
66.249.72.224 - - [31/Dec/2025:21:00:02 +0800] "GET /p/usa-14go-5512008 HTTP/1.1" 200 178953 "-" "Mozilla/5.0 (Linux; Android 6.0.1; Nexus 5X Build/MMB29P) AppleWebKit/537.36 (KHTML, like Gecko) Chrome/141.0.7390.122 Mobile Safari/537.36 (compatible; Googlebot/2.1; +http://www.google.com/bot.html)"
66.249.71.71 - - [31/Dec/2025:21:00:14 +0800] "GET /?a=3414015 HTTP/1.1" 200 180134 "-" "Mozilla/5.0 (Linux; Android 6.0.1; Nexus 5X Build/MMB29P) AppleWebKit/537.36 (KHTML, like Gecko) Chrome/141.0.7390.122 Mobile Safari/537.36 (compatible; Googlebot/2.1; +http://www.google.com/bot.html)"
40.77.167.51 - - [31/Dec/2025:21:00:15 +0800] "GET /index.php/about-us/company-profile/?a=2789631 HTTP/1.1" 200 190570 "-" "Mozilla/5.0 AppleWebKit/537.36 (KHTML, like Gecko; compatible; bingbot/2.0; +http://www.bing.com/bingbot.htm) Chrome/116.0.1938.76 Safari/537.36"
66.249.72.224 - - [31/Dec/2025:21:00:26 +0800] "GET /index.php//?a=858957 HTTP/1.1" 200 179757 "-" "Mozilla/5.0 (Linux; Android 6.0.1; Nexus 5X Build/MMB29P) AppleWebKit/537.36 (KHTML, like Gecko) Chrome/141.0.7390.122 Mobile Safari/537.36 (compatible; Googlebot/2.1; +http://www.google.com/bot.html)"
66.249.75.227 - - [31/Dec/2025:21:00:30 +0800] "GET /?a=1908462 HTTP/1.1" 200 181216 "-" "Mozilla/5.0 (Linux; Android 6.0.1; Nexus 5X Build/MMB29P) AppleWebKit/537.36 (KHTML, like Gecko) Chrome/141.0.7390.122 Mobile Safari/537.36 (compatible; Googlebot/2.1; +http://www.google.com/bot.html)"
207.46.13.52 - - [31/Dec/2025:21:00:36 +0800] "GET /index.php/about-us/company-profile/?a=3533607 HTTP/1.1" 200 185751 "-" "Mozilla/5.0 AppleWebKit/537.36 (KHTML, like Gecko; compatible; bingbot/2.0; +http://www.bing.com/bingbot.htm) Chrome/116.0.1938.76 Safari/537.36"
190.206.34.72 - - [31/Dec/2025:21:00:37 +0800] "GET /index.php/products/public-hygiene/personal-care/item/192d-ht-draman-2 HTTP/1.1" 404 3331 "-" "Mozilla/5.0 (Windows NT 10.0; Win64; x64) AppleWebKit/537.36 (KHTML, like Gecko) Chrome/129.0.0.0 Safari/537.36"
167.99.14.227 - - [31/Dec/2025:21:00:40 +0800] "GET /index.php/products/consumer/goodmaid-baby-bio/item/baby-bio-laundry-detergent HTTP/1.1" 404 3331 "-" "Mozilla/5.0 (Windows NT 10.0; Win64; x64) AppleWebKit/537.36 (KHTML, like Gecko) Chrome/129.0.0.0 Safari/537.36"
45.172.254.111 - - [31/Dec/2025:21:00:43 +0800] "GET /index.php/products/consumer/specialized-cleaners/item/washing-machine-cleaner HTTP/1.1" 404 3331 "-" "Mozilla/5.0 (Windows NT 10.0; Win64; x64) AppleWebKit/537.36 (KHTML, like Gecko) Chrome/129.0.0.0 Safari/537.36"
181.46.66.114 - - [31/Dec/2025:21:00:45 +0800] "GET /index.php/products/consumer/floor-care/item/floor-cleaner HTTP/1.1" 404 3331 "-" "Mozilla/5.0 (Windows NT 10.0; Win64; x64) AppleWebKit/537.36 (KHTML, like Gecko) Chrome/129.0.0.0 Safari/537.36"
187.190.184.236 - - [31/Dec/2025:21:00:46 +0800] "GET /index.php/products/public-hygiene/floor-care/item/0210-florestore-2 HTTP/1.1" 404 3331 "-" "Mozilla/5.0 (Windows NT 10.0; Win64; x64) AppleWebKit/537.36 (KHTML, like Gecko) Chrome/129.0.0.0 Safari/537.36"
185.169.182.34 - - [31/Dec/2025:21:00:48 +0800] "GET /index.php/products/public-hygiene/housekeeping/item/100-multi-zap-2 HTTP/1.1" 404 3331 "-" "Mozilla/5.0 (Windows NT 10.0; Win64; x64) AppleWebKit/537.36 (KHTML, like Gecko) Chrome/129.0.0.0 Safari/537.36"
45.15.112.195 - - [31/Dec/2025:21:00:48 +0800] "GET /index.php/products/food-sanitation/goodmaid-pro-ware-washing/item/gmp-353-destainer HTTP/1.1" 404 3331 "-" "Mozilla/5.0 (Windows NT 10.0; Win64; x64) AppleWebKit/537.36 (KHTML, like Gecko) Chrome/129.0.0.0 Safari/537.36"
169.224.15.173 - - [31/Dec/2025:21:00:49 +0800] "GET /index.php/products/healthcare-hygiene/dispenser/item/is-9000?category_id=47 HTTP/1.1" 404 3331 "-" "Mozilla/5.0 (Windows NT 10.0; Win64; x64) AppleWebKit/537.36 (KHTML, like Gecko) Chrome/129.0.0.0 Safari/537.36"
103.140.205.135 - - [31/Dec/2025:21:00:50 +0800] "GET /index.php/products/public-hygiene/laundry-care/alphaindex/other HTTP/1.1" 404 3331 "-" "Mozilla/5.0 (Windows NT 10.0; Win64; x64) AppleWebKit/537.36 (KHTML, like Gecko) Chrome/129.0.0.0 Safari/537.36"
14.231.247.9 - - [31/Dec/2025:21:00:52 +0800] "GET /index.php/products/public-hygiene/laundry-care/item/350-laun-d-2 HTTP/1.1" 404 3331 "-" "Mozilla/5.0 (Windows NT 10.0; Win64; x64) AppleWebKit/537.36 (KHTML, like Gecko) Chrome/129.0.0.0 Safari/537.36"
191.52.244.186 - - [31/Dec/2025:21:00:53 +0800] "GET /index.php/products/consumer/specialized-cleaners/item/oven-cleaner HTTP/1.1" 404 3331 "-" "Mozilla/5.0 (Windows NT 10.0; Win64; x64) AppleWebKit/537.36 (KHTML, like Gecko) Chrome/129.0.0.0 Safari/537.36"
136.158.39.33 - - [31/Dec/2025:21:00:54 +0800] "GET /index.php/shop-now HTTP/1.1" 404 3331 "-" "Mozilla/5.0 (Windows NT 10.0; Win64; x64) AppleWebKit/537.36 (KHTML, like Gecko) Chrome/129.0.0.0 Safari/537.36"
190.83.123.57 - - [31/Dec/2025:21:00:55 +0800] "GET /index.php/products/global-business HTTP/1.1" 404 3331 "-" "Mozilla/5.0 (Windows NT 10.0; Win64; x64) AppleWebKit/537.36 (KHTML, like Gecko) Chrome/129.0.0.0 Safari/537.36"
74.91.29.90 - - [31/Dec/2025:21:00:56 +0800] "GET /sxallsitemap.xml HTTP/1.1" 200 11 "-" "Mozilla/5.0 (Windows NT 10.0; Win64; x64) AppleWebKit/537.36 (KHTML, like Gecko) Chrome/142.0.0.0 Safari/537.36"
66.249.71.64 - - [31/Dec/2025:21:00:56 +0800] "GET /?a=5121053 HTTP/1.1" 200 189578 "-" "Mozilla/5.0 (Linux; Android 6.0.1; Nexus 5X Build/MMB29P) AppleWebKit/537.36 (KHTML, like Gecko) Chrome/141.0.7390.122 Mobile Safari/537.36 (compatible; Googlebot/2.1; +http://www.google.com/bot.html)"
66.249.71.5 - - [31/Dec/2025:21:00:56 +0800] "GET /p/usa-14go-5432024 HTTP/1.1" 200 178425 "-" "Mozilla/5.0 (Linux; Android 6.0.1; Nexus 5X Build/MMB29P) AppleWebKit/537.36 (KHTML, like Gecko) Chrome/141.0.7390.122 Mobile Safari/537.36 (compatible; GoogleOther)"
85.174.192.159 - - [31/Dec/2025:21:00:58 +0800] "GET /index.php/products/public-hygiene/housekeeping/item/121-deo-gel-2 HTTP/1.1" 404 3331 "-" "Mozilla/5.0 (Windows NT 10.0; Win64; x64) AppleWebKit/537.36 (KHTML, like Gecko) Chrome/129.0.0.0 Safari/537.36"
88.230.194.227 - - [31/Dec/2025:21:00:58 +0800] "GET /index.php/products/food-sanitation/tools-dispensers/item/gmd-500-f-a HTTP/1.1" 404 3331 "-" "Mozilla/5.0 (Windows NT 10.0; Win64; x64) AppleWebKit/537.36 (KHTML, like Gecko) Chrome/129.0.0.0 Safari/537.36"
37.212.3.130 - - [31/Dec/2025:21:00:58 +0800] "GET /index.php/products/consumer/specialized-cleaners/item/washing-machine-cleaner HTTP/1.1" 404 3331 "-" "Mozilla/5.0 (Windows NT 10.0; Win64; x64) AppleWebKit/537.36 (KHTML, like Gecko) Chrome/129.0.0.0 Safari/537.36"
102.91.92.214 - - [31/Dec/2025:21:00:59 +0800] "GET /index.php/products/public-hygiene/floor-care/item/0203-tilecon-seal-2 HTTP/1.1" 404 3331 "-" "Mozilla/5.0 (Windows NT 10.0; Win64; x64) AppleWebKit/537.36 (KHTML, like Gecko) Chrome/129.0.0.0 Safari/537.36"
105.71.132.133 - - [31/Dec/2025:21:01:00 +0800] "GET /index.php/products/public-hygiene/personal-care/item/192d-ht-draman-2 HTTP/1.1" 404 3331 "-" "Mozilla/5.0 (Windows NT 10.0; Win64; x64) AppleWebKit/537.36 (KHTML, like Gecko) Chrome/129.0.0.0 Safari/537.36"
45.161.92.60 - - [31/Dec/2025:21:01:02 +0800] "GET /index.php/products/consumer/floor-care/item/floor-cleaner HTTP/1.1" 404 3331 "-" "Mozilla/5.0 (Windows NT 10.0; Win64; x64) AppleWebKit/537.36 (KHTML, like Gecko) Chrome/129.0.0.0 Safari/537.36"
92.241.36.7 - - [31/Dec/2025:21:01:03 +0800] "GET /index.php/products/public-hygiene/floor-care/item/0210-florestore-2 HTTP/1.1" 404 3331 "-" "Mozilla/5.0 (Windows NT 10.0; Win64; x64) AppleWebKit/537.36 (KHTML, like Gecko) Chrome/129.0.0.0 Safari/537.36"
40.77.167.74 - - [31/Dec/2025:21:01:03 +0800] "GET /index.php/about-us/company-profile/?a=1311246 HTTP/1.1" 200 186097 "-" "Mozilla/5.0 AppleWebKit/537.36 (KHTML, like Gecko; compatible; bingbot/2.0; +http://www.bing.com/bingbot.htm) Chrome/116.0.1938.76 Safari/537.36"
196.207.128.72 - - [31/Dec/2025:21:01:08 +0800] "GET /index.php/products/healthcare-hygiene/dispenser HTTP/1.1" 404 3331 "-" "Mozilla/5.0 (Windows NT 10.0; Win64; x64) AppleWebKit/537.36 (KHTML, like Gecko) Chrome/129.0.0.0 Safari/537.36"
66.249.75.228 - - [31/Dec/2025:21:01:08 +0800] "GET /?a=662481 HTTP/1.1" 200 172831 "-" "Mozilla/5.0 (Linux; Android 6.0.1; Nexus 5X Build/MMB29P) AppleWebKit/537.36 (KHTML, like Gecko) Chrome/141.0.7390.122 Mobile Safari/537.36 (compatible; Googlebot/2.1; +http://www.google.com/bot.html)"
198.199.68.20 - - [31/Dec/2025:21:01:08 +0800] "GET /index.php HTTP/1.1" 200 43896 "-" "Zabbix"
216.24.213.116 - - [31/Dec/2025:21:01:18 +0800] "GET /wp-login.php HTTP/1.1" 404 3331 "-" "Mozilla/5.0 (Windows NT 10.0; Win64; x64) AppleWebKit/537.36 (KHTML, like Gecko) Chrome/91.0.4472.124 Safari/537.36"
66.249.75.227 - - [31/Dec/2025:21:01:24 +0800] "GET /?a=2708706 HTTP/1.1" 200 171713 "-" "Mozilla/5.0 (Linux; Android 6.0.1; Nexus 5X Build/MMB29P) AppleWebKit/537.36 (KHTML, like Gecko) Chrome/141.0.7390.122 Mobile Safari/537.36 (compatible; Googlebot/2.1; +http://www.google.com/bot.html)"
35.173.69.86 - - [31/Dec/2025:21:01:26 +0800] "GET / HTTP/1.1" 200 43871 "-" "FreshpingBot/1.0 (+https://freshping.io/)"
181.117.9.118 - - [31/Dec/2025:21:01:27 +0800] "GET /index.php/products/consumer/goodmaid-baby-bio/item/baby-bio-laundry-detergent HTTP/1.1" 404 3331 "-" "Mozilla/5.0 (Windows NT 10.0; Win64; x64) AppleWebKit/537.36 (KHTML, like Gecko) Chrome/129.0.0.0 Safari/537.36"
66.249.75.226 - - [31/Dec/2025:21:01:30 +0800] "GET /?a=4705579 HTTP/1.1" 200 171190 "-" "Mozilla/5.0 (Linux; Android 6.0.1; Nexus 5X Build/MMB29P) AppleWebKit/537.36 (KHTML, like Gecko) Chrome/141.0.7390.122 Mobile Safari/537.36 (compatible; Googlebot/2.1; +http://www.google.com/bot.html)"
66.249.75.226 - - [31/Dec/2025:21:01:46 +0800] "GET /?a=4670925 HTTP/1.1" 200 187074 "-" "Mozilla/5.0 (Linux; Android 6.0.1; Nexus 5X Build/MMB29P) AppleWebKit/537.36 (KHTML, like Gecko) Chrome/141.0.7390.122 Mobile Safari/537.36 (compatible; Googlebot/2.1; +http://www.google.com/bot.html)"
37.60.141.252 - - [31/Dec/2025:21:01:50 +0800] "GET /index.php/products-services/consumer/consumer-products/category/toilet-cleaners/wp-login.php HTTP/1.1" 200 28969 "-" "Mozilla/5.0 (Windows NT 10.0; Win64; x64) Gecko/20100101 Firefox/119.0.1"
37.60.141.252 - - [31/Dec/2025:21:01:51 +0800] "GET /index.php/products-services/consumer/consumer-products/category/toilet-cleaners/wp-login.php HTTP/1.1" 200 28969 "-" "Mozilla/5.0 (Windows NT 11.0; Win64; x64) AppleWebKit/537.36 (KHTML, like Gecko) Chrome/120.0.6099.130 Safari/537.36"
37.60.141.252 - - [31/Dec/2025:21:01:52 +0800] "POST /index.php/products-services/consumer/consumer-products/category/toilet-cleaners/wp-login.php HTTP/1.1" 200 28969 "https://www.goodmaid.net/index.php/products-services/consumer/consumer-products/category/toilet-cleaners/wp-login.php" "Mozilla/5.0 (Windows NT 10.0; Win64; x64) Gecko/20100101 Firefox/120.0.1"
66.249.75.226 - - [31/Dec/2025:21:01:52 +0800] "GET /?a=1624254 HTTP/1.1" 200 175055 "-" "Mozilla/5.0 (Linux; Android 6.0.1; Nexus 5X Build/MMB29P) AppleWebKit/537.36 (KHTML, like Gecko) Chrome/141.0.7390.122 Mobile Safari/537.36 (compatible; Googlebot/2.1; +http://www.google.com/bot.html)"
37.60.141.252 - - [31/Dec/2025:21:01:53 +0800] "POST /index.php/products-services/consumer/consumer-products/category/toilet-cleaners/wp-login.php HTTP/1.1" 200 28969 "https://www.goodmaid.net/index.php/products-services/consumer/consumer-products/category/toilet-cleaners/wp-login.php" "Mozilla/5.0 (Windows NT 10.0; Win64; x64) Gecko/20100101 Firefox/118.0.2"
37.60.141.252 - - [31/Dec/2025:21:01:55 +0800] "POST /index.php/products-services/consumer/consumer-products/category/toilet-cleaners/wp-login.php HTTP/1.1" 200 28969 "https://www.goodmaid.net/index.php/products-services/consumer/consumer-products/category/toilet-cleaners/wp-login.php" "Mozilla/5.0 (X11; Linux x86_64) AppleWebKit/537.36 (KHTML, like Gecko) Chrome/118.0.5993.88 Safari/537.36"
37.60.141.252 - - [31/Dec/2025:21:01:56 +0800] "POST /index.php/products-services/consumer/consumer-products/category/toilet-cleaners/wp-login.php HTTP/1.1" 200 28969 "https://www.goodmaid.net/index.php/products-services/consumer/consumer-products/category/toilet-cleaners/wp-login.php" "Mozilla/5.0 (Windows NT 11.0; Win64; x64) AppleWebKit/537.36 (KHTML, like Gecko) Chrome/122.0.6261.57 Safari/537.36"
37.60.141.252 - - [31/Dec/2025:21:01:57 +0800] "POST /index.php/products-services/consumer/consumer-products/category/toilet-cleaners/wp-login.php HTTP/1.1" 200 28969 "https://www.goodmaid.net/index.php/products-services/consumer/consumer-products/category/toilet-cleaners/wp-login.php" "Mozilla/5.0 (Windows NT 10.0; Win64; x64) Gecko/20100101 Firefox/121.0"
37.60.141.252 - - [31/Dec/2025:21:01:59 +0800] "POST /index.php/products-services/consumer/consumer-products/category/toilet-cleaners/wp-login.php HTTP/1.1" 200 28969 "https://www.goodmaid.net/index.php/products-services/consumer/consumer-products/category/toilet-cleaners/wp-login.php" "Mozilla/5.0 (Macintosh; Intel Mac OS X 10.15) Gecko/20100101 Firefox/122.0"
37.60.141.252 - - [31/Dec/2025:21:02:00 +0800] "POST /index.php/products-services/consumer/consumer-products/category/toilet-cleaners/wp-login.php HTTP/1.1" 200 28969 "https://www.goodmaid.net/index.php/products-services/consumer/consumer-products/category/toilet-cleaners/wp-login.php" "Mozilla/5.0 (Windows NT 10.0; Win64; x64) Gecko/20100101 Firefox/119.0.1"
37.60.141.252 - - [31/Dec/2025:21:02:01 +0800] "POST /index.php/products-services/consumer/consumer-products/category/toilet-cleaners/wp-login.php HTTP/1.1" 200 28969 "https://www.goodmaid.net/index.php/products-services/consumer/consumer-products/category/toilet-cleaners/wp-login.php" "Mozilla/5.0 (Macintosh; Intel Mac OS X 10_15_7) AppleWebKit/537.36 (KHTML, like Gecko) Chrome/119.0.6045.159 Safari/537.36"
37.60.141.252 - - [31/Dec/2025:21:02:03 +0800] "POST /index.php/products-services/consumer/consumer-products/category/toilet-cleaners/wp-login.php HTTP/1.1" 200 28969 "https://www.goodmaid.net/index.php/products-services/consumer/consumer-products/category/toilet-cleaners/wp-login.php" "Mozilla/5.0 (Windows NT 10.0; Win64; x64) Gecko/20100101 Firefox/120.0.1"
37.60.141.252 - - [31/Dec/2025:21:02:04 +0800] "POST /index.php/products-services/consumer/consumer-products/category/toilet-cleaners/wp-login.php HTTP/1.1" 200 28969 "https://www.goodmaid.net/index.php/products-services/consumer/consumer-products/category/toilet-cleaners/wp-login.php" "Mozilla/5.0 (Windows NT 11.0; Win64; x64) AppleWebKit/537.36 (KHTML, like Gecko) Chrome/119.0.6045.159 Safari/537.36"
37.60.141.252 - - [31/Dec/2025:21:02:06 +0800] "POST /index.php/products-services/consumer/consumer-products/category/toilet-cleaners/wp-login.php HTTP/1.1" 200 28969 "https://www.goodmaid.net/index.php/products-services/consumer/consumer-products/category/toilet-cleaners/wp-login.php" "Mozilla/5.0 (Macintosh; Intel Mac OS X 10.15) Gecko/20100101 Firefox/121.0"
37.60.141.252 - - [31/Dec/2025:21:02:07 +0800] "POST /index.php/products-services/consumer/consumer-products/category/toilet-cleaners/wp-login.php HTTP/1.1" 200 28969 "https://www.goodmaid.net/index.php/products-services/consumer/consumer-products/category/toilet-cleaners/wp-login.php" "Mozilla/5.0 (Windows NT 10.0; Win64; x64) Gecko/20100101 Firefox/122.0"
37.60.141.252 - - [31/Dec/2025:21:02:08 +0800] "POST /index.php/products-services/consumer/consumer-products/category/toilet-cleaners/wp-login.php HTTP/1.1" 200 28969 "https://www.goodmaid.net/index.php/products-services/consumer/consumer-products/category/toilet-cleaners/wp-login.php" "Mozilla/5.0 (Windows NT 10.0; Win64; x64) AppleWebKit/537.36 (KHTML, like Gecko) Chrome/118.0.5993.88 Safari/537.36"
37.60.141.252 - - [31/Dec/2025:21:02:10 +0800] "POST /index.php/products-services/consumer/consumer-products/category/toilet-cleaners/wp-login.php HTTP/1.1" 200 28969 "https://www.goodmaid.net/index.php/products-services/consumer/consumer-products/category/toilet-cleaners/wp-login.php" "Mozilla/5.0 (Macintosh; Intel Mac OS X 13_6_2) AppleWebKit/537.36 (KHTML, like Gecko) Chrome/118.0.5993.88 Safari/537.36"
37.60.141.252 - - [31/Dec/2025:21:02:10 +0800] "POST /index.php/products-services/consumer/consumer-products/category/toilet-cleaners/wp-login.php HTTP/1.1" 200 28969 "https://www.goodmaid.net/index.php/products-services/consumer/consumer-products/category/toilet-cleaners/wp-login.php" "Mozilla/5.0 (Windows NT 10.0; Win64; x64) AppleWebKit/537.36 (KHTML, like Gecko) Chrome/122.0.6261.57 Safari/537.36"
37.60.141.252 - - [31/Dec/2025:21:02:12 +0800] "POST /index.php/products-services/consumer/consumer-products/category/toilet-cleaners/wp-login.php HTTP/1.1" 200 28969 "https://www.goodmaid.net/index.php/products-services/consumer/consumer-products/category/toilet-cleaners/wp-login.php" "Mozilla/5.0 (X11; Linux x86_64) Gecko/20100101 Firefox/122.0"
37.60.141.252 - - [31/Dec/2025:21:02:13 +0800] "POST /index.php/products-services/consumer/consumer-products/category/toilet-cleaners/wp-login.php HTTP/1.1" 200 28969 "https://www.goodmaid.net/index.php/products-services/consumer/consumer-products/category/toilet-cleaners/wp-login.php" "Mozilla/5.0 (Windows NT 10.0; Win64; x64) AppleWebKit/537.36 (KHTML, like Gecko) Chrome/122.0.6261.57 Safari/537.36"
37.60.141.252 - - [31/Dec/2025:21:02:14 +0800] "POST /index.php/products-services/consumer/consumer-products/category/toilet-cleaners/wp-login.php HTTP/1.1" 200 28969 "https://www.goodmaid.net/index.php/products-services/consumer/consumer-products/category/toilet-cleaners/wp-login.php" "Mozilla/5.0 (X11; Linux x86_64) Gecko/20100101 Firefox/120.0.1"
37.60.141.252 - - [31/Dec/2025:21:02:16 +0800] "POST /index.php/products-services/consumer/consumer-products/category/toilet-cleaners/wp-login.php HTTP/1.1" 200 28969 "https://www.goodmaid.net/index.php/products-services/consumer/consumer-products/category/toilet-cleaners/wp-login.php" "Mozilla/5.0 (X11; Linux x86_64) Gecko/20100101 Firefox/119.0.1"
157.55.39.58 - - [31/Dec/2025:21:02:15 +0800] "GET /index.php/about-us/company-profile/?a=3333663 HTTP/1.1" 200 185389 "-" "Mozilla/5.0 AppleWebKit/537.36 (KHTML, like Gecko; compatible; bingbot/2.0; +http://www.bing.com/bingbot.htm) Chrome/116.0.1938.76 Safari/537.36"
37.60.141.252 - - [31/Dec/2025:21:02:17 +0800] "POST /index.php/products-services/consumer/consumer-products/category/toilet-cleaners/wp-login.php HTTP/1.1" 200 28969 "https://www.goodmaid.net/index.php/products-services/consumer/consumer-products/category/toilet-cleaners/wp-login.php" "Mozilla/5.0 (Macintosh; Intel Mac OS X 13_6_2) AppleWebKit/537.36 (KHTML, like Gecko) Chrome/120.0.6099.130 Safari/537.36"
66.249.71.64 - - [31/Dec/2025:21:02:17 +0800] "GET /?a=143767 HTTP/1.1" 200 170065 "-" "Mozilla/5.0 (Linux; Android 6.0.1; Nexus 5X Build/MMB29P) AppleWebKit/537.36 (KHTML, like Gecko) Chrome/141.0.7390.122 Mobile Safari/537.36 (compatible; Googlebot/2.1; +http://www.google.com/bot.html)"
37.60.141.252 - - [31/Dec/2025:21:02:18 +0800] "POST /index.php/products-services/consumer/consumer-products/category/toilet-cleaners/wp-login.php HTTP/1.1" 200 28969 "https://www.goodmaid.net/index.php/products-services/consumer/consumer-products/category/toilet-cleaners/wp-login.php" "Mozilla/5.0 (Windows NT 10.0; Win64; x64) Gecko/20100101 Firefox/121.0"
37.60.141.252 - - [31/Dec/2025:21:02:20 +0800] "POST /index.php/products-services/consumer/consumer-products/category/toilet-cleaners/wp-login.php HTTP/1.1" 200 28969 "https://www.goodmaid.net/index.php/products-services/consumer/consumer-products/category/toilet-cleaners/wp-login.php" "Mozilla/5.0 (X11; Ubuntu; Linux x86_64) AppleWebKit/537.36 (KHTML, like Gecko) Chrome/122.0.6261.57 Safari/537.36"
37.60.141.252 - - [31/Dec/2025:21:02:21 +0800] "POST /index.php/products-services/consumer/consumer-products/category/toilet-cleaners/wp-login.php HTTP/1.1" 200 28969 "https://www.goodmaid.net/index.php/products-services/consumer/consumer-products/category/toilet-cleaners/wp-login.php" "Mozilla/5.0 (Windows NT 11.0; Win64; x64) AppleWebKit/537.36 (KHTML, like Gecko) Chrome/122.0.6261.57 Safari/537.36"
37.60.141.252 - - [31/Dec/2025:21:02:22 +0800] "POST /index.php/products-services/consumer/consumer-products/category/toilet-cleaners/wp-login.php HTTP/1.1" 200 28969 "https://www.goodmaid.net/index.php/products-services/consumer/consumer-products/category/toilet-cleaners/wp-login.php" "Mozilla/5.0 (Macintosh; Intel Mac OS X 10.15) Gecko/20100101 Firefox/121.0"
66.249.71.71 - - [31/Dec/2025:21:02:23 +0800] "GET /?a=34460 HTTP/1.1" 200 174169 "-" "Mozilla/5.0 (Linux; Android 6.0.1; Nexus 5X Build/MMB29P) AppleWebKit/537.36 (KHTML, like Gecko) Chrome/141.0.7390.122 Mobile Safari/537.36 (compatible; Googlebot/2.1; +http://www.google.com/bot.html)"
37.60.141.252 - - [31/Dec/2025:21:02:24 +0800] "POST /index.php/products-services/consumer/consumer-products/category/toilet-cleaners/wp-login.php HTTP/1.1" 200 28969 "https://www.goodmaid.net/index.php/products-services/consumer/consumer-products/category/toilet-cleaners/wp-login.php" "Mozilla/5.0 (Macintosh; Intel Mac OS X 13_6_2) AppleWebKit/537.36 (KHTML, like Gecko) Chrome/120.0.6099.130 Safari/537.36"
68.218.30.115 - - [31/Dec/2025:21:02:25 +0800] "GET /?a=921187 HTTP/1.1" 200 43895 "-" "Mozilla/5.0 AppleWebKit/537.36 (KHTML, like Gecko); compatible; ChatGPT-User/1.0; +https://openai.com/bot"
37.60.141.252 - - [31/Dec/2025:21:02:25 +0800] "POST /index.php/products-services/consumer/consumer-products/category/toilet-cleaners/wp-login.php HTTP/1.1" 200 28969 "https://www.goodmaid.net/index.php/products-services/consumer/consumer-products/category/toilet-cleaners/wp-login.php" "Mozilla/5.0 (Windows NT 11.0; Win64; x64) AppleWebKit/537.36 (KHTML, like Gecko) Chrome/122.0.6261.57 Safari/537.36"
37.60.141.252 - - [31/Dec/2025:21:02:26 +0800] "POST /index.php/products-services/consumer/consumer-products/category/toilet-cleaners/wp-login.php HTTP/1.1" 200 28969 "https://www.goodmaid.net/index.php/products-services/consumer/consumer-products/category/toilet-cleaners/wp-login.php" "Mozilla/5.0 (Macintosh; Intel Mac OS X 13_6_2) AppleWebKit/537.36 (KHTML, like Gecko) Chrome/119.0.6045.159 Safari/537.36"
37.60.141.252 - - [31/Dec/2025:21:02:28 +0800] "POST /index.php/products-services/consumer/consumer-products/category/toilet-cleaners/wp-login.php HTTP/1.1" 200 28969 "https://www.goodmaid.net/index.php/products-services/consumer/consumer-products/category/toilet-cleaners/wp-login.php" "Mozilla/5.0 (Windows NT 11.0; Win64; x64) AppleWebKit/537.36 (KHTML, like Gecko) Chrome/122.0.6261.57 Safari/537.36"
37.60.141.252 - - [31/Dec/2025:21:02:29 +0800] "POST /index.php/products-services/consumer/consumer-products/category/toilet-cleaners/wp-login.php HTTP/1.1" 200 28969 "https://www.goodmaid.net/index.php/products-services/consumer/consumer-products/category/toilet-cleaners/wp-login.php" "Mozilla/5.0 (Windows NT 10.0; Win64; x64) Gecko/20100101 Firefox/121.0"
66.249.75.226 - - [31/Dec/2025:21:02:30 +0800] "GET /?a=2388319 HTTP/1.1" 200 175302 "-" "Mozilla/5.0 (Linux; Android 6.0.1; Nexus 5X Build/MMB29P) AppleWebKit/537.36 (KHTML, like Gecko) Chrome/141.0.7390.122 Mobile Safari/537.36 (compatible; Googlebot/2.1; +http://www.google.com/bot.html)"
37.60.141.252 - - [31/Dec/2025:21:02:31 +0800] "POST /index.php/products-services/consumer/consumer-products/category/toilet-cleaners/wp-login.php HTTP/1.1" 200 28969 "https://www.goodmaid.net/index.php/products-services/consumer/consumer-products/category/toilet-cleaners/wp-login.php" "Mozilla/5.0 (Windows NT 10.0; Win64; x64) Gecko/20100101 Firefox/120.0.1"
37.60.141.252 - - [31/Dec/2025:21:02:33 +0800] "POST /index.php/products-services/consumer/consumer-products/category/toilet-cleaners/wp-login.php HTTP/1.1" 200 28969 "https://www.goodmaid.net/index.php/products-services/consumer/consumer-products/category/toilet-cleaners/wp-login.php" "Mozilla/5.0 (Windows NT 11.0; Win64; x64) AppleWebKit/537.36 (KHTML, like Gecko) Chrome/122.0.6261.57 Safari/537.36"
37.60.141.252 - - [31/Dec/2025:21:02:34 +0800] "POST /index.php/products-services/consumer/consumer-products/category/toilet-cleaners/wp-login.php HTTP/1.1" 200 28969 "https://www.goodmaid.net/index.php/products-services/consumer/consumer-products/category/toilet-cleaners/wp-login.php" "Mozilla/5.0 (Windows NT 10.0; Win64; x64) Gecko/20100101 Firefox/122.0"
37.60.141.252 - - [31/Dec/2025:21:02:36 +0800] "POST /index.php/products-services/consumer/consumer-products/category/toilet-cleaners/wp-login.php HTTP/1.1" 200 28969 "https://www.goodmaid.net/index.php/products-services/consumer/consumer-products/category/toilet-cleaners/wp-login.php" "Mozilla/5.0 (X11; Linux x86_64) Gecko/20100101 Firefox/119.0.1"
66.249.75.226 - - [31/Dec/2025:21:02:36 +0800] "GET /?a=123207 HTTP/1.1" 200 171643 "-" "Mozilla/5.0 (Linux; Android 6.0.1; Nexus 5X Build/MMB29P) AppleWebKit/537.36 (KHTML, like Gecko) Chrome/141.0.7390.122 Mobile Safari/537.36 (compatible; Googlebot/2.1; +http://www.google.com/bot.html)"
37.60.141.252 - - [31/Dec/2025:21:02:37 +0800] "POST /index.php/products-services/consumer/consumer-products/category/toilet-cleaners/wp-login.php HTTP/1.1" 200 28969 "https://www.goodmaid.net/index.php/products-services/consumer/consumer-products/category/toilet-cleaners/wp-login.php" "Mozilla/5.0 (Macintosh; Intel Mac OS X 10.15) Gecko/20100101 Firefox/122.0"
37.60.141.252 - - [31/Dec/2025:21:02:38 +0800] "POST /index.php/products-services/consumer/consumer-products/category/toilet-cleaners/wp-login.php HTTP/1.1" 200 28969 "https://www.goodmaid.net/index.php/products-services/consumer/consumer-products/category/toilet-cleaners/wp-login.php" "Mozilla/5.0 (Macintosh; Intel Mac OS X 10.15) Gecko/20100101 Firefox/119.0.1"
37.60.141.252 - - [31/Dec/2025:21:02:40 +0800] "POST /index.php/products-services/consumer/consumer-products/category/toilet-cleaners/wp-login.php HTTP/1.1" 200 28969 "https://www.goodmaid.net/index.php/products-services/consumer/consumer-products/category/toilet-cleaners/wp-login.php" "Mozilla/5.0 (X11; Ubuntu; Linux x86_64) AppleWebKit/537.36 (KHTML, like Gecko) Chrome/122.0.6261.57 Safari/537.36"
37.60.141.252 - - [31/Dec/2025:21:02:41 +0800] "POST /index.php/products-services/consumer/consumer-products/category/toilet-cleaners/wp-login.php HTTP/1.1" 200 28969 "https://www.goodmaid.net/index.php/products-services/consumer/consumer-products/category/toilet-cleaners/wp-login.php" "Mozilla/5.0 (Windows NT 10.0; Win64; x64) Gecko/20100101 Firefox/120.0.1"
37.60.141.252 - - [31/Dec/2025:21:02:42 +0800] "POST /index.php/products-services/consumer/consumer-products/category/toilet-cleaners/wp-login.php HTTP/1.1" 200 28969 "https://www.goodmaid.net/index.php/products-services/consumer/consumer-products/category/toilet-cleaners/wp-login.php" "Mozilla/5.0 (Macintosh; Intel Mac OS X 10.15) Gecko/20100101 Firefox/122.0"
66.249.71.70 - - [31/Dec/2025:21:02:43 +0800] "GET /?a=2707097 HTTP/1.1" 200 187598 "-" "Mozilla/5.0 (Linux; Android 6.0.1; Nexus 5X Build/MMB29P) AppleWebKit/537.36 (KHTML, like Gecko) Chrome/141.0.7390.122 Mobile Safari/537.36 (compatible; Googlebot/2.1; +http://www.google.com/bot.html)"
37.60.141.252 - - [31/Dec/2025:21:02:43 +0800] "POST /index.php/products-services/consumer/consumer-products/category/toilet-cleaners/wp-login.php HTTP/1.1" 200 28969 "https://www.goodmaid.net/index.php/products-services/consumer/consumer-products/category/toilet-cleaners/wp-login.php" "Mozilla/5.0 (Windows NT 10.0; Win64; x64) Gecko/20100101 Firefox/118.0.2"
37.60.141.252 - - [31/Dec/2025:21:02:44 +0800] "POST /index.php/products-services/consumer/consumer-products/category/toilet-cleaners/wp-login.php HTTP/1.1" 200 28969 "https://www.goodmaid.net/index.php/products-services/consumer/consumer-products/category/toilet-cleaners/wp-login.php" "Mozilla/5.0 (Macintosh; Intel Mac OS X 10.15) Gecko/20100101 Firefox/118.0.2"
37.60.141.252 - - [31/Dec/2025:21:02:46 +0800] "POST /index.php/products-services/consumer/consumer-products/category/toilet-cleaners/wp-login.php HTTP/1.1" 200 28969 "https://www.goodmaid.net/index.php/products-services/consumer/consumer-products/category/toilet-cleaners/wp-login.php" "Mozilla/5.0 (Macintosh; Intel Mac OS X 10.15) Gecko/20100101 Firefox/118.0.2"
37.60.141.252 - - [31/Dec/2025:21:02:47 +0800] "POST /index.php/products-services/consumer/consumer-products/category/toilet-cleaners/wp-login.php HTTP/1.1" 200 28969 "https://www.goodmaid.net/index.php/products-services/consumer/consumer-products/category/toilet-cleaners/wp-login.php" "Mozilla/5.0 (Windows NT 10.0; Win64; x64) Gecko/20100101 Firefox/118.0.2"
37.60.141.252 - - [31/Dec/2025:21:02:48 +0800] "POST /index.php/products-services/consumer/consumer-products/category/toilet-cleaners/wp-login.php HTTP/1.1" 200 28969 "https://www.goodmaid.net/index.php/products-services/consumer/consumer-products/category/toilet-cleaners/wp-login.php" "Mozilla/5.0 (Macintosh; Intel Mac OS X 13_6_2) AppleWebKit/537.36 (KHTML, like Gecko) Chrome/118.0.5993.88 Safari/537.36"
37.60.141.252 - - [31/Dec/2025:21:02:49 +0800] "POST /index.php/products-services/consumer/consumer-products/category/toilet-cleaners/wp-login.php HTTP/1.1" 200 28969 "https://www.goodmaid.net/index.php/products-services/consumer/consumer-products/category/toilet-cleaners/wp-login.php" "Mozilla/5.0 (Macintosh; Intel Mac OS X 13_6_2) AppleWebKit/537.36 (KHTML, like Gecko) Chrome/118.0.5993.88 Safari/537.36"
37.60.141.252 - - [31/Dec/2025:21:02:51 +0800] "POST /index.php/products-services/consumer/consumer-products/category/toilet-cleaners/wp-login.php HTTP/1.1" 200 28969 "https://www.goodmaid.net/index.php/products-services/consumer/consumer-products/category/toilet-cleaners/wp-login.php" "Mozilla/5.0 (Windows NT 11.0; Win64; x64) AppleWebKit/537.36 (KHTML, like Gecko) Chrome/120.0.6099.130 Safari/537.36"
37.60.141.252 - - [31/Dec/2025:21:02:52 +0800] "POST /index.php/products-services/consumer/consumer-products/category/toilet-cleaners/wp-login.php HTTP/1.1" 200 28969 "https://www.goodmaid.net/index.php/products-services/consumer/consumer-products/category/toilet-cleaners/wp-login.php" "Mozilla/5.0 (Windows NT 10.0; Win64; x64) Gecko/20100101 Firefox/122.0"
37.60.141.252 - - [31/Dec/2025:21:02:53 +0800] "POST /index.php/products-services/consumer/consumer-products/category/toilet-cleaners/wp-login.php HTTP/1.1" 200 28969 "https://www.goodmaid.net/index.php/products-services/consumer/consumer-products/category/toilet-cleaners/wp-login.php" "Mozilla/5.0 (X11; Linux x86_64) Gecko/20100101 Firefox/121.0"
37.60.141.252 - - [31/Dec/2025:21:02:55 +0800] "POST /index.php/products-services/consumer/consumer-products/category/toilet-cleaners/wp-login.php HTTP/1.1" 200 28969 "https://www.goodmaid.net/index.php/products-services/consumer/consumer-products/category/toilet-cleaners/wp-login.php" "Mozilla/5.0 (X11; Linux x86_64) Gecko/20100101 Firefox/121.0"
37.60.141.252 - - [31/Dec/2025:21:02:56 +0800] "POST /index.php/products-services/consumer/consumer-products/category/toilet-cleaners/wp-login.php HTTP/1.1" 200 28969 "https://www.goodmaid.net/index.php/products-services/consumer/consumer-products/category/toilet-cleaners/wp-login.php" "Mozilla/5.0 (X11; Linux x86_64) Gecko/20100101 Firefox/121.0"
37.60.141.252 - - [31/Dec/2025:21:02:58 +0800] "POST /index.php/products-services/consumer/consumer-products/category/toilet-cleaners/wp-login.php HTTP/1.1" 200 28969 "https://www.goodmaid.net/index.php/products-services/consumer/consumer-products/category/toilet-cleaners/wp-login.php" "Mozilla/5.0 (Macintosh; Intel Mac OS X 10_15_7) AppleWebKit/537.36 (KHTML, like Gecko) Chrome/118.0.5993.88 Safari/537.36"
37.60.141.252 - - [31/Dec/2025:21:03:00 +0800] "POST /index.php/products-services/consumer/consumer-products/category/toilet-cleaners/wp-login.php HTTP/1.1" 200 28969 "https://www.goodmaid.net/index.php/products-services/consumer/consumer-products/category/toilet-cleaners/wp-login.php" "Mozilla/5.0 (Macintosh; Intel Mac OS X 10.15) Gecko/20100101 Firefox/120.0.1"
66.249.75.228 - - [31/Dec/2025:21:03:00 +0800] "GET /?a=4756726 HTTP/1.1" 200 175352 "-" "Mozilla/5.0 (Linux; Android 6.0.1; Nexus 5X Build/MMB29P) AppleWebKit/537.36 (KHTML, like Gecko) Chrome/141.0.7390.122 Mobile Safari/537.36 (compatible; Googlebot/2.1; +http://www.google.com/bot.html)"
37.60.141.252 - - [31/Dec/2025:21:03:01 +0800] "POST /index.php/products-services/consumer/consumer-products/category/toilet-cleaners/wp-login.php HTTP/1.1" 200 28969 "https://www.goodmaid.net/index.php/products-services/consumer/consumer-products/category/toilet-cleaners/wp-login.php" "Mozilla/5.0 (Macintosh; Intel Mac OS X 13_6_2) AppleWebKit/537.36 (KHTML, like Gecko) Chrome/118.0.5993.88 Safari/537.36"
37.60.141.252 - - [31/Dec/2025:21:03:02 +0800] "POST /index.php/products-services/consumer/consumer-products/category/toilet-cleaners/wp-login.php HTTP/1.1" 200 28969 "https://www.goodmaid.net/index.php/products-services/consumer/consumer-products/category/toilet-cleaners/wp-login.php" "Mozilla/5.0 (Macintosh; Intel Mac OS X 10.15) Gecko/20100101 Firefox/119.0.1"
185.191.171.15 - - [31/Dec/2025:21:03:03 +0800] "GET /index.php/about-us/awards-achievements?catid=2&id=23&view=article HTTP/1.1" 200 37173 "-" "Mozilla/5.0 (compatible; SemrushBot/7~bl; +http://www.semrush.com/bot.html)"
37.60.141.252 - - [31/Dec/2025:21:03:03 +0800] "POST /index.php/products-services/consumer/consumer-products/category/toilet-cleaners/wp-login.php HTTP/1.1" 200 28969 "https://www.goodmaid.net/index.php/products-services/consumer/consumer-products/category/toilet-cleaners/wp-login.php" "Mozilla/5.0 (Windows NT 10.0; Win64; x64) Gecko/20100101 Firefox/119.0.1"
37.60.141.252 - - [31/Dec/2025:21:03:05 +0800] "POST /index.php/products-services/consumer/consumer-products/category/toilet-cleaners/wp-login.php HTTP/1.1" 200 28969 "https://www.goodmaid.net/index.php/products-services/consumer/consumer-products/category/toilet-cleaners/wp-login.php" "Mozilla/5.0 (Macintosh; Intel Mac OS X 10.15) Gecko/20100101 Firefox/122.0"
37.60.141.252 - - [31/Dec/2025:21:03:06 +0800] "POST /index.php/products-services/consumer/consumer-products/category/toilet-cleaners/wp-login.php HTTP/1.1" 200 28969 "https://www.goodmaid.net/index.php/products-services/consumer/consumer-products/category/toilet-cleaners/wp-login.php" "Mozilla/5.0 (Windows NT 11.0; Win64; x64) AppleWebKit/537.36 (KHTML, like Gecko) Chrome/118.0.5993.88 Safari/537.36"
37.60.141.252 - - [31/Dec/2025:21:03:07 +0800] "POST /index.php/products-services/consumer/consumer-products/category/toilet-cleaners/wp-login.php HTTP/1.1" 200 28969 "https://www.goodmaid.net/index.php/products-services/consumer/consumer-products/category/toilet-cleaners/wp-login.php" "Mozilla/5.0 (X11; Linux x86_64) Gecko/20100101 Firefox/122.0"
37.60.141.252 - - [31/Dec/2025:21:03:08 +0800] "POST /index.php/products-services/consumer/consumer-products/category/toilet-cleaners/wp-login.php HTTP/1.1" 200 28969 "https://www.goodmaid.net/index.php/products-services/consumer/consumer-products/category/toilet-cleaners/wp-login.php" "Mozilla/5.0 (X11; Linux x86_64) AppleWebKit/537.36 (KHTML, like Gecko) Chrome/119.0.6045.159 Safari/537.36"
37.60.141.252 - - [31/Dec/2025:21:03:10 +0800] "POST /index.php/products-services/consumer/consumer-products/category/toilet-cleaners/wp-login.php HTTP/1.1" 200 28969 "https://www.goodmaid.net/index.php/products-services/consumer/consumer-products/category/toilet-cleaners/wp-login.php" "Mozilla/5.0 (Windows NT 10.0; Win64; x64) AppleWebKit/537.36 (KHTML, like Gecko) Chrome/121.0.6167.85 Safari/537.36"
37.60.141.252 - - [31/Dec/2025:21:03:11 +0800] "POST /index.php/products-services/consumer/consumer-products/category/toilet-cleaners/wp-login.php HTTP/1.1" 200 28969 "https://www.goodmaid.net/index.php/products-services/consumer/consumer-products/category/toilet-cleaners/wp-login.php" "Mozilla/5.0 (Macintosh; Intel Mac OS X 10_15_7) AppleWebKit/537.36 (KHTML, like Gecko) Chrome/120.0.6099.130 Safari/537.36"
37.60.141.252 - - [31/Dec/2025:21:03:12 +0800] "POST /index.php/products-services/consumer/consumer-products/category/toilet-cleaners/wp-login.php HTTP/1.1" 200 28969 "https://www.goodmaid.net/index.php/products-services/consumer/consumer-products/category/toilet-cleaners/wp-login.php" "Mozilla/5.0 (Windows NT 10.0; Win64; x64) Gecko/20100101 Firefox/121.0"
37.60.141.252 - - [31/Dec/2025:21:03:13 +0800] "POST /index.php/products-services/consumer/consumer-products/category/toilet-cleaners/wp-login.php HTTP/1.1" 200 28969 "https://www.goodmaid.net/index.php/products-services/consumer/consumer-products/category/toilet-cleaners/wp-login.php" "Mozilla/5.0 (X11; Linux x86_64) Gecko/20100101 Firefox/121.0"
37.60.141.252 - - [31/Dec/2025:21:03:14 +0800] "POST /index.php/products-services/consumer/consumer-products/category/toilet-cleaners/wp-login.php HTTP/1.1" 200 28969 "https://www.goodmaid.net/index.php/products-services/consumer/consumer-products/category/toilet-cleaners/wp-login.php" "Mozilla/5.0 (Windows NT 10.0; Win64; x64) Gecko/20100101 Firefox/119.0.1"
37.60.141.252 - - [31/Dec/2025:21:03:16 +0800] "POST /index.php/products-services/consumer/consumer-products/category/toilet-cleaners/wp-login.php HTTP/1.1" 200 28969 "https://www.goodmaid.net/index.php/products-services/consumer/consumer-products/category/toilet-cleaners/wp-login.php" "Mozilla/5.0 (Macintosh; Intel Mac OS X 10.15) Gecko/20100101 Firefox/122.0"
37.60.141.252 - - [31/Dec/2025:21:03:17 +0800] "POST /index.php/products-services/consumer/consumer-products/category/toilet-cleaners/wp-login.php HTTP/1.1" 200 28969 "https://www.goodmaid.net/index.php/products-services/consumer/consumer-products/category/toilet-cleaners/wp-login.php" "Mozilla/5.0 (Macintosh; Intel Mac OS X 10_15_7) AppleWebKit/537.36 (KHTML, like Gecko) Chrome/121.0.6167.85 Safari/537.36"
37.60.141.252 - - [31/Dec/2025:21:03:18 +0800] "POST /index.php/products-services/consumer/consumer-products/category/toilet-cleaners/wp-login.php HTTP/1.1" 200 28969 "https://www.goodmaid.net/index.php/products-services/consumer/consumer-products/category/toilet-cleaners/wp-login.php" "Mozilla/5.0 (X11; Linux x86_64) AppleWebKit/537.36 (KHTML, like Gecko) Chrome/121.0.6167.85 Safari/537.36"
37.60.141.252 - - [31/Dec/2025:21:03:19 +0800] "POST /index.php/products-services/consumer/consumer-products/category/toilet-cleaners/wp-login.php HTTP/1.1" 200 28969 "https://www.goodmaid.net/index.php/products-services/consumer/consumer-products/category/toilet-cleaners/wp-login.php" "Mozilla/5.0 (X11; Linux x86_64) Gecko/20100101 Firefox/119.0.1"
37.60.141.252 - - [31/Dec/2025:21:03:21 +0800] "POST /index.php/products-services/consumer/consumer-products/category/toilet-cleaners/wp-login.php HTTP/1.1" 200 28969 "https://www.goodmaid.net/index.php/products-services/consumer/consumer-products/category/toilet-cleaners/wp-login.php" "Mozilla/5.0 (Windows NT 11.0; Win64; x64) AppleWebKit/537.36 (KHTML, like Gecko) Chrome/121.0.6167.85 Safari/537.36"
37.60.141.252 - - [31/Dec/2025:21:03:22 +0800] "POST /index.php/products-services/consumer/consumer-products/category/toilet-cleaners/wp-login.php HTTP/1.1" 200 28969 "https://www.goodmaid.net/index.php/products-services/consumer/consumer-products/category/toilet-cleaners/wp-login.php" "Mozilla/5.0 (Windows NT 11.0; Win64; x64) AppleWebKit/537.36 (KHTML, like Gecko) Chrome/122.0.6261.57 Safari/537.36"
37.60.141.252 - - [31/Dec/2025:21:03:23 +0800] "POST /index.php/products-services/consumer/consumer-products/category/toilet-cleaners/wp-login.php HTTP/1.1" 200 28969 "https://www.goodmaid.net/index.php/products-services/consumer/consumer-products/category/toilet-cleaners/wp-login.php" "Mozilla/5.0 (Macintosh; Intel Mac OS X 10_15_7) AppleWebKit/537.36 (KHTML, like Gecko) Chrome/120.0.6099.130 Safari/537.36"
37.60.141.252 - - [31/Dec/2025:21:03:24 +0800] "POST /index.php/products-services/consumer/consumer-products/category/toilet-cleaners/wp-login.php HTTP/1.1" 200 28969 "https://www.goodmaid.net/index.php/products-services/consumer/consumer-products/category/toilet-cleaners/wp-login.php" "Mozilla/5.0 (Macintosh; Intel Mac OS X 10.15) Gecko/20100101 Firefox/121.0"
66.249.71.71 - - [31/Dec/2025:21:03:25 +0800] "GET /?a=549315 HTTP/1.1" 200 173864 "-" "Mozilla/5.0 (Linux; Android 6.0.1; Nexus 5X Build/MMB29P) AppleWebKit/537.36 (KHTML, like Gecko) Chrome/141.0.7390.122 Mobile Safari/537.36 (compatible; Googlebot/2.1; +http://www.google.com/bot.html)"
37.60.141.252 - - [31/Dec/2025:21:03:26 +0800] "POST /index.php/products-services/consumer/consumer-products/category/toilet-cleaners/wp-login.php HTTP/1.1" 200 28969 "https://www.goodmaid.net/index.php/products-services/consumer/consumer-products/category/toilet-cleaners/wp-login.php" "Mozilla/5.0 (Macintosh; Intel Mac OS X 10.15) Gecko/20100101 Firefox/119.0.1"
37.60.141.252 - - [31/Dec/2025:21:03:27 +0800] "POST /index.php/products-services/consumer/consumer-products/category/toilet-cleaners/wp-login.php HTTP/1.1" 200 28969 "https://www.goodmaid.net/index.php/products-services/consumer/consumer-products/category/toilet-cleaners/wp-login.php" "Mozilla/5.0 (Macintosh; Intel Mac OS X 10.15) Gecko/20100101 Firefox/120.0.1"
77.83.36.161 - - [31/Dec/2025:21:03:28 +0800] "GET /administrator/index.php HTTP/1.0" 200 14397 "-" "Mozilla/4.0 (compatible; MSIE 7.0; Windows NT 6.0)"
77.83.36.161 - - [31/Dec/2025:21:03:29 +0800] "POST /administrator/index.php HTTP/1.0" 303 - "-" "Mozilla/4.0 (compatible; MSIE 7.0; Windows NT 6.0)"
37.60.141.252 - - [31/Dec/2025:21:03:29 +0800] "POST /index.php/products-services/consumer/consumer-products/category/toilet-cleaners/wp-login.php HTTP/1.1" 200 28969 "https://www.goodmaid.net/index.php/products-services/consumer/consumer-products/category/toilet-cleaners/wp-login.php" "Mozilla/5.0 (Windows NT 10.0; Win64; x64) Gecko/20100101 Firefox/118.0.2"
77.83.36.161 - - [31/Dec/2025:21:03:30 +0800] "GET /administrator/index.php HTTP/1.0" 200 14632 "-" "Mozilla/4.0 (compatible; MSIE 7.0; Windows NT 6.0)"
77.83.36.161 - - [31/Dec/2025:21:03:30 +0800] "POST /administrator/index.php HTTP/1.0" 303 - "-" "Mozilla/4.0 (compatible; MSIE 7.0; Windows NT 6.0)"
37.60.141.252 - - [31/Dec/2025:21:03:31 +0800] "POST /index.php/products-services/consumer/consumer-products/category/toilet-cleaners/wp-login.php HTTP/1.1" 200 28969 "https://www.goodmaid.net/index.php/products-services/consumer/consumer-products/category/toilet-cleaners/wp-login.php" "Mozilla/5.0 (X11; Linux x86_64) Gecko/20100101 Firefox/119.0.1"
77.83.36.161 - - [31/Dec/2025:21:03:31 +0800] "GET /administrator/index.php HTTP/1.0" 200 14632 "-" "Mozilla/4.0 (compatible; MSIE 7.0; Windows NT 6.0)"
77.83.36.161 - - [31/Dec/2025:21:03:32 +0800] "POST /administrator/index.php HTTP/1.0" 303 - "-" "Mozilla/4.0 (compatible; MSIE 7.0; Windows NT 6.0)"
37.60.141.252 - - [31/Dec/2025:21:03:32 +0800] "POST /index.php/products-services/consumer/consumer-products/category/toilet-cleaners/wp-login.php HTTP/1.1" 200 28969 "https://www.goodmaid.net/index.php/products-services/consumer/consumer-products/category/toilet-cleaners/wp-login.php" "Mozilla/5.0 (X11; Linux x86_64) Gecko/20100101 Firefox/122.0"
77.83.36.161 - - [31/Dec/2025:21:03:33 +0800] "GET /administrator/index.php HTTP/1.0" 200 14632 "-" "Mozilla/4.0 (compatible; MSIE 7.0; Windows NT 6.0)"
37.60.141.252 - - [31/Dec/2025:21:03:34 +0800] "POST /index.php/products-services/consumer/consumer-products/category/toilet-cleaners/wp-login.php HTTP/1.1" 200 28969 "https://www.goodmaid.net/index.php/products-services/consumer/consumer-products/category/toilet-cleaners/wp-login.php" "Mozilla/5.0 (Windows NT 10.0; Win64; x64) Gecko/20100101 Firefox/118.0.2"
77.83.36.161 - - [31/Dec/2025:21:03:34 +0800] "POST /administrator/index.php HTTP/1.0" 303 - "-" "Mozilla/4.0 (compatible; MSIE 7.0; Windows NT 6.0)"
77.83.36.161 - - [31/Dec/2025:21:03:35 +0800] "GET /administrator/index.php HTTP/1.0" 200 14632 "-" "Mozilla/4.0 (compatible; MSIE 7.0; Windows NT 6.0)"
37.60.141.252 - - [31/Dec/2025:21:03:35 +0800] "POST /index.php/products-services/consumer/consumer-products/category/toilet-cleaners/wp-login.php HTTP/1.1" 200 28969 "https://www.goodmaid.net/index.php/products-services/consumer/consumer-products/category/toilet-cleaners/wp-login.php" "Mozilla/5.0 (Windows NT 11.0; Win64; x64) AppleWebKit/537.36 (KHTML, like Gecko) Chrome/119.0.6045.159 Safari/537.36"
77.83.36.161 - - [31/Dec/2025:21:03:36 +0800] "POST /administrator/index.php HTTP/1.0" 303 - "-" "Mozilla/4.0 (compatible; MSIE 7.0; Windows NT 6.0)"
