216.73.216.14 - - [31/Dec/2025:20:06:06 +0800] "GET /?a=3617361 HTTP/1.1" 200 43887 "-" "Mozilla/5.0 AppleWebKit/537.36 (KHTML, like Gecko; compatible; ClaudeBot/1.0; +claudebot@anthropic.com)"
216.73.216.14 - - [31/Dec/2025:20:06:06 +0800] "GET /?a=3027213 HTTP/1.1" 200 43887 "-" "Mozilla/5.0 AppleWebKit/537.36 (KHTML, like Gecko; compatible; ClaudeBot/1.0; +claudebot@anthropic.com)"
216.73.216.14 - - [31/Dec/2025:20:06:06 +0800] "GET /?a=4793234 HTTP/1.1" 200 43887 "-" "Mozilla/5.0 AppleWebKit/537.36 (KHTML, like Gecko; compatible; ClaudeBot/1.0; +claudebot@anthropic.com)"
216.73.216.14 - - [31/Dec/2025:20:06:06 +0800] "GET /?a=5023234 HTTP/1.1" 200 43887 "-" "Mozilla/5.0 AppleWebKit/537.36 (KHTML, like Gecko; compatible; ClaudeBot/1.0; +claudebot@anthropic.com)"
40.77.167.27 - - [31/Dec/2025:20:06:05 +0800] "GET /index.php/about-us/company-profile/contents/reform/?a=1248125 HTTP/1.1" 200 193722 "-" "Mozilla/5.0 AppleWebKit/537.36 (KHTML, like Gecko; compatible; bingbot/2.0; +http://www.bing.com/bingbot.htm) Chrome/116.0.1938.76 Safari/537.36"
216.73.216.14 - - [31/Dec/2025:20:06:06 +0800] "GET /?a=269973 HTTP/1.1" 200 43887 "-" "Mozilla/5.0 AppleWebKit/537.36 (KHTML, like Gecko; compatible; ClaudeBot/1.0; +claudebot@anthropic.com)"
216.73.216.14 - - [31/Dec/2025:20:06:07 +0800] "GET /?a=158275 HTTP/1.1" 200 43887 "-" "Mozilla/5.0 AppleWebKit/537.36 (KHTML, like Gecko; compatible; ClaudeBot/1.0; +claudebot@anthropic.com)"
216.73.216.14 - - [31/Dec/2025:20:06:07 +0800] "GET /?a=3639817 HTTP/1.1" 200 43887 "-" "Mozilla/5.0 AppleWebKit/537.36 (KHTML, like Gecko; compatible; ClaudeBot/1.0; +claudebot@anthropic.com)"
216.73.216.14 - - [31/Dec/2025:20:06:07 +0800] "GET /?a=230919 HTTP/1.1" 200 43887 "-" "Mozilla/5.0 AppleWebKit/537.36 (KHTML, like Gecko; compatible; ClaudeBot/1.0; +claudebot@anthropic.com)"
216.73.216.14 - - [31/Dec/2025:20:06:08 +0800] "GET /?a=5109738 HTTP/1.1" 200 43887 "-" "Mozilla/5.0 AppleWebKit/537.36 (KHTML, like Gecko; compatible; ClaudeBot/1.0; +claudebot@anthropic.com)"
216.73.216.14 - - [31/Dec/2025:20:06:08 +0800] "GET /?a=2613326 HTTP/1.1" 200 43887 "-" "Mozilla/5.0 AppleWebKit/537.36 (KHTML, like Gecko; compatible; ClaudeBot/1.0; +claudebot@anthropic.com)"
216.73.216.14 - - [31/Dec/2025:20:06:08 +0800] "GET /?a=3013444 HTTP/1.1" 200 43887 "-" "Mozilla/5.0 AppleWebKit/537.36 (KHTML, like Gecko; compatible; ClaudeBot/1.0; +claudebot@anthropic.com)"
216.73.216.14 - - [31/Dec/2025:20:06:08 +0800] "GET /?a=4621926 HTTP/1.1" 200 43887 "-" "Mozilla/5.0 AppleWebKit/537.36 (KHTML, like Gecko; compatible; ClaudeBot/1.0; +claudebot@anthropic.com)"
216.73.216.14 - - [31/Dec/2025:20:06:08 +0800] "GET /?a=728454 HTTP/1.1" 200 43887 "-" "Mozilla/5.0 AppleWebKit/537.36 (KHTML, like Gecko; compatible; ClaudeBot/1.0; +claudebot@anthropic.com)"
216.73.216.14 - - [31/Dec/2025:20:06:08 +0800] "GET /?a=4643961 HTTP/1.1" 200 43887 "-" "Mozilla/5.0 AppleWebKit/537.36 (KHTML, like Gecko; compatible; ClaudeBot/1.0; +claudebot@anthropic.com)"
216.73.216.14 - - [31/Dec/2025:20:06:08 +0800] "GET /?a=1654819 HTTP/1.1" 200 43887 "-" "Mozilla/5.0 AppleWebKit/537.36 (KHTML, like Gecko; compatible; ClaudeBot/1.0; +claudebot@anthropic.com)"
216.73.216.14 - - [31/Dec/2025:20:06:08 +0800] "GET /?a=1810947 HTTP/1.1" 200 43887 "-" "Mozilla/5.0 AppleWebKit/537.36 (KHTML, like Gecko; compatible; ClaudeBot/1.0; +claudebot@anthropic.com)"
216.73.216.14 - - [31/Dec/2025:20:06:09 +0800] "GET /?a=1053500 HTTP/1.1" 200 43887 "-" "Mozilla/5.0 AppleWebKit/537.36 (KHTML, like Gecko; compatible; ClaudeBot/1.0; +claudebot@anthropic.com)"
216.73.216.14 - - [31/Dec/2025:20:06:09 +0800] "GET /?a=3292262 HTTP/1.1" 200 43887 "-" "Mozilla/5.0 AppleWebKit/537.36 (KHTML, like Gecko; compatible; ClaudeBot/1.0; +claudebot@anthropic.com)"
216.73.216.14 - - [31/Dec/2025:20:06:09 +0800] "GET /?a=3398242 HTTP/1.1" 200 43887 "-" "Mozilla/5.0 AppleWebKit/537.36 (KHTML, like Gecko; compatible; ClaudeBot/1.0; +claudebot@anthropic.com)"
216.73.216.14 - - [31/Dec/2025:20:06:09 +0800] "GET /?a=2899354 HTTP/1.1" 200 43887 "-" "Mozilla/5.0 AppleWebKit/537.36 (KHTML, like Gecko; compatible; ClaudeBot/1.0; +claudebot@anthropic.com)"
216.73.216.14 - - [31/Dec/2025:20:06:09 +0800] "GET /?a=5164625 HTTP/1.1" 200 43887 "-" "Mozilla/5.0 AppleWebKit/537.36 (KHTML, like Gecko; compatible; ClaudeBot/1.0; +claudebot@anthropic.com)"
216.73.216.14 - - [31/Dec/2025:20:06:09 +0800] "GET /?a=5249056 HTTP/1.1" 200 43887 "-" "Mozilla/5.0 AppleWebKit/537.36 (KHTML, like Gecko; compatible; ClaudeBot/1.0; +claudebot@anthropic.com)"
216.73.216.14 - - [31/Dec/2025:20:06:09 +0800] "GET /?a=1175209 HTTP/1.1" 200 43887 "-" "Mozilla/5.0 AppleWebKit/537.36 (KHTML, like Gecko; compatible; ClaudeBot/1.0; +claudebot@anthropic.com)"
216.73.216.14 - - [31/Dec/2025:20:06:09 +0800] "GET /?a=2790994 HTTP/1.1" 200 43887 "-" "Mozilla/5.0 AppleWebKit/537.36 (KHTML, like Gecko; compatible; ClaudeBot/1.0; +claudebot@anthropic.com)"
216.73.216.14 - - [31/Dec/2025:20:06:09 +0800] "GET /?a=5382630 HTTP/1.1" 200 43887 "-" "Mozilla/5.0 AppleWebKit/537.36 (KHTML, like Gecko; compatible; ClaudeBot/1.0; +claudebot@anthropic.com)"
216.73.216.14 - - [31/Dec/2025:20:06:09 +0800] "GET /?a=5394340 HTTP/1.1" 200 43887 "-" "Mozilla/5.0 AppleWebKit/537.36 (KHTML, like Gecko; compatible; ClaudeBot/1.0; +claudebot@anthropic.com)"
216.73.216.14 - - [31/Dec/2025:20:06:10 +0800] "GET /?a=3167544 HTTP/1.1" 200 43887 "-" "Mozilla/5.0 AppleWebKit/537.36 (KHTML, like Gecko; compatible; ClaudeBot/1.0; +claudebot@anthropic.com)"
216.73.216.14 - - [31/Dec/2025:20:06:10 +0800] "GET /?a=4593291 HTTP/1.1" 200 43887 "-" "Mozilla/5.0 AppleWebKit/537.36 (KHTML, like Gecko; compatible; ClaudeBot/1.0; +claudebot@anthropic.com)"
216.73.216.14 - - [31/Dec/2025:20:06:10 +0800] "GET /?a=1190310 HTTP/1.1" 200 43887 "-" "Mozilla/5.0 AppleWebKit/537.36 (KHTML, like Gecko; compatible; ClaudeBot/1.0; +claudebot@anthropic.com)"
66.249.75.227 - - [31/Dec/2025:20:06:09 +0800] "GET /?a=757075 HTTP/1.1" 200 187715 "-" "Mozilla/5.0 (Linux; Android 6.0.1; Nexus 5X Build/MMB29P) AppleWebKit/537.36 (KHTML, like Gecko) Chrome/141.0.7390.122 Mobile Safari/537.36 (compatible; Googlebot/2.1; +http://www.google.com/bot.html)"
216.73.216.14 - - [31/Dec/2025:20:06:10 +0800] "GET /?a=3187569 HTTP/1.1" 200 43887 "-" "Mozilla/5.0 AppleWebKit/537.36 (KHTML, like Gecko; compatible; ClaudeBot/1.0; +claudebot@anthropic.com)"
216.73.216.14 - - [31/Dec/2025:20:06:10 +0800] "GET /?a=3797132 HTTP/1.1" 200 43887 "-" "Mozilla/5.0 AppleWebKit/537.36 (KHTML, like Gecko; compatible; ClaudeBot/1.0; +claudebot@anthropic.com)"
216.73.216.14 - - [31/Dec/2025:20:06:10 +0800] "GET /?a=3510919 HTTP/1.1" 200 43887 "-" "Mozilla/5.0 AppleWebKit/537.36 (KHTML, like Gecko; compatible; ClaudeBot/1.0; +claudebot@anthropic.com)"
216.73.216.14 - - [31/Dec/2025:20:06:10 +0800] "GET /?a=4591976 HTTP/1.1" 200 43887 "-" "Mozilla/5.0 AppleWebKit/537.36 (KHTML, like Gecko; compatible; ClaudeBot/1.0; +claudebot@anthropic.com)"
216.73.216.14 - - [31/Dec/2025:20:06:10 +0800] "GET /?a=1677761 HTTP/1.1" 200 43887 "-" "Mozilla/5.0 AppleWebKit/537.36 (KHTML, like Gecko; compatible; ClaudeBot/1.0; +claudebot@anthropic.com)"
216.73.216.14 - - [31/Dec/2025:20:06:11 +0800] "GET /?a=5070470 HTTP/1.1" 200 43887 "-" "Mozilla/5.0 AppleWebKit/537.36 (KHTML, like Gecko; compatible; ClaudeBot/1.0; +claudebot@anthropic.com)"
216.73.216.14 - - [31/Dec/2025:20:06:11 +0800] "GET /?a=1816719 HTTP/1.1" 200 43887 "-" "Mozilla/5.0 AppleWebKit/537.36 (KHTML, like Gecko; compatible; ClaudeBot/1.0; +claudebot@anthropic.com)"
216.73.216.14 - - [31/Dec/2025:20:06:11 +0800] "GET /?a=1691194 HTTP/1.1" 200 43887 "-" "Mozilla/5.0 AppleWebKit/537.36 (KHTML, like Gecko; compatible; ClaudeBot/1.0; +claudebot@anthropic.com)"
216.73.216.14 - - [31/Dec/2025:20:06:11 +0800] "GET /?a=2770117 HTTP/1.1" 200 43887 "-" "Mozilla/5.0 AppleWebKit/537.36 (KHTML, like Gecko; compatible; ClaudeBot/1.0; +claudebot@anthropic.com)"
216.73.216.14 - - [31/Dec/2025:20:06:11 +0800] "GET /?a=1077369 HTTP/1.1" 200 43887 "-" "Mozilla/5.0 AppleWebKit/537.36 (KHTML, like Gecko; compatible; ClaudeBot/1.0; +claudebot@anthropic.com)"
216.73.216.14 - - [31/Dec/2025:20:06:11 +0800] "GET /?a=4016854 HTTP/1.1" 200 43887 "-" "Mozilla/5.0 AppleWebKit/537.36 (KHTML, like Gecko; compatible; ClaudeBot/1.0; +claudebot@anthropic.com)"
40.77.167.9 - - [31/Dec/2025:20:06:10 +0800] "GET /index.php/about-us/company-profile/?a=3169961 HTTP/1.1" 200 185698 "-" "Mozilla/5.0 AppleWebKit/537.36 (KHTML, like Gecko; compatible; bingbot/2.0; +http://www.bing.com/bingbot.htm) Chrome/116.0.1938.76 Safari/537.36"
216.73.216.14 - - [31/Dec/2025:20:06:11 +0800] "GET /?a=3989214 HTTP/1.1" 200 43887 "-" "Mozilla/5.0 AppleWebKit/537.36 (KHTML, like Gecko; compatible; ClaudeBot/1.0; +claudebot@anthropic.com)"
216.73.216.14 - - [31/Dec/2025:20:06:11 +0800] "GET /?a=2953150 HTTP/1.1" 200 43887 "-" "Mozilla/5.0 AppleWebKit/537.36 (KHTML, like Gecko; compatible; ClaudeBot/1.0; +claudebot@anthropic.com)"
216.73.216.14 - - [31/Dec/2025:20:06:11 +0800] "GET /?a=1131121 HTTP/1.1" 200 43887 "-" "Mozilla/5.0 AppleWebKit/537.36 (KHTML, like Gecko; compatible; ClaudeBot/1.0; +claudebot@anthropic.com)"
216.73.216.14 - - [31/Dec/2025:20:06:11 +0800] "GET /?a=1487837 HTTP/1.1" 200 43887 "-" "Mozilla/5.0 AppleWebKit/537.36 (KHTML, like Gecko; compatible; ClaudeBot/1.0; +claudebot@anthropic.com)"
216.73.216.14 - - [31/Dec/2025:20:06:12 +0800] "GET /?a=2060731 HTTP/1.1" 200 43887 "-" "Mozilla/5.0 AppleWebKit/537.36 (KHTML, like Gecko; compatible; ClaudeBot/1.0; +claudebot@anthropic.com)"
216.73.216.14 - - [31/Dec/2025:20:06:12 +0800] "GET /?a=4419250 HTTP/1.1" 200 43887 "-" "Mozilla/5.0 AppleWebKit/537.36 (KHTML, like Gecko; compatible; ClaudeBot/1.0; +claudebot@anthropic.com)"
216.73.216.14 - - [31/Dec/2025:20:06:12 +0800] "GET /?a=3414167 HTTP/1.1" 200 43887 "-" "Mozilla/5.0 AppleWebKit/537.36 (KHTML, like Gecko; compatible; ClaudeBot/1.0; +claudebot@anthropic.com)"
50.17.185.102 - - [31/Dec/2025:20:06:12 +0800] "GET / HTTP/1.1" 200 43871 "-" "FreshpingBot/1.0 (+https://freshping.io/)"
216.73.216.14 - - [31/Dec/2025:20:06:12 +0800] "GET /?a=1416218 HTTP/1.1" 200 43887 "-" "Mozilla/5.0 AppleWebKit/537.36 (KHTML, like Gecko; compatible; ClaudeBot/1.0; +claudebot@anthropic.com)"
216.73.216.14 - - [31/Dec/2025:20:06:12 +0800] "GET /?a=2703759 HTTP/1.1" 200 43887 "-" "Mozilla/5.0 AppleWebKit/537.36 (KHTML, like Gecko; compatible; ClaudeBot/1.0; +claudebot@anthropic.com)"
216.73.216.14 - - [31/Dec/2025:20:06:12 +0800] "GET /?a=2313455 HTTP/1.1" 200 43887 "-" "Mozilla/5.0 AppleWebKit/537.36 (KHTML, like Gecko; compatible; ClaudeBot/1.0; +claudebot@anthropic.com)"
216.73.216.14 - - [31/Dec/2025:20:06:12 +0800] "GET /?a=154742 HTTP/1.1" 200 43887 "-" "Mozilla/5.0 AppleWebKit/537.36 (KHTML, like Gecko; compatible; ClaudeBot/1.0; +claudebot@anthropic.com)"
216.73.216.14 - - [31/Dec/2025:20:06:12 +0800] "GET /?a=1205707 HTTP/1.1" 200 43887 "-" "Mozilla/5.0 AppleWebKit/537.36 (KHTML, like Gecko; compatible; ClaudeBot/1.0; +claudebot@anthropic.com)"
216.73.216.14 - - [31/Dec/2025:20:06:12 +0800] "GET /?a=2261005 HTTP/1.1" 200 43887 "-" "Mozilla/5.0 AppleWebKit/537.36 (KHTML, like Gecko; compatible; ClaudeBot/1.0; +claudebot@anthropic.com)"
216.73.216.14 - - [31/Dec/2025:20:06:13 +0800] "GET /?a=5274944 HTTP/1.1" 200 43887 "-" "Mozilla/5.0 AppleWebKit/537.36 (KHTML, like Gecko; compatible; ClaudeBot/1.0; +claudebot@anthropic.com)"
216.73.216.14 - - [31/Dec/2025:20:06:13 +0800] "GET /?a=2092348 HTTP/1.1" 200 43887 "-" "Mozilla/5.0 AppleWebKit/537.36 (KHTML, like Gecko; compatible; ClaudeBot/1.0; +claudebot@anthropic.com)"
216.73.216.14 - - [31/Dec/2025:20:06:13 +0800] "GET /?a=4420651 HTTP/1.1" 200 43887 "-" "Mozilla/5.0 AppleWebKit/537.36 (KHTML, like Gecko; compatible; ClaudeBot/1.0; +claudebot@anthropic.com)"
216.73.216.14 - - [31/Dec/2025:20:06:13 +0800] "GET /?a=3638304 HTTP/1.1" 200 43887 "-" "Mozilla/5.0 AppleWebKit/537.36 (KHTML, like Gecko; compatible; ClaudeBot/1.0; +claudebot@anthropic.com)"
216.73.216.14 - - [31/Dec/2025:20:06:13 +0800] "GET /?a=3022576 HTTP/1.1" 200 43887 "-" "Mozilla/5.0 AppleWebKit/537.36 (KHTML, like Gecko; compatible; ClaudeBot/1.0; +claudebot@anthropic.com)"
216.73.216.14 - - [31/Dec/2025:20:06:13 +0800] "GET /?a=3083820 HTTP/1.1" 200 43887 "-" "Mozilla/5.0 AppleWebKit/537.36 (KHTML, like Gecko; compatible; ClaudeBot/1.0; +claudebot@anthropic.com)"
216.73.216.14 - - [31/Dec/2025:20:06:15 +0800] "GET /?a=2126075 HTTP/1.1" 200 43887 "-" "Mozilla/5.0 AppleWebKit/537.36 (KHTML, like Gecko; compatible; ClaudeBot/1.0; +claudebot@anthropic.com)"
216.73.216.14 - - [31/Dec/2025:20:06:15 +0800] "GET /?a=2261299 HTTP/1.1" 200 43887 "-" "Mozilla/5.0 AppleWebKit/537.36 (KHTML, like Gecko; compatible; ClaudeBot/1.0; +claudebot@anthropic.com)"
216.73.216.14 - - [31/Dec/2025:20:06:15 +0800] "GET /?a=5181169 HTTP/1.1" 200 43887 "-" "Mozilla/5.0 AppleWebKit/537.36 (KHTML, like Gecko; compatible; ClaudeBot/1.0; +claudebot@anthropic.com)"
216.73.216.14 - - [31/Dec/2025:20:06:15 +0800] "GET /?a=3175038 HTTP/1.1" 200 43887 "-" "Mozilla/5.0 AppleWebKit/537.36 (KHTML, like Gecko; compatible; ClaudeBot/1.0; +claudebot@anthropic.com)"
216.73.216.14 - - [31/Dec/2025:20:06:15 +0800] "GET /?a=3905872 HTTP/1.1" 200 43887 "-" "Mozilla/5.0 AppleWebKit/537.36 (KHTML, like Gecko; compatible; ClaudeBot/1.0; +claudebot@anthropic.com)"
216.73.216.14 - - [31/Dec/2025:20:06:15 +0800] "GET /?a=1134206 HTTP/1.1" 200 43887 "-" "Mozilla/5.0 AppleWebKit/537.36 (KHTML, like Gecko; compatible; ClaudeBot/1.0; +claudebot@anthropic.com)"
216.73.216.14 - - [31/Dec/2025:20:06:15 +0800] "GET /?a=4629452 HTTP/1.1" 200 43887 "-" "Mozilla/5.0 AppleWebKit/537.36 (KHTML, like Gecko; compatible; ClaudeBot/1.0; +claudebot@anthropic.com)"
216.73.216.14 - - [31/Dec/2025:20:06:15 +0800] "GET /?a=3837309 HTTP/1.1" 200 43887 "-" "Mozilla/5.0 AppleWebKit/537.36 (KHTML, like Gecko; compatible; ClaudeBot/1.0; +claudebot@anthropic.com)"
216.73.216.14 - - [31/Dec/2025:20:06:15 +0800] "GET /?a=3191070 HTTP/1.1" 200 43887 "-" "Mozilla/5.0 AppleWebKit/537.36 (KHTML, like Gecko; compatible; ClaudeBot/1.0; +claudebot@anthropic.com)"
216.73.216.14 - - [31/Dec/2025:20:06:15 +0800] "GET /?a=2766081 HTTP/1.1" 200 43887 "-" "Mozilla/5.0 AppleWebKit/537.36 (KHTML, like Gecko; compatible; ClaudeBot/1.0; +claudebot@anthropic.com)"
216.73.216.14 - - [31/Dec/2025:20:06:16 +0800] "GET /?a=1395978 HTTP/1.1" 200 43887 "-" "Mozilla/5.0 AppleWebKit/537.36 (KHTML, like Gecko; compatible; ClaudeBot/1.0; +claudebot@anthropic.com)"
216.73.216.14 - - [31/Dec/2025:20:06:16 +0800] "GET /?a=5144005 HTTP/1.1" 200 43887 "-" "Mozilla/5.0 AppleWebKit/537.36 (KHTML, like Gecko; compatible; ClaudeBot/1.0; +claudebot@anthropic.com)"
216.73.216.14 - - [31/Dec/2025:20:06:16 +0800] "GET /?a=3888380 HTTP/1.1" 200 43887 "-" "Mozilla/5.0 AppleWebKit/537.36 (KHTML, like Gecko; compatible; ClaudeBot/1.0; +claudebot@anthropic.com)"
216.73.216.14 - - [31/Dec/2025:20:06:16 +0800] "GET /?a=3925315 HTTP/1.1" 200 43887 "-" "Mozilla/5.0 AppleWebKit/537.36 (KHTML, like Gecko; compatible; ClaudeBot/1.0; +claudebot@anthropic.com)"
216.73.216.14 - - [31/Dec/2025:20:06:16 +0800] "GET /?a=4247594 HTTP/1.1" 200 43887 "-" "Mozilla/5.0 AppleWebKit/537.36 (KHTML, like Gecko; compatible; ClaudeBot/1.0; +claudebot@anthropic.com)"
216.73.216.14 - - [31/Dec/2025:20:06:16 +0800] "GET /?a=4223921 HTTP/1.1" 200 43887 "-" "Mozilla/5.0 AppleWebKit/537.36 (KHTML, like Gecko; compatible; ClaudeBot/1.0; +claudebot@anthropic.com)"
216.73.216.14 - - [31/Dec/2025:20:06:16 +0800] "GET /?a=1214687 HTTP/1.1" 200 43887 "-" "Mozilla/5.0 AppleWebKit/537.36 (KHTML, like Gecko; compatible; ClaudeBot/1.0; +claudebot@anthropic.com)"
216.73.216.14 - - [31/Dec/2025:20:06:16 +0800] "GET /?a=5104921 HTTP/1.1" 200 43887 "-" "Mozilla/5.0 AppleWebKit/537.36 (KHTML, like Gecko; compatible; ClaudeBot/1.0; +claudebot@anthropic.com)"
216.73.216.14 - - [31/Dec/2025:20:06:16 +0800] "GET /?a=1486082 HTTP/1.1" 200 43887 "-" "Mozilla/5.0 AppleWebKit/537.36 (KHTML, like Gecko; compatible; ClaudeBot/1.0; +claudebot@anthropic.com)"
216.73.216.14 - - [31/Dec/2025:20:06:16 +0800] "GET /?a=1234519 HTTP/1.1" 200 43887 "-" "Mozilla/5.0 AppleWebKit/537.36 (KHTML, like Gecko; compatible; ClaudeBot/1.0; +claudebot@anthropic.com)"
216.73.216.14 - - [31/Dec/2025:20:06:17 +0800] "GET /?a=5112510 HTTP/1.1" 200 43887 "-" "Mozilla/5.0 AppleWebKit/537.36 (KHTML, like Gecko; compatible; ClaudeBot/1.0; +claudebot@anthropic.com)"
216.73.216.14 - - [31/Dec/2025:20:06:17 +0800] "GET /?a=2288814 HTTP/1.1" 200 43887 "-" "Mozilla/5.0 AppleWebKit/537.36 (KHTML, like Gecko; compatible; ClaudeBot/1.0; +claudebot@anthropic.com)"
216.73.216.14 - - [31/Dec/2025:20:06:17 +0800] "GET /?a=4213917 HTTP/1.1" 200 43887 "-" "Mozilla/5.0 AppleWebKit/537.36 (KHTML, like Gecko; compatible; ClaudeBot/1.0; +claudebot@anthropic.com)"
216.73.216.14 - - [31/Dec/2025:20:06:17 +0800] "GET /?a=1890271 HTTP/1.1" 200 43887 "-" "Mozilla/5.0 AppleWebKit/537.36 (KHTML, like Gecko; compatible; ClaudeBot/1.0; +claudebot@anthropic.com)"
216.73.216.14 - - [31/Dec/2025:20:06:17 +0800] "GET /?a=1582112 HTTP/1.1" 200 43887 "-" "Mozilla/5.0 AppleWebKit/537.36 (KHTML, like Gecko; compatible; ClaudeBot/1.0; +claudebot@anthropic.com)"
216.73.216.14 - - [31/Dec/2025:20:06:17 +0800] "GET /?a=2194984 HTTP/1.1" 200 43887 "-" "Mozilla/5.0 AppleWebKit/537.36 (KHTML, like Gecko; compatible; ClaudeBot/1.0; +claudebot@anthropic.com)"
216.73.216.14 - - [31/Dec/2025:20:06:17 +0800] "GET /?a=1527976 HTTP/1.1" 200 43887 "-" "Mozilla/5.0 AppleWebKit/537.36 (KHTML, like Gecko; compatible; ClaudeBot/1.0; +claudebot@anthropic.com)"
216.73.216.14 - - [31/Dec/2025:20:06:17 +0800] "GET /?a=1350760 HTTP/1.1" 200 43887 "-" "Mozilla/5.0 AppleWebKit/537.36 (KHTML, like Gecko; compatible; ClaudeBot/1.0; +claudebot@anthropic.com)"
216.73.216.14 - - [31/Dec/2025:20:06:17 +0800] "GET /?a=2162577 HTTP/1.1" 200 43887 "-" "Mozilla/5.0 AppleWebKit/537.36 (KHTML, like Gecko; compatible; ClaudeBot/1.0; +claudebot@anthropic.com)"
216.73.216.14 - - [31/Dec/2025:20:06:17 +0800] "GET /?a=3450712 HTTP/1.1" 200 43887 "-" "Mozilla/5.0 AppleWebKit/537.36 (KHTML, like Gecko; compatible; ClaudeBot/1.0; +claudebot@anthropic.com)"
216.73.216.14 - - [31/Dec/2025:20:06:18 +0800] "GET /?a=716090 HTTP/1.1" 200 43887 "-" "Mozilla/5.0 AppleWebKit/537.36 (KHTML, like Gecko; compatible; ClaudeBot/1.0; +claudebot@anthropic.com)"
216.73.216.14 - - [31/Dec/2025:20:06:18 +0800] "GET /?a=1139568 HTTP/1.1" 200 43887 "-" "Mozilla/5.0 AppleWebKit/537.36 (KHTML, like Gecko; compatible; ClaudeBot/1.0; +claudebot@anthropic.com)"
216.73.216.14 - - [31/Dec/2025:20:06:18 +0800] "GET /?a=3977999 HTTP/1.1" 200 43887 "-" "Mozilla/5.0 AppleWebKit/537.36 (KHTML, like Gecko; compatible; ClaudeBot/1.0; +claudebot@anthropic.com)"
216.73.216.14 - - [31/Dec/2025:20:06:18 +0800] "GET /?a=1588193 HTTP/1.1" 200 43887 "-" "Mozilla/5.0 AppleWebKit/537.36 (KHTML, like Gecko; compatible; ClaudeBot/1.0; +claudebot@anthropic.com)"
216.73.216.14 - - [31/Dec/2025:20:06:18 +0800] "GET /?a=5242726 HTTP/1.1" 200 43887 "-" "Mozilla/5.0 AppleWebKit/537.36 (KHTML, like Gecko; compatible; ClaudeBot/1.0; +claudebot@anthropic.com)"
216.73.216.14 - - [31/Dec/2025:20:06:18 +0800] "GET /?a=5211132 HTTP/1.1" 200 43887 "-" "Mozilla/5.0 AppleWebKit/537.36 (KHTML, like Gecko; compatible; ClaudeBot/1.0; +claudebot@anthropic.com)"
216.73.216.14 - - [31/Dec/2025:20:06:18 +0800] "GET /?a=3911506 HTTP/1.1" 200 43887 "-" "Mozilla/5.0 AppleWebKit/537.36 (KHTML, like Gecko; compatible; ClaudeBot/1.0; +claudebot@anthropic.com)"
216.73.216.14 - - [31/Dec/2025:20:06:18 +0800] "GET /?a=4499957 HTTP/1.1" 200 43887 "-" "Mozilla/5.0 AppleWebKit/537.36 (KHTML, like Gecko; compatible; ClaudeBot/1.0; +claudebot@anthropic.com)"
66.249.71.70 - - [31/Dec/2025:20:06:18 +0800] "GET /?a=164999 HTTP/1.1" 200 175498 "-" "Mozilla/5.0 (Linux; Android 6.0.1; Nexus 5X Build/MMB29P) AppleWebKit/537.36 (KHTML, like Gecko) Chrome/141.0.7390.122 Mobile Safari/537.36 (compatible; Googlebot/2.1; +http://www.google.com/bot.html)"
216.73.216.14 - - [31/Dec/2025:20:06:18 +0800] "GET /?a=2527539 HTTP/1.1" 200 43887 "-" "Mozilla/5.0 AppleWebKit/537.36 (KHTML, like Gecko; compatible; ClaudeBot/1.0; +claudebot@anthropic.com)"
216.73.216.14 - - [31/Dec/2025:20:06:18 +0800] "GET /?a=2438049 HTTP/1.1" 200 43887 "-" "Mozilla/5.0 AppleWebKit/537.36 (KHTML, like Gecko; compatible; ClaudeBot/1.0; +claudebot@anthropic.com)"
216.73.216.14 - - [31/Dec/2025:20:06:19 +0800] "GET /?a=2008021 HTTP/1.1" 200 43887 "-" "Mozilla/5.0 AppleWebKit/537.36 (KHTML, like Gecko; compatible; ClaudeBot/1.0; +claudebot@anthropic.com)"
216.73.216.14 - - [31/Dec/2025:20:06:19 +0800] "GET /?a=3838163 HTTP/1.1" 200 43887 "-" "Mozilla/5.0 AppleWebKit/537.36 (KHTML, like Gecko; compatible; ClaudeBot/1.0; +claudebot@anthropic.com)"
216.73.216.14 - - [31/Dec/2025:20:06:19 +0800] "GET /?a=1423789 HTTP/1.1" 200 43887 "-" "Mozilla/5.0 AppleWebKit/537.36 (KHTML, like Gecko; compatible; ClaudeBot/1.0; +claudebot@anthropic.com)"
216.73.216.14 - - [31/Dec/2025:20:06:19 +0800] "GET /?a=3181659 HTTP/1.1" 200 43887 "-" "Mozilla/5.0 AppleWebKit/537.36 (KHTML, like Gecko; compatible; ClaudeBot/1.0; +claudebot@anthropic.com)"
216.73.216.14 - - [31/Dec/2025:20:06:19 +0800] "GET /?a=1078454 HTTP/1.1" 200 43887 "-" "Mozilla/5.0 AppleWebKit/537.36 (KHTML, like Gecko; compatible; ClaudeBot/1.0; +claudebot@anthropic.com)"
216.73.216.14 - - [31/Dec/2025:20:06:19 +0800] "GET /?a=2917659 HTTP/1.1" 200 43887 "-" "Mozilla/5.0 AppleWebKit/537.36 (KHTML, like Gecko; compatible; ClaudeBot/1.0; +claudebot@anthropic.com)"
216.73.216.14 - - [31/Dec/2025:20:06:19 +0800] "GET /?a=1277764 HTTP/1.1" 200 43887 "-" "Mozilla/5.0 AppleWebKit/537.36 (KHTML, like Gecko; compatible; ClaudeBot/1.0; +claudebot@anthropic.com)"
216.73.216.14 - - [31/Dec/2025:20:06:19 +0800] "GET /?a=1948970 HTTP/1.1" 200 43887 "-" "Mozilla/5.0 AppleWebKit/537.36 (KHTML, like Gecko; compatible; ClaudeBot/1.0; +claudebot@anthropic.com)"
216.73.216.14 - - [31/Dec/2025:20:06:19 +0800] "GET /?a=1060510 HTTP/1.1" 200 43887 "-" "Mozilla/5.0 AppleWebKit/537.36 (KHTML, like Gecko; compatible; ClaudeBot/1.0; +claudebot@anthropic.com)"
216.73.216.14 - - [31/Dec/2025:20:06:19 +0800] "GET /?a=1213939 HTTP/1.1" 200 43887 "-" "Mozilla/5.0 AppleWebKit/537.36 (KHTML, like Gecko; compatible; ClaudeBot/1.0; +claudebot@anthropic.com)"
216.73.216.14 - - [31/Dec/2025:20:06:20 +0800] "GET /?a=2914363 HTTP/1.1" 200 43887 "-" "Mozilla/5.0 AppleWebKit/537.36 (KHTML, like Gecko; compatible; ClaudeBot/1.0; +claudebot@anthropic.com)"
216.73.216.14 - - [31/Dec/2025:20:06:20 +0800] "GET /?a=1624690 HTTP/1.1" 200 43887 "-" "Mozilla/5.0 AppleWebKit/537.36 (KHTML, like Gecko; compatible; ClaudeBot/1.0; +claudebot@anthropic.com)"
216.73.216.14 - - [31/Dec/2025:20:06:20 +0800] "GET /?a=4204618 HTTP/1.1" 200 43887 "-" "Mozilla/5.0 AppleWebKit/537.36 (KHTML, like Gecko; compatible; ClaudeBot/1.0; +claudebot@anthropic.com)"
216.73.216.14 - - [31/Dec/2025:20:06:20 +0800] "GET /robots.txt HTTP/1.1" 200 858 "-" "Mozilla/5.0 AppleWebKit/537.36 (KHTML, like Gecko; compatible; ClaudeBot/1.0; +claudebot@anthropic.com)"
66.249.75.227 - - [31/Dec/2025:20:06:20 +0800] "GET /?a=2438890 HTTP/1.1" 200 213522 "-" "Mozilla/5.0 (Linux; Android 6.0.1; Nexus 5X Build/MMB29P) AppleWebKit/537.36 (KHTML, like Gecko) Chrome/141.0.7390.122 Mobile Safari/537.36 (compatible; Googlebot/2.1; +http://www.google.com/bot.html)"
216.73.216.14 - - [31/Dec/2025:20:06:21 +0800] "GET /sitemap.xml HTTP/1.1" 200 140399 "-" "Mozilla/5.0 AppleWebKit/537.36 (KHTML, like Gecko; compatible; ClaudeBot/1.0; +claudebot@anthropic.com)"
40.77.167.27 - - [31/Dec/2025:20:06:26 +0800] "GET /index.php/about-us/company-profile/?a=1708923 HTTP/1.1" 200 184396 "-" "Mozilla/5.0 AppleWebKit/537.36 (KHTML, like Gecko; compatible; bingbot/2.0; +http://www.bing.com/bingbot.htm) Chrome/116.0.1938.76 Safari/537.36"
66.249.75.226 - - [31/Dec/2025:20:06:29 +0800] "GET /?a=341447 HTTP/1.1" 200 174089 "-" "Mozilla/5.0 (Linux; Android 6.0.1; Nexus 5X Build/MMB29P) AppleWebKit/537.36 (KHTML, like Gecko) Chrome/141.0.7390.122 Mobile Safari/537.36 (compatible; Googlebot/2.1; +http://www.google.com/bot.html)"
66.249.75.226 - - [31/Dec/2025:20:06:32 +0800] "GET /?a=1843991 HTTP/1.1" 200 176578 "-" "Mozilla/5.0 (Linux; Android 6.0.1; Nexus 5X Build/MMB29P) AppleWebKit/537.36 (KHTML, like Gecko) Chrome/141.0.7390.122 Mobile Safari/537.36 (compatible; Googlebot/2.1; +http://www.google.com/bot.html)"
52.167.144.23 - - [31/Dec/2025:20:06:35 +0800] "GET /index.php/about-us/company-profile/?a=5439349 HTTP/1.1" 200 189966 "-" "Mozilla/5.0 AppleWebKit/537.36 (KHTML, like Gecko; compatible; bingbot/2.0; +http://www.bing.com/bingbot.htm) Chrome/116.0.1938.76 Safari/537.36"
20.204.24.251 - - [31/Dec/2025:20:06:41 +0800] "GET /?a=1279552 HTTP/1.1" 200 43895 "-" "Mozilla/5.0 AppleWebKit/537.36 (KHTML, like Gecko); compatible; ChatGPT-User/1.0; +https://openai.com/bot"
66.249.75.226 - - [31/Dec/2025:20:06:49 +0800] "GET /?a=4370231 HTTP/1.1" 200 176937 "-" "Mozilla/5.0 (Linux; Android 6.0.1; Nexus 5X Build/MMB29P) AppleWebKit/537.36 (KHTML, like Gecko) Chrome/141.0.7390.122 Mobile Safari/537.36 (compatible; GoogleOther)"
40.77.167.19 - - [31/Dec/2025:20:06:50 +0800] "GET /index.php/about-us/company-profile/?a=3721016 HTTP/1.1" 200 190285 "-" "Mozilla/5.0 AppleWebKit/537.36 (KHTML, like Gecko; compatible; bingbot/2.0; +http://www.bing.com/bingbot.htm) Chrome/116.0.1938.76 Safari/537.36"
66.249.75.227 - - [31/Dec/2025:20:07:03 +0800] "GET /?a=2546823 HTTP/1.1" 200 178732 "-" "Mozilla/5.0 (Linux; Android 6.0.1; Nexus 5X Build/MMB29P) AppleWebKit/537.36 (KHTML, like Gecko) Chrome/141.0.7390.122 Mobile Safari/537.36 (compatible; Googlebot/2.1; +http://www.google.com/bot.html)"
104.28.222.237 - - [31/Dec/2025:20:07:14 +0800] "GET / HTTP/1.0" 200 43879 "https://goodmaid.net/" "Mozilla/5.0 (Windows NT 10.0; Win64; x64) AppleWebKit/537.36 (KHTML, like Gecko) Chrome/129.0.0.0 Safari/537.36"
104.28.222.237 - - [31/Dec/2025:20:07:15 +0800] "GET /index.php/contact HTTP/1.0" 200 36193 "https://goodmaid.net/index.php/contact" "Mozilla/5.0 (Windows NT 10.0; Win64; x64) AppleWebKit/537.36 (KHTML, like Gecko) Chrome/129.0.0.0 Safari/537.36"
66.249.71.71 - - [31/Dec/2025:20:07:29 +0800] "GET /?a=3573497 HTTP/1.1" 200 176244 "-" "Mozilla/5.0 (Linux; Android 6.0.1; Nexus 5X Build/MMB29P) AppleWebKit/537.36 (KHTML, like Gecko) Chrome/141.0.7390.122 Mobile Safari/537.36 (compatible; Googlebot/2.1; +http://www.google.com/bot.html)"
74.7.229.172 - - [31/Dec/2025:20:07:38 +0800] "GET /?a=1279552 HTTP/1.1" 200 43887 "-" "Mozilla/5.0 (Macintosh; Intel Mac OS X 10_15_7) AppleWebKit/537.36 (KHTML, like Gecko) Chrome/131.0.0.0 Safari/537.36; compatible; OAI-SearchBot/1.3; +https://openai.com/searchbot"
74.7.244.49 - - [31/Dec/2025:20:07:47 +0800] "GET /robots.txt HTTP/1.1" 200 858 "-" "Mozilla/5.0 (Macintosh; Intel Mac OS X 10_15_7) AppleWebKit/537.36 (KHTML, like Gecko) Chrome/131.0.0.0 Safari/537.36; compatible; OAI-SearchBot/1.3; robots.txt; +https://openai.com/searchbot"
104.28.222.237 - - [31/Dec/2025:20:07:58 +0800] "POST /index.php/component/ajax/?p=%2Fyooessentials%2Fform&option=com_ajax&style=9 HTTP/1.0" 302 - "https://goodmaid.net/index.php/contact" "Mozilla/5.0 (Windows NT 10.0; Win64; x64) AppleWebKit/537.36 (KHTML, like Gecko) Chrome/129.0.0.0 Safari/537.36"
104.28.222.237 - - [31/Dec/2025:20:07:59 +0800] "GET /index.php/contact HTTP/1.0" 200 36193 "https://goodmaid.net/index.php/contact#form-5b11bb56" "Mozilla/5.0 (Windows NT 10.0; Win64; x64) AppleWebKit/537.36 (KHTML, like Gecko) Chrome/129.0.0.0 Safari/537.36"
104.28.222.237 - - [31/Dec/2025:20:08:01 +0800] "GET /index.php/contact HTTP/1.0" 200 36193 "https://goodmaid.net/index.php/contact" "Mozilla/5.0 (Windows NT 10.0; Win64; x64) AppleWebKit/537.36 (KHTML, like Gecko) Chrome/129.0.0.0 Safari/537.36"
104.28.222.237 - - [31/Dec/2025:20:08:02 +0800] "GET /index.php/contact HTTP/1.0" 200 36193 "https://goodmaid.net/index.php/contact" "Mozilla/5.0 (Windows NT 10.0; Win64; x64) AppleWebKit/537.36 (KHTML, like Gecko) Chrome/129.0.0.0 Safari/537.36"
207.46.13.127 - - [31/Dec/2025:20:08:11 +0800] "GET /index.php/about-us/company-profile/shop/storeSearch/CriteriaInput.aspx/?a=1635934 HTTP/1.1" 200 199698 "-" "Mozilla/5.0 AppleWebKit/537.36 (KHTML, like Gecko; compatible; bingbot/2.0; +http://www.bing.com/bingbot.htm) Chrome/116.0.1938.76 Safari/537.36"
66.249.71.70 - - [31/Dec/2025:20:08:15 +0800] "GET /?a=1465796 HTTP/1.1" 200 173815 "-" "Mozilla/5.0 (Linux; Android 6.0.1; Nexus 5X Build/MMB29P) AppleWebKit/537.36 (KHTML, like Gecko) Chrome/141.0.7390.122 Mobile Safari/537.36 (compatible; Googlebot/2.1; +http://www.google.com/bot.html)"
66.249.75.227 - - [31/Dec/2025:20:08:27 +0800] "GET /?a=4656764 HTTP/1.1" 200 174062 "-" "Mozilla/5.0 (Linux; Android 6.0.1; Nexus 5X Build/MMB29P) AppleWebKit/537.36 (KHTML, like Gecko) Chrome/141.0.7390.122 Mobile Safari/537.36 (compatible; Googlebot/2.1; +http://www.google.com/bot.html)"
66.249.75.226 - - [31/Dec/2025:20:08:30 +0800] "GET /?a=5370122 HTTP/1.1" 200 177133 "-" "Mozilla/5.0 (Linux; Android 6.0.1; Nexus 5X Build/MMB29P) AppleWebKit/537.36 (KHTML, like Gecko) Chrome/141.0.7390.122 Mobile Safari/537.36 (compatible; Googlebot/2.1; +http://www.google.com/bot.html)"
66.249.75.226 - - [31/Dec/2025:20:08:42 +0800] "GET /?a=692966 HTTP/1.1" 200 173970 "-" "Mozilla/5.0 (Linux; Android 6.0.1; Nexus 5X Build/MMB29P) AppleWebKit/537.36 (KHTML, like Gecko) Chrome/141.0.7390.122 Mobile Safari/537.36 (compatible; Googlebot/2.1; +http://www.google.com/bot.html)"
66.249.71.70 - - [31/Dec/2025:20:08:54 +0800] "GET /p/usa-14go-3718815 HTTP/1.1" 200 180291 "-" "Mozilla/5.0 (Linux; Android 6.0.1; Nexus 5X Build/MMB29P) AppleWebKit/537.36 (KHTML, like Gecko) Chrome/141.0.7390.122 Mobile Safari/537.36 (compatible; Googlebot/2.1; +http://www.google.com/bot.html)"
207.46.13.130 - - [31/Dec/2025:20:08:56 +0800] "GET /index.php/about-us/company-profile/?a=2195163 HTTP/1.1" 200 190308 "-" "Mozilla/5.0 AppleWebKit/537.36 (KHTML, like Gecko; compatible; bingbot/2.0; +http://www.bing.com/bingbot.htm) Chrome/116.0.1938.76 Safari/537.36"
66.249.71.70 - - [31/Dec/2025:20:09:36 +0800] "GET /?a=2289423 HTTP/1.1" 200 179961 "-" "Mozilla/5.0 (Linux; Android 6.0.1; Nexus 5X Build/MMB29P) AppleWebKit/537.36 (KHTML, like Gecko) Chrome/141.0.7390.122 Mobile Safari/537.36 (compatible; Googlebot/2.1; +http://www.google.com/bot.html)"
66.249.75.226 - - [31/Dec/2025:20:09:48 +0800] "GET /?a=671129 HTTP/1.1" 200 177013 "-" "Mozilla/5.0 (Linux; Android 6.0.1; Nexus 5X Build/MMB29P) AppleWebKit/537.36 (KHTML, like Gecko) Chrome/141.0.7390.122 Mobile Safari/537.36 (compatible; Googlebot/2.1; +http://www.google.com/bot.html)"
40.77.167.9 - - [31/Dec/2025:20:09:49 +0800] "GET /index.php/about-us/company-profile/?a=3843688 HTTP/1.1" 200 186427 "-" "Mozilla/5.0 AppleWebKit/537.36 (KHTML, like Gecko; compatible; bingbot/2.0; +http://www.bing.com/bingbot.htm) Chrome/116.0.1938.76 Safari/537.36"
66.249.72.226 - - [31/Dec/2025:20:09:51 +0800] "GET /p/usa-58go-82551 HTTP/1.1" 200 177153 "-" "Mozilla/5.0 (Linux; Android 6.0.1; Nexus 5X Build/MMB29P) AppleWebKit/537.36 (KHTML, like Gecko) Chrome/141.0.7390.122 Mobile Safari/537.36 (compatible; Googlebot/2.1; +http://www.google.com/bot.html)"
66.249.71.64 - - [31/Dec/2025:20:10:02 +0800] "GET /?a=1246623 HTTP/1.1" 200 178027 "-" "Mozilla/5.0 (Linux; Android 6.0.1; Nexus 5X Build/MMB29P) AppleWebKit/537.36 (KHTML, like Gecko) Chrome/141.0.7390.122 Mobile Safari/537.36 (compatible; Googlebot/2.1; +http://www.google.com/bot.html)"
66.249.75.227 - - [31/Dec/2025:20:10:05 +0800] "GET /p/usa-14go-3734328 HTTP/1.1" 200 180256 "-" "Mozilla/5.0 (Linux; Android 6.0.1; Nexus 5X Build/MMB29P) AppleWebKit/537.36 (KHTML, like Gecko) Chrome/141.0.7390.122 Mobile Safari/537.36 (compatible; Googlebot/2.1; +http://www.google.com/bot.html)"
52.167.144.23 - - [31/Dec/2025:20:10:05 +0800] "GET /index.php/about-us/company-profile/?a=4673059 HTTP/1.1" 200 188729 "-" "Mozilla/5.0 AppleWebKit/537.36 (KHTML, like Gecko; compatible; bingbot/2.0; +http://www.bing.com/bingbot.htm) Chrome/116.0.1938.76 Safari/537.36"
66.249.75.226 - - [31/Dec/2025:20:10:18 +0800] "GET /?a=2174221 HTTP/1.1" 200 171540 "-" "Mozilla/5.0 (Linux; Android 6.0.1; Nexus 5X Build/MMB29P) AppleWebKit/537.36 (KHTML, like Gecko) Chrome/141.0.7390.122 Mobile Safari/537.36 (compatible; Googlebot/2.1; +http://www.google.com/bot.html)"
207.46.13.127 - - [31/Dec/2025:20:10:31 +0800] "GET /index.php/about-us/company-profile/?a=1773 HTTP/1.1" 200 191449 "-" "Mozilla/5.0 AppleWebKit/537.36 (KHTML, like Gecko; compatible; bingbot/2.0; +http://www.bing.com/bingbot.htm) Chrome/116.0.1938.76 Safari/537.36"
138.91.30.56 - - [31/Dec/2025:20:10:33 +0800] "GET / HTTP/1.1" 200 43879 "-" "Mozilla/5.0 AppleWebKit/537.36 (KHTML, like Gecko); compatible; ChatGPT-User/1.0; +https://openai.com/bot"
66.249.71.70 - - [31/Dec/2025:20:10:33 +0800] "GET /?a=3197034 HTTP/1.1" 200 174829 "-" "Mozilla/5.0 (Linux; Android 6.0.1; Nexus 5X Build/MMB29P) AppleWebKit/537.36 (KHTML, like Gecko) Chrome/141.0.7390.122 Mobile Safari/537.36 (compatible; Googlebot/2.1; +http://www.google.com/bot.html)"
52.167.144.177 - - [31/Dec/2025:20:10:36 +0800] "GET /index.php/about-us/company-profile/?a=4288791 HTTP/1.1" 200 191327 "-" "Mozilla/5.0 AppleWebKit/537.36 (KHTML, like Gecko; compatible; bingbot/2.0; +http://www.bing.com/bingbot.htm) Chrome/116.0.1938.76 Safari/537.36"
66.249.75.226 - - [31/Dec/2025:20:10:40 +0800] "GET /?a=3111682 HTTP/1.1" 200 171496 "-" "Mozilla/5.0 (Linux; Android 6.0.1; Nexus 5X Build/MMB29P) AppleWebKit/537.36 (KHTML, like Gecko) Chrome/141.0.7390.122 Mobile Safari/537.36 (compatible; Googlebot/2.1; +http://www.google.com/bot.html)"
40.77.167.67 - - [31/Dec/2025:20:10:49 +0800] "GET /index.php/about-us/company-profile/?a=1873194 HTTP/1.1" 200 184828 "-" "Mozilla/5.0 AppleWebKit/537.36 (KHTML, like Gecko; compatible; bingbot/2.0; +http://www.bing.com/bingbot.htm) Chrome/116.0.1938.76 Safari/537.36"
198.199.68.20 - - [31/Dec/2025:20:10:51 +0800] "GET /index.php HTTP/1.1" 200 43896 "-" "Zabbix"
207.46.13.127 - - [31/Dec/2025:20:10:59 +0800] "GET /index.php/about-us/company-profile/?a=3305242 HTTP/1.1" 200 181746 "-" "Mozilla/5.0 AppleWebKit/537.36 (KHTML, like Gecko; compatible; bingbot/2.0; +http://www.bing.com/bingbot.htm) Chrome/116.0.1938.76 Safari/537.36"
64.227.15.0 - - [31/Dec/2025:20:11:03 +0800] "GET /index.php/products/food-sanitation/goodmaid-pro-ware-washing/item/gmp-353-destainer HTTP/1.1" 404 3331 "-" "Mozilla/5.0 (Windows NT 10.0; Win64; x64) AppleWebKit/537.36 (KHTML, like Gecko) Chrome/129.0.0.0 Safari/537.36"
66.249.71.71 - - [31/Dec/2025:20:11:06 +0800] "GET /?a=1912790 HTTP/1.1" 200 173351 "-" "Mozilla/5.0 (Linux; Android 6.0.1; Nexus 5X Build/MMB29P) AppleWebKit/537.36 (KHTML, like Gecko) Chrome/141.0.7390.122 Mobile Safari/537.36 (compatible; Googlebot/2.1; +http://www.google.com/bot.html)"
52.167.144.177 - - [31/Dec/2025:20:11:07 +0800] "GET /index.php/about-us/company-profile/?a=3745540 HTTP/1.1" 200 183040 "-" "Mozilla/5.0 AppleWebKit/537.36 (KHTML, like Gecko; compatible; bingbot/2.0; +http://www.bing.com/bingbot.htm) Chrome/116.0.1938.76 Safari/537.36"
77.43.209.50 - - [31/Dec/2025:20:11:08 +0800] "GET /index.php/products/consumer/floor-care/item/floor-cleaner HTTP/1.1" 404 3331 "-" "Mozilla/5.0 (Windows NT 10.0; Win64; x64) AppleWebKit/537.36 (KHTML, like Gecko) Chrome/129.0.0.0 Safari/537.36"
41.116.148.255 - - [31/Dec/2025:20:11:09 +0800] "GET /index.php/products/public-hygiene/personal-care/item/192d-ht-draman-2 HTTP/1.1" 404 3331 "-" "Mozilla/5.0 (Windows NT 10.0; Win64; x64) AppleWebKit/537.36 (KHTML, like Gecko) Chrome/129.0.0.0 Safari/537.36"
207.46.13.127 - - [31/Dec/2025:20:11:11 +0800] "GET /index.php/about-us/company-profile/?a=5079395 HTTP/1.1" 200 185520 "-" "Mozilla/5.0 AppleWebKit/537.36 (KHTML, like Gecko; compatible; bingbot/2.0; +http://www.bing.com/bingbot.htm) Chrome/116.0.1938.76 Safari/537.36"
207.46.13.127 - - [31/Dec/2025:20:11:13 +0800] "GET /?a=1007021 HTTP/1.1" 200 173787 "-" "Mozilla/5.0 AppleWebKit/537.36 (KHTML, like Gecko; compatible; bingbot/2.0; +http://www.bing.com/bingbot.htm) Chrome/116.0.1938.76 Safari/537.36"
14.240.82.38 - - [31/Dec/2025:20:11:14 +0800] "GET /index.php/products/public-hygiene/laundry-care/alphaindex/other HTTP/1.1" 404 3331 "-" "Mozilla/5.0 (Windows NT 10.0; Win64; x64) AppleWebKit/537.36 (KHTML, like Gecko) Chrome/129.0.0.0 Safari/537.36"
24.199.86.47 - - [31/Dec/2025:20:11:18 +0800] "GET /index.php/products/healthcare-hygiene/dispenser/item/is-9000?category_id=47 HTTP/1.1" 404 3331 "-" "Mozilla/5.0 (Windows NT 10.0; Win64; x64) AppleWebKit/537.36 (KHTML, like Gecko) Chrome/129.0.0.0 Safari/537.36"
185.240.17.100 - - [31/Dec/2025:20:11:19 +0800] "GET /index.php/products/public-hygiene/laundry-care/item/350-laun-d-2 HTTP/1.1" 404 3331 "-" "Mozilla/5.0 (Windows NT 10.0; Win64; x64) AppleWebKit/537.36 (KHTML, like Gecko) Chrome/129.0.0.0 Safari/537.36"
66.249.75.227 - - [31/Dec/2025:20:11:18 +0800] "GET /?a=5383947 HTTP/1.1" 200 178751 "-" "Mozilla/5.0 (Linux; Android 6.0.1; Nexus 5X Build/MMB29P) AppleWebKit/537.36 (KHTML, like Gecko) Chrome/141.0.7390.122 Mobile Safari/537.36 (compatible; Googlebot/2.1; +http://www.google.com/bot.html)"
176.47.79.215 - - [31/Dec/2025:20:11:19 +0800] "GET /index.php/products/consumer/specialized-cleaners/item/washing-machine-cleaner HTTP/1.1" 404 3331 "-" "Mozilla/5.0 (Windows NT 10.0; Win64; x64) AppleWebKit/537.36 (KHTML, like Gecko) Chrome/129.0.0.0 Safari/537.36"
137.184.69.48 - - [31/Dec/2025:20:11:20 +0800] "GET /index.php/products/public-hygiene/floor-care/item/0203-tilecon-seal-2 HTTP/1.1" 404 3331 "-" "Mozilla/5.0 (Windows NT 10.0; Win64; x64) AppleWebKit/537.36 (KHTML, like Gecko) Chrome/129.0.0.0 Safari/537.36"
159.223.133.133 - - [31/Dec/2025:20:11:20 +0800] "GET /index.php/products/food-sanitation/tools-dispensers/item/gmd-500-f-a HTTP/1.1" 404 3331 "-" "Mozilla/5.0 (Windows NT 10.0; Win64; x64) AppleWebKit/537.36 (KHTML, like Gecko) Chrome/129.0.0.0 Safari/537.36"
142.93.127.194 - - [31/Dec/2025:20:11:23 +0800] "GET /index.php/shop-now HTTP/1.1" 404 3331 "-" "Mozilla/5.0 (Windows NT 10.0; Win64; x64) AppleWebKit/537.36 (KHTML, like Gecko) Chrome/129.0.0.0 Safari/537.36"
110.138.83.124 - - [31/Dec/2025:20:11:24 +0800] "GET /index.php/products/public-hygiene/housekeeping/item/100-multi-zap-2 HTTP/1.1" 404 3331 "-" "Mozilla/5.0 (Windows NT 10.0; Win64; x64) AppleWebKit/537.36 (KHTML, like Gecko) Chrome/129.0.0.0 Safari/537.36"
146.190.73.255 - - [31/Dec/2025:20:11:25 +0800] "GET /index.php/products/public-hygiene/housekeeping/item/121-deo-gel-2 HTTP/1.1" 404 3331 "-" "Mozilla/5.0 (Windows NT 10.0; Win64; x64) AppleWebKit/537.36 (KHTML, like Gecko) Chrome/129.0.0.0 Safari/537.36"
62.201.244.42 - - [31/Dec/2025:20:11:26 +0800] "GET /index.php/products/healthcare-hygiene/dispenser HTTP/1.1" 404 3331 "-" "Mozilla/5.0 (Windows NT 10.0; Win64; x64) AppleWebKit/537.36 (KHTML, like Gecko) Chrome/129.0.0.0 Safari/537.36"
137.184.78.66 - - [31/Dec/2025:20:11:28 +0800] "GET /index.php/products/consumer/goodmaid-baby-bio/item/baby-bio-laundry-detergent HTTP/1.1" 404 3331 "-" "Mozilla/5.0 (Windows NT 10.0; Win64; x64) AppleWebKit/537.36 (KHTML, like Gecko) Chrome/129.0.0.0 Safari/537.36"
147.182.167.211 - - [31/Dec/2025:20:11:28 +0800] "GET /index.php/products/consumer/specialized-cleaners/item/oven-cleaner HTTP/1.1" 404 3331 "-" "Mozilla/5.0 (Windows NT 10.0; Win64; x64) AppleWebKit/537.36 (KHTML, like Gecko) Chrome/129.0.0.0 Safari/537.36"
143.198.116.136 - - [31/Dec/2025:20:11:29 +0800] "GET /index.php/products/public-hygiene/floor-care/item/0210-florestore-2 HTTP/1.1" 404 3331 "-" "Mozilla/5.0 (Windows NT 10.0; Win64; x64) AppleWebKit/537.36 (KHTML, like Gecko) Chrome/129.0.0.0 Safari/537.36"
66.249.71.70 - - [31/Dec/2025:20:11:30 +0800] "GET /?a=3483285 HTTP/1.1" 200 214175 "-" "Mozilla/5.0 (Linux; Android 6.0.1; Nexus 5X Build/MMB29P) AppleWebKit/537.36 (KHTML, like Gecko) Chrome/141.0.7390.122 Mobile Safari/537.36 (compatible; Googlebot/2.1; +http://www.google.com/bot.html)"
5.111.16.75 - - [31/Dec/2025:20:11:35 +0800] "GET /index.php/products/global-business HTTP/1.1" 404 3331 "-" "Mozilla/5.0 (Windows NT 10.0; Win64; x64) AppleWebKit/537.36 (KHTML, like Gecko) Chrome/129.0.0.0 Safari/537.36"
66.249.75.226 - - [31/Dec/2025:20:11:44 +0800] "GET /?a=3696772 HTTP/1.1" 200 179279 "-" "Mozilla/5.0 (Linux; Android 6.0.1; Nexus 5X Build/MMB29P) AppleWebKit/537.36 (KHTML, like Gecko) Chrome/141.0.7390.122 Mobile Safari/537.36 (compatible; Googlebot/2.1; +http://www.google.com/bot.html)"
66.249.71.70 - - [31/Dec/2025:20:11:49 +0800] "GET /?a=923974 HTTP/1.1" 200 178244 "-" "Mozilla/5.0 (Linux; Android 6.0.1; Nexus 5X Build/MMB29P) AppleWebKit/537.36 (KHTML, like Gecko) Chrome/141.0.7390.122 Mobile Safari/537.36 (compatible; Googlebot/2.1; +http://www.google.com/bot.html)"
207.46.13.127 - - [31/Dec/2025:20:11:50 +0800] "GET /index.php/about-us/company-profile/?a=5309021 HTTP/1.1" 200 186273 "-" "Mozilla/5.0 AppleWebKit/537.36 (KHTML, like Gecko; compatible; bingbot/2.0; +http://www.bing.com/bingbot.htm) Chrome/116.0.1938.76 Safari/537.36"
50.17.185.102 - - [31/Dec/2025:20:11:51 +0800] "GET / HTTP/1.1" 200 43871 "-" "FreshpingBot/1.0 (+https://freshping.io/)"
157.55.39.200 - - [31/Dec/2025:20:11:54 +0800] "GET /index.php/about-us/company-profile/?a=4315603 HTTP/1.1" 200 184617 "-" "Mozilla/5.0 AppleWebKit/537.36 (KHTML, like Gecko; compatible; bingbot/2.0; +http://www.bing.com/bingbot.htm) Chrome/116.0.1938.76 Safari/537.36"
66.249.71.70 - - [31/Dec/2025:20:11:55 +0800] "GET /?a=2195129 HTTP/1.1" 200 171170 "-" "Mozilla/5.0 (Linux; Android 6.0.1; Nexus 5X Build/MMB29P) AppleWebKit/537.36 (KHTML, like Gecko) Chrome/141.0.7390.122 Mobile Safari/537.36 (compatible; Googlebot/2.1; +http://www.google.com/bot.html)"
77.83.36.161 - - [31/Dec/2025:20:12:09 +0800] "GET /administrator/index.php HTTP/1.0" 200 14397 "-" "Mozilla/4.0 (compatible; MSIE 7.0; Windows NT 6.0)"
77.83.36.161 - - [31/Dec/2025:20:12:10 +0800] "POST /administrator/index.php HTTP/1.0" 303 - "-" "Mozilla/4.0 (compatible; MSIE 7.0; Windows NT 6.0)"
77.83.36.161 - - [31/Dec/2025:20:12:10 +0800] "GET /administrator/index.php HTTP/1.0" 200 14632 "-" "Mozilla/4.0 (compatible; MSIE 7.0; Windows NT 6.0)"
66.249.71.71 - - [31/Dec/2025:20:12:11 +0800] "GET /?a=2257033 HTTP/1.1" 200 176340 "-" "Mozilla/5.0 (Linux; Android 6.0.1; Nexus 5X Build/MMB29P) AppleWebKit/537.36 (KHTML, like Gecko) Chrome/141.0.7390.122 Mobile Safari/537.36 (compatible; Googlebot/2.1; +http://www.google.com/bot.html)"
77.83.36.161 - - [31/Dec/2025:20:12:11 +0800] "POST /administrator/index.php HTTP/1.0" 303 - "-" "Mozilla/4.0 (compatible; MSIE 7.0; Windows NT 6.0)"
77.83.36.161 - - [31/Dec/2025:20:12:12 +0800] "GET /administrator/index.php HTTP/1.0" 200 14632 "-" "Mozilla/4.0 (compatible; MSIE 7.0; Windows NT 6.0)"
77.83.36.161 - - [31/Dec/2025:20:12:13 +0800] "POST /administrator/index.php HTTP/1.0" 303 - "-" "Mozilla/4.0 (compatible; MSIE 7.0; Windows NT 6.0)"
77.83.36.161 - - [31/Dec/2025:20:12:14 +0800] "GET /administrator/index.php HTTP/1.0" 200 14632 "-" "Mozilla/4.0 (compatible; MSIE 7.0; Windows NT 6.0)"
77.83.36.161 - - [31/Dec/2025:20:12:15 +0800] "POST /administrator/index.php HTTP/1.0" 303 - "-" "Mozilla/4.0 (compatible; MSIE 7.0; Windows NT 6.0)"
77.83.36.161 - - [31/Dec/2025:20:12:16 +0800] "GET /administrator/index.php HTTP/1.0" 200 14632 "-" "Mozilla/4.0 (compatible; MSIE 7.0; Windows NT 6.0)"
77.83.36.161 - - [31/Dec/2025:20:12:17 +0800] "POST /administrator/index.php HTTP/1.0" 303 - "-" "Mozilla/4.0 (compatible; MSIE 7.0; Windows NT 6.0)"
77.83.36.161 - - [31/Dec/2025:20:12:18 +0800] "GET /administrator/index.php HTTP/1.0" 200 14632 "-" "Mozilla/4.0 (compatible; MSIE 7.0; Windows NT 6.0)"
77.83.36.161 - - [31/Dec/2025:20:12:19 +0800] "POST /administrator/index.php HTTP/1.0" 303 - "-" "Mozilla/4.0 (compatible; MSIE 7.0; Windows NT 6.0)"
77.83.36.161 - - [31/Dec/2025:20:12:20 +0800] "GET /administrator/index.php HTTP/1.0" 200 14632 "-" "Mozilla/4.0 (compatible; MSIE 7.0; Windows NT 6.0)"
77.83.36.161 - - [31/Dec/2025:20:12:21 +0800] "POST /administrator/index.php HTTP/1.0" 303 - "-" "Mozilla/4.0 (compatible; MSIE 7.0; Windows NT 6.0)"
77.83.36.161 - - [31/Dec/2025:20:12:22 +0800] "GET /administrator/index.php HTTP/1.0" 200 14632 "-" "Mozilla/4.0 (compatible; MSIE 7.0; Windows NT 6.0)"
77.83.36.161 - - [31/Dec/2025:20:12:23 +0800] "POST /administrator/index.php HTTP/1.0" 303 - "-" "Mozilla/4.0 (compatible; MSIE 7.0; Windows NT 6.0)"
77.83.36.161 - - [31/Dec/2025:20:12:24 +0800] "GET /administrator/index.php HTTP/1.0" 200 14632 "-" "Mozilla/4.0 (compatible; MSIE 7.0; Windows NT 6.0)"
77.83.36.161 - - [31/Dec/2025:20:12:25 +0800] "POST /administrator/index.php HTTP/1.0" 303 - "-" "Mozilla/4.0 (compatible; MSIE 7.0; Windows NT 6.0)"
77.83.36.161 - - [31/Dec/2025:20:12:26 +0800] "GET /administrator/index.php HTTP/1.0" 200 14632 "-" "Mozilla/4.0 (compatible; MSIE 7.0; Windows NT 6.0)"
77.83.36.161 - - [31/Dec/2025:20:12:27 +0800] "POST /administrator/index.php HTTP/1.0" 303 - "-" "Mozilla/4.0 (compatible; MSIE 7.0; Windows NT 6.0)"
52.167.144.177 - - [31/Dec/2025:20:12:26 +0800] "GET /index.php/about-us/company-profile/?a=256706 HTTP/1.1" 200 183864 "-" "Mozilla/5.0 AppleWebKit/537.36 (KHTML, like Gecko; compatible; bingbot/2.0; +http://www.bing.com/bingbot.htm) Chrome/116.0.1938.76 Safari/537.36"
77.83.36.161 - - [31/Dec/2025:20:12:28 +0800] "GET /administrator/index.php HTTP/1.0" 200 14632 "-" "Mozilla/4.0 (compatible; MSIE 7.0; Windows NT 6.0)"
66.249.75.227 - - [31/Dec/2025:20:12:27 +0800] "GET /?a=1094707 HTTP/1.1" 200 176984 "-" "Mozilla/5.0 (Linux; Android 6.0.1; Nexus 5X Build/MMB29P) AppleWebKit/537.36 (KHTML, like Gecko) Chrome/141.0.7390.122 Mobile Safari/537.36 (compatible; Googlebot/2.1; +http://www.google.com/bot.html)"
40.77.167.156 - - [31/Dec/2025:20:12:36 +0800] "GET /index.php/about-us/company-profile/?a=1335621 HTTP/1.1" 200 190374 "-" "Mozilla/5.0 AppleWebKit/537.36 (KHTML, like Gecko; compatible; bingbot/2.0; +http://www.bing.com/bingbot.htm) Chrome/116.0.1938.76 Safari/537.36"
194.187.171.146 - - [31/Dec/2025:20:12:45 +0800] "GET /robots.txt HTTP/1.1" 200 858 "-" "Mozilla/5.0 (compatible; Qwantbot/1.0; +https://help.qwant.com/bot/)"
194.187.171.133 - - [31/Dec/2025:20:12:46 +0800] "GET /index.php/products-services/consumer/consumer-products/item/cocorex-bleach HTTP/1.1" 200 31389 "-" "Mozilla/5.0 (compatible; Qwantbot/1.0_5018297; +https://help.qwant.com/bot/)"
66.249.75.226 - - [31/Dec/2025:20:12:45 +0800] "GET /?a=5242406 HTTP/1.1" 200 174252 "-" "Mozilla/5.0 (Linux; Android 6.0.1; Nexus 5X Build/MMB29P) AppleWebKit/537.36 (KHTML, like Gecko) Chrome/141.0.7390.122 Mobile Safari/537.36 (compatible; Googlebot/2.1; +http://www.google.com/bot.html)"
66.249.75.226 - - [31/Dec/2025:20:12:48 +0800] "GET /?a=2994405 HTTP/1.1" 200 171712 "-" "Mozilla/5.0 (Linux; Android 6.0.1; Nexus 5X Build/MMB29P) AppleWebKit/537.36 (KHTML, like Gecko) Chrome/141.0.7390.122 Mobile Safari/537.36 (compatible; GoogleOther)"
66.249.75.226 - - [31/Dec/2025:20:12:51 +0800] "GET /?a=1066152 HTTP/1.1" 200 189435 "-" "Mozilla/5.0 (Linux; Android 6.0.1; Nexus 5X Build/MMB29P) AppleWebKit/537.36 (KHTML, like Gecko) Chrome/141.0.7390.122 Mobile Safari/537.36 (compatible; Googlebot/2.1; +http://www.google.com/bot.html)"
66.249.71.70 - - [31/Dec/2025:20:12:57 +0800] "GET /?a=772237 HTTP/1.1" 200 174047 "-" "Mozilla/5.0 (Linux; Android 6.0.1; Nexus 5X Build/MMB29P) AppleWebKit/537.36 (KHTML, like Gecko) Chrome/141.0.7390.122 Mobile Safari/537.36 (compatible; Googlebot/2.1; +http://www.google.com/bot.html)"
52.167.144.177 - - [31/Dec/2025:20:12:57 +0800] "GET /index.php/about-us/company-profile/?a=4161112 HTTP/1.1" 200 201560 "-" "Mozilla/5.0 AppleWebKit/537.36 (KHTML, like Gecko; compatible; bingbot/2.0; +http://www.bing.com/bingbot.htm) Chrome/116.0.1938.76 Safari/537.36"
66.249.75.228 - - [31/Dec/2025:20:13:03 +0800] "GET /?a=1495265 HTTP/1.1" 200 176306 "-" "Mozilla/5.0 (Linux; Android 6.0.1; Nexus 5X Build/MMB29P) AppleWebKit/537.36 (KHTML, like Gecko) Chrome/141.0.7390.122 Mobile Safari/537.36 (compatible; Googlebot/2.1; +http://www.google.com/bot.html)"
66.249.75.227 - - [31/Dec/2025:20:13:07 +0800] "GET /?a=4186207 HTTP/1.1" 200 174982 "-" "Mozilla/5.0 (Linux; Android 6.0.1; Nexus 5X Build/MMB29P) AppleWebKit/537.36 (KHTML, like Gecko) Chrome/141.0.7390.122 Mobile Safari/537.36 (compatible; GoogleOther)"
66.249.75.226 - - [31/Dec/2025:20:13:10 +0800] "GET /?a=5390449 HTTP/1.1" 200 180988 "-" "Mozilla/5.0 (Linux; Android 6.0.1; Nexus 5X Build/MMB29P) AppleWebKit/537.36 (KHTML, like Gecko) Chrome/141.0.7390.122 Mobile Safari/537.36 (compatible; Googlebot/2.1; +http://www.google.com/bot.html)"
66.249.75.226 - - [31/Dec/2025:20:13:29 +0800] "GET /?a=3495343 HTTP/1.1" 200 179347 "-" "Mozilla/5.0 (Linux; Android 6.0.1; Nexus 5X Build/MMB29P) AppleWebKit/537.36 (KHTML, like Gecko) Chrome/141.0.7390.122 Mobile Safari/537.36 (compatible; Googlebot/2.1; +http://www.google.com/bot.html)"
66.249.71.70 - - [31/Dec/2025:20:13:32 +0800] "GET /?a=5211856 HTTP/1.1" 200 169873 "-" "Mozilla/5.0 (Linux; Android 6.0.1; Nexus 5X Build/MMB29P) AppleWebKit/537.36 (KHTML, like Gecko) Chrome/141.0.7390.122 Mobile Safari/537.36 (compatible; Googlebot/2.1; +http://www.google.com/bot.html)"
157.55.39.194 - - [31/Dec/2025:20:13:36 +0800] "GET /index.php/about-us/company-profile/?a=2434581 HTTP/1.1" 200 186784 "-" "Mozilla/5.0 AppleWebKit/537.36 (KHTML, like Gecko; compatible; bingbot/2.0; +http://www.bing.com/bingbot.htm) Chrome/116.0.1938.76 Safari/537.36"
