216.73.216.14 - - [31/Dec/2025:20:48:40 +0800] "GET /sitemap.xml HTTP/1.1" 200 140396 "-" "Mozilla/5.0 AppleWebKit/537.36 (KHTML, like Gecko; compatible; ClaudeBot/1.0; +claudebot@anthropic.com)"
216.73.216.14 - - [31/Dec/2025:20:48:41 +0800] "GET /?a=4293730 HTTP/1.1" 200 43871 "-" "Mozilla/5.0 AppleWebKit/537.36 (KHTML, like Gecko; compatible; ClaudeBot/1.0; +claudebot@anthropic.com)"
66.249.75.226 - - [31/Dec/2025:20:48:40 +0800] "GET /?a=2135539 HTTP/1.1" 200 172155 "-" "Mozilla/5.0 (Linux; Android 6.0.1; Nexus 5X Build/MMB29P) AppleWebKit/537.36 (KHTML, like Gecko) Chrome/141.0.7390.122 Mobile Safari/537.36 (compatible; Googlebot/2.1; +http://www.google.com/bot.html)"
216.73.216.14 - - [31/Dec/2025:20:48:41 +0800] "GET /?a=168617 HTTP/1.1" 200 43887 "-" "Mozilla/5.0 AppleWebKit/537.36 (KHTML, like Gecko; compatible; ClaudeBot/1.0; +claudebot@anthropic.com)"
216.73.216.14 - - [31/Dec/2025:20:48:41 +0800] "GET /?a=5262562 HTTP/1.1" 200 43887 "-" "Mozilla/5.0 AppleWebKit/537.36 (KHTML, like Gecko; compatible; ClaudeBot/1.0; +claudebot@anthropic.com)"
216.73.216.14 - - [31/Dec/2025:20:48:42 +0800] "GET /?a=3325987 HTTP/1.1" 200 43887 "-" "Mozilla/5.0 AppleWebKit/537.36 (KHTML, like Gecko; compatible; ClaudeBot/1.0; +claudebot@anthropic.com)"
216.73.216.14 - - [31/Dec/2025:20:48:42 +0800] "GET /?a=5157361 HTTP/1.1" 200 43887 "-" "Mozilla/5.0 AppleWebKit/537.36 (KHTML, like Gecko; compatible; ClaudeBot/1.0; +claudebot@anthropic.com)"
216.73.216.14 - - [31/Dec/2025:20:48:42 +0800] "GET /?a=1110362 HTTP/1.1" 200 43887 "-" "Mozilla/5.0 AppleWebKit/537.36 (KHTML, like Gecko; compatible; ClaudeBot/1.0; +claudebot@anthropic.com)"
216.73.216.14 - - [31/Dec/2025:20:48:42 +0800] "GET /?a=1852705 HTTP/1.1" 200 43887 "-" "Mozilla/5.0 AppleWebKit/537.36 (KHTML, like Gecko; compatible; ClaudeBot/1.0; +claudebot@anthropic.com)"
216.73.216.14 - - [31/Dec/2025:20:48:42 +0800] "GET /?a=1659794 HTTP/1.1" 200 43887 "-" "Mozilla/5.0 AppleWebKit/537.36 (KHTML, like Gecko; compatible; ClaudeBot/1.0; +claudebot@anthropic.com)"
216.73.216.14 - - [31/Dec/2025:20:48:42 +0800] "GET /?a=1378238 HTTP/1.1" 200 43887 "-" "Mozilla/5.0 AppleWebKit/537.36 (KHTML, like Gecko; compatible; ClaudeBot/1.0; +claudebot@anthropic.com)"
216.73.216.14 - - [31/Dec/2025:20:48:42 +0800] "GET /?a=5252848 HTTP/1.1" 200 43887 "-" "Mozilla/5.0 AppleWebKit/537.36 (KHTML, like Gecko; compatible; ClaudeBot/1.0; +claudebot@anthropic.com)"
216.73.216.14 - - [31/Dec/2025:20:48:42 +0800] "GET /?a=3043419 HTTP/1.1" 200 43887 "-" "Mozilla/5.0 AppleWebKit/537.36 (KHTML, like Gecko; compatible; ClaudeBot/1.0; +claudebot@anthropic.com)"
216.73.216.14 - - [31/Dec/2025:20:48:43 +0800] "GET /?a=2623226 HTTP/1.1" 200 43887 "-" "Mozilla/5.0 AppleWebKit/537.36 (KHTML, like Gecko; compatible; ClaudeBot/1.0; +claudebot@anthropic.com)"
216.73.216.14 - - [31/Dec/2025:20:48:43 +0800] "GET /?a=2564738 HTTP/1.1" 200 43887 "-" "Mozilla/5.0 AppleWebKit/537.36 (KHTML, like Gecko; compatible; ClaudeBot/1.0; +claudebot@anthropic.com)"
216.73.216.14 - - [31/Dec/2025:20:48:43 +0800] "GET /?a=2752686 HTTP/1.1" 200 43887 "-" "Mozilla/5.0 AppleWebKit/537.36 (KHTML, like Gecko; compatible; ClaudeBot/1.0; +claudebot@anthropic.com)"
216.73.216.14 - - [31/Dec/2025:20:48:43 +0800] "GET /?a=3950083 HTTP/1.1" 200 43887 "-" "Mozilla/5.0 AppleWebKit/537.36 (KHTML, like Gecko; compatible; ClaudeBot/1.0; +claudebot@anthropic.com)"
216.73.216.14 - - [31/Dec/2025:20:48:43 +0800] "GET /?a=5097411 HTTP/1.1" 200 43887 "-" "Mozilla/5.0 AppleWebKit/537.36 (KHTML, like Gecko; compatible; ClaudeBot/1.0; +claudebot@anthropic.com)"
216.73.216.14 - - [31/Dec/2025:20:48:43 +0800] "GET /?a=5358132 HTTP/1.1" 200 43887 "-" "Mozilla/5.0 AppleWebKit/537.36 (KHTML, like Gecko; compatible; ClaudeBot/1.0; +claudebot@anthropic.com)"
216.73.216.14 - - [31/Dec/2025:20:48:44 +0800] "GET /?a=1232847 HTTP/1.1" 200 43887 "-" "Mozilla/5.0 AppleWebKit/537.36 (KHTML, like Gecko; compatible; ClaudeBot/1.0; +claudebot@anthropic.com)"
216.73.216.14 - - [31/Dec/2025:20:48:44 +0800] "GET /?a=2377363 HTTP/1.1" 200 43887 "-" "Mozilla/5.0 AppleWebKit/537.36 (KHTML, like Gecko; compatible; ClaudeBot/1.0; +claudebot@anthropic.com)"
216.73.216.14 - - [31/Dec/2025:20:48:44 +0800] "GET /?a=5096542 HTTP/1.1" 200 43887 "-" "Mozilla/5.0 AppleWebKit/537.36 (KHTML, like Gecko; compatible; ClaudeBot/1.0; +claudebot@anthropic.com)"
216.73.216.14 - - [31/Dec/2025:20:48:44 +0800] "GET /?a=5216011 HTTP/1.1" 200 43887 "-" "Mozilla/5.0 AppleWebKit/537.36 (KHTML, like Gecko; compatible; ClaudeBot/1.0; +claudebot@anthropic.com)"
216.73.216.14 - - [31/Dec/2025:20:48:44 +0800] "GET /?a=2298814 HTTP/1.1" 200 43887 "-" "Mozilla/5.0 AppleWebKit/537.36 (KHTML, like Gecko; compatible; ClaudeBot/1.0; +claudebot@anthropic.com)"
216.73.216.14 - - [31/Dec/2025:20:48:44 +0800] "GET /?a=1414665 HTTP/1.1" 200 43887 "-" "Mozilla/5.0 AppleWebKit/537.36 (KHTML, like Gecko; compatible; ClaudeBot/1.0; +claudebot@anthropic.com)"
216.73.216.14 - - [31/Dec/2025:20:48:44 +0800] "GET /?a=4778107 HTTP/1.1" 200 43887 "-" "Mozilla/5.0 AppleWebKit/537.36 (KHTML, like Gecko; compatible; ClaudeBot/1.0; +claudebot@anthropic.com)"
216.73.216.14 - - [31/Dec/2025:20:48:45 +0800] "GET /?a=4407806 HTTP/1.1" 200 43887 "-" "Mozilla/5.0 AppleWebKit/537.36 (KHTML, like Gecko; compatible; ClaudeBot/1.0; +claudebot@anthropic.com)"
216.73.216.14 - - [31/Dec/2025:20:48:45 +0800] "GET /?a=1593206 HTTP/1.1" 200 43887 "-" "Mozilla/5.0 AppleWebKit/537.36 (KHTML, like Gecko; compatible; ClaudeBot/1.0; +claudebot@anthropic.com)"
216.73.216.14 - - [31/Dec/2025:20:48:45 +0800] "GET /?a=4500483 HTTP/1.1" 200 43887 "-" "Mozilla/5.0 AppleWebKit/537.36 (KHTML, like Gecko; compatible; ClaudeBot/1.0; +claudebot@anthropic.com)"
216.73.216.14 - - [31/Dec/2025:20:48:45 +0800] "GET /?a=5277311 HTTP/1.1" 200 43887 "-" "Mozilla/5.0 AppleWebKit/537.36 (KHTML, like Gecko; compatible; ClaudeBot/1.0; +claudebot@anthropic.com)"
216.73.216.14 - - [31/Dec/2025:20:48:45 +0800] "GET /?a=1837606 HTTP/1.1" 200 43887 "-" "Mozilla/5.0 AppleWebKit/537.36 (KHTML, like Gecko; compatible; ClaudeBot/1.0; +claudebot@anthropic.com)"
216.73.216.14 - - [31/Dec/2025:20:48:45 +0800] "GET /?a=4116685 HTTP/1.1" 200 43887 "-" "Mozilla/5.0 AppleWebKit/537.36 (KHTML, like Gecko; compatible; ClaudeBot/1.0; +claudebot@anthropic.com)"
216.73.216.14 - - [31/Dec/2025:20:48:46 +0800] "GET /?a=3833317 HTTP/1.1" 200 43887 "-" "Mozilla/5.0 AppleWebKit/537.36 (KHTML, like Gecko; compatible; ClaudeBot/1.0; +claudebot@anthropic.com)"
216.73.216.14 - - [31/Dec/2025:20:48:46 +0800] "GET /?a=1089766 HTTP/1.1" 200 43887 "-" "Mozilla/5.0 AppleWebKit/537.36 (KHTML, like Gecko; compatible; ClaudeBot/1.0; +claudebot@anthropic.com)"
216.73.216.14 - - [31/Dec/2025:20:48:46 +0800] "GET /?a=2344057 HTTP/1.1" 200 43887 "-" "Mozilla/5.0 AppleWebKit/537.36 (KHTML, like Gecko; compatible; ClaudeBot/1.0; +claudebot@anthropic.com)"
216.73.216.14 - - [31/Dec/2025:20:48:46 +0800] "GET /?a=1492156 HTTP/1.1" 200 43887 "-" "Mozilla/5.0 AppleWebKit/537.36 (KHTML, like Gecko; compatible; ClaudeBot/1.0; +claudebot@anthropic.com)"
216.73.216.14 - - [31/Dec/2025:20:48:46 +0800] "GET /?a=3827158 HTTP/1.1" 200 43887 "-" "Mozilla/5.0 AppleWebKit/537.36 (KHTML, like Gecko; compatible; ClaudeBot/1.0; +claudebot@anthropic.com)"
216.73.216.14 - - [31/Dec/2025:20:48:46 +0800] "GET /?a=2043277 HTTP/1.1" 200 43887 "-" "Mozilla/5.0 AppleWebKit/537.36 (KHTML, like Gecko; compatible; ClaudeBot/1.0; +claudebot@anthropic.com)"
216.73.216.14 - - [31/Dec/2025:20:48:47 +0800] "GET /?a=2166104 HTTP/1.1" 200 43887 "-" "Mozilla/5.0 AppleWebKit/537.36 (KHTML, like Gecko; compatible; ClaudeBot/1.0; +claudebot@anthropic.com)"
216.73.216.14 - - [31/Dec/2025:20:48:47 +0800] "GET /?a=5357738 HTTP/1.1" 200 43887 "-" "Mozilla/5.0 AppleWebKit/537.36 (KHTML, like Gecko; compatible; ClaudeBot/1.0; +claudebot@anthropic.com)"
216.73.216.14 - - [31/Dec/2025:20:48:47 +0800] "GET /?a=1818627 HTTP/1.1" 200 43887 "-" "Mozilla/5.0 AppleWebKit/537.36 (KHTML, like Gecko; compatible; ClaudeBot/1.0; +claudebot@anthropic.com)"
40.77.167.18 - - [31/Dec/2025:20:48:46 +0800] "GET /index.php/about-us/company-profile/?a=2624104 HTTP/1.1" 200 196940 "-" "Mozilla/5.0 AppleWebKit/537.36 (KHTML, like Gecko; compatible; bingbot/2.0; +http://www.bing.com/bingbot.htm) Chrome/116.0.1938.76 Safari/537.36"
216.73.216.14 - - [31/Dec/2025:20:48:47 +0800] "GET /?a=5050350 HTTP/1.1" 200 43887 "-" "Mozilla/5.0 AppleWebKit/537.36 (KHTML, like Gecko; compatible; ClaudeBot/1.0; +claudebot@anthropic.com)"
216.73.216.14 - - [31/Dec/2025:20:48:47 +0800] "GET /?a=2529516 HTTP/1.1" 200 43887 "-" "Mozilla/5.0 AppleWebKit/537.36 (KHTML, like Gecko; compatible; ClaudeBot/1.0; +claudebot@anthropic.com)"
216.73.216.14 - - [31/Dec/2025:20:48:47 +0800] "GET /?a=1358519 HTTP/1.1" 200 43887 "-" "Mozilla/5.0 AppleWebKit/537.36 (KHTML, like Gecko; compatible; ClaudeBot/1.0; +claudebot@anthropic.com)"
216.73.216.14 - - [31/Dec/2025:20:48:47 +0800] "GET /?a=1949389 HTTP/1.1" 200 43887 "-" "Mozilla/5.0 AppleWebKit/537.36 (KHTML, like Gecko; compatible; ClaudeBot/1.0; +claudebot@anthropic.com)"
216.73.216.14 - - [31/Dec/2025:20:48:47 +0800] "GET /?a=5121945 HTTP/1.1" 200 43887 "-" "Mozilla/5.0 AppleWebKit/537.36 (KHTML, like Gecko; compatible; ClaudeBot/1.0; +claudebot@anthropic.com)"
216.73.216.14 - - [31/Dec/2025:20:48:47 +0800] "GET /?a=1064470 HTTP/1.1" 200 43887 "-" "Mozilla/5.0 AppleWebKit/537.36 (KHTML, like Gecko; compatible; ClaudeBot/1.0; +claudebot@anthropic.com)"
66.249.75.226 - - [31/Dec/2025:20:48:48 +0800] "GET /?a=103416 HTTP/1.1" 200 175651 "-" "Mozilla/5.0 (Linux; Android 6.0.1; Nexus 5X Build/MMB29P) AppleWebKit/537.36 (KHTML, like Gecko) Chrome/141.0.7390.122 Mobile Safari/537.36 (compatible; Googlebot/2.1; +http://www.google.com/bot.html)"
66.249.75.226 - - [31/Dec/2025:20:48:51 +0800] "GET /?a=2108194 HTTP/1.1" 200 182946 "-" "Mozilla/5.0 (Linux; Android 6.0.1; Nexus 5X Build/MMB29P) AppleWebKit/537.36 (KHTML, like Gecko) Chrome/141.0.7390.122 Mobile Safari/537.36 (compatible; Googlebot/2.1; +http://www.google.com/bot.html)"
52.167.144.192 - - [31/Dec/2025:20:48:50 +0800] "GET /index.php/about-us/company-profile/?a=5119402 HTTP/1.1" 200 182707 "-" "Mozilla/5.0 AppleWebKit/537.36 (KHTML, like Gecko; compatible; bingbot/2.0; +http://www.bing.com/bingbot.htm) Chrome/116.0.1938.76 Safari/537.36"
66.249.71.70 - - [31/Dec/2025:20:49:04 +0800] "GET /?a=4268816 HTTP/1.1" 200 181715 "-" "Mozilla/5.0 (Linux; Android 6.0.1; Nexus 5X Build/MMB29P) AppleWebKit/537.36 (KHTML, like Gecko) Chrome/141.0.7390.122 Mobile Safari/537.36 (compatible; Googlebot/2.1; +http://www.google.com/bot.html)"
66.249.75.227 - - [31/Dec/2025:20:49:11 +0800] "GET /?a=2346376 HTTP/1.1" 200 177129 "-" "Mozilla/5.0 (Linux; Android 6.0.1; Nexus 5X Build/MMB29P) AppleWebKit/537.36 (KHTML, like Gecko) Chrome/141.0.7390.122 Mobile Safari/537.36 (compatible; Googlebot/2.1; +http://www.google.com/bot.html)"
66.249.71.71 - - [31/Dec/2025:20:49:14 +0800] "GET /?a=3859899 HTTP/1.1" 200 180741 "-" "Mozilla/5.0 (Linux; Android 6.0.1; Nexus 5X Build/MMB29P) AppleWebKit/537.36 (KHTML, like Gecko) Chrome/141.0.7390.122 Mobile Safari/537.36 (compatible; GoogleOther)"
207.46.13.86 - - [31/Dec/2025:20:49:15 +0800] "GET /index.php/about-us/company-profile/contents/reform/?a=3891217 HTTP/1.1" 200 199774 "-" "Mozilla/5.0 AppleWebKit/537.36 (KHTML, like Gecko; compatible; bingbot/2.0; +http://www.bing.com/bingbot.htm) Chrome/116.0.1938.76 Safari/537.36"
40.77.167.235 - - [31/Dec/2025:20:49:19 +0800] "GET /index.php/about-us/company-profile/?a=532573 HTTP/1.1" 200 184190 "-" "Mozilla/5.0 AppleWebKit/537.36 (KHTML, like Gecko; compatible; bingbot/2.0; +http://www.bing.com/bingbot.htm) Chrome/116.0.1938.76 Safari/537.36"
66.249.75.226 - - [31/Dec/2025:20:49:27 +0800] "GET /?a=5089728 HTTP/1.1" 200 171048 "-" "Mozilla/5.0 (Linux; Android 6.0.1; Nexus 5X Build/MMB29P) AppleWebKit/537.36 (KHTML, like Gecko) Chrome/141.0.7390.122 Mobile Safari/537.36 (compatible; Googlebot/2.1; +http://www.google.com/bot.html)"
139.135.241.90 - - [31/Dec/2025:20:49:33 +0800] "GET /index.php/products/public-hygiene/personal-care/item/192d-ht-draman-2 HTTP/1.1" 404 3331 "-" "Mozilla/5.0 (Windows NT 10.0; Win64; x64) AppleWebKit/537.36 (KHTML, like Gecko) Chrome/129.0.0.0 Safari/537.36"
89.148.28.37 - - [31/Dec/2025:20:49:34 +0800] "GET /index.php/products/consumer/goodmaid-baby-bio/item/baby-bio-laundry-detergent HTTP/1.1" 404 3331 "-" "Mozilla/5.0 (Windows NT 10.0; Win64; x64) AppleWebKit/537.36 (KHTML, like Gecko) Chrome/129.0.0.0 Safari/537.36"
31.148.37.43 - - [31/Dec/2025:20:49:34 +0800] "GET /index.php/products/public-hygiene/floor-care/item/0210-florestore-2 HTTP/1.1" 404 3331 "-" "Mozilla/5.0 (Windows NT 10.0; Win64; x64) AppleWebKit/537.36 (KHTML, like Gecko) Chrome/129.0.0.0 Safari/537.36"
177.236.62.163 - - [31/Dec/2025:20:49:35 +0800] "GET /index.php/products/consumer/floor-care/item/floor-cleaner HTTP/1.1" 404 3331 "-" "Mozilla/5.0 (Windows NT 10.0; Win64; x64) AppleWebKit/537.36 (KHTML, like Gecko) Chrome/129.0.0.0 Safari/537.36"
189.113.74.127 - - [31/Dec/2025:20:49:36 +0800] "GET /index.php/products/consumer/specialized-cleaners/item/washing-machine-cleaner HTTP/1.1" 404 3331 "-" "Mozilla/5.0 (Windows NT 10.0; Win64; x64) AppleWebKit/537.36 (KHTML, like Gecko) Chrome/129.0.0.0 Safari/537.36"
186.243.20.235 - - [31/Dec/2025:20:49:38 +0800] "GET /index.php/products/public-hygiene/housekeeping/item/100-multi-zap-2 HTTP/1.1" 404 3331 "-" "Mozilla/5.0 (Windows NT 10.0; Win64; x64) AppleWebKit/537.36 (KHTML, like Gecko) Chrome/129.0.0.0 Safari/537.36"
52.167.144.192 - - [31/Dec/2025:20:49:39 +0800] "GET /index.php/about-us/company-profile/?a=515399 HTTP/1.1" 200 186358 "-" "Mozilla/5.0 AppleWebKit/537.36 (KHTML, like Gecko; compatible; bingbot/2.0; +http://www.bing.com/bingbot.htm) Chrome/116.0.1938.76 Safari/537.36"
66.249.75.226 - - [31/Dec/2025:20:49:40 +0800] "GET /?a=3541491 HTTP/1.1" 200 171883 "-" "Mozilla/5.0 (Linux; Android 6.0.1; Nexus 5X Build/MMB29P) AppleWebKit/537.36 (KHTML, like Gecko) Chrome/141.0.7390.122 Mobile Safari/537.36 (compatible; GoogleOther)"
105.106.102.195 - - [31/Dec/2025:20:49:41 +0800] "GET /index.php/products/public-hygiene/floor-care/item/0203-tilecon-seal-2 HTTP/1.1" 404 3331 "-" "Mozilla/5.0 (Windows NT 10.0; Win64; x64) AppleWebKit/537.36 (KHTML, like Gecko) Chrome/129.0.0.0 Safari/537.36"
159.203.179.239 - - [31/Dec/2025:20:49:44 +0800] "GET /index.php/products/global-business HTTP/1.1" 404 3331 "-" "Mozilla/5.0 (Windows NT 10.0; Win64; x64) AppleWebKit/537.36 (KHTML, like Gecko) Chrome/129.0.0.0 Safari/537.36"
5.37.183.49 - - [31/Dec/2025:20:49:46 +0800] "GET /index.php/products/food-sanitation/goodmaid-pro-ware-washing/item/gmp-353-destainer HTTP/1.1" 404 3331 "-" "Mozilla/5.0 (Windows NT 10.0; Win64; x64) AppleWebKit/537.36 (KHTML, like Gecko) Chrome/129.0.0.0 Safari/537.36"
103.179.125.80 - - [31/Dec/2025:20:49:46 +0800] "GET /index.php/products/healthcare-hygiene/dispenser/item/is-9000?category_id=47 HTTP/1.1" 404 3331 "-" "Mozilla/5.0 (Windows NT 10.0; Win64; x64) AppleWebKit/537.36 (KHTML, like Gecko) Chrome/129.0.0.0 Safari/537.36"
40.77.167.18 - - [31/Dec/2025:20:49:46 +0800] "GET /index.php/about-us/company-profile/shop/pg/1005024164/shop/order/make_estimate.aspx/?a=1810931 HTTP/1.1" 200 209292 "-" "Mozilla/5.0 AppleWebKit/537.36 (KHTML, like Gecko; compatible; bingbot/2.0; +http://www.bing.com/bingbot.htm) Chrome/116.0.1938.76 Safari/537.36"
197.184.105.114 - - [31/Dec/2025:20:49:47 +0800] "GET /index.php/products/public-hygiene/laundry-care/item/350-laun-d-2 HTTP/1.1" 404 3331 "-" "Mozilla/5.0 (Windows NT 10.0; Win64; x64) AppleWebKit/537.36 (KHTML, like Gecko) Chrome/129.0.0.0 Safari/537.36"
187.190.193.105 - - [31/Dec/2025:20:49:48 +0800] "GET /index.php/products/food-sanitation/tools-dispensers/item/gmd-500-f-a HTTP/1.1" 404 3331 "-" "Mozilla/5.0 (Windows NT 10.0; Win64; x64) AppleWebKit/537.36 (KHTML, like Gecko) Chrome/129.0.0.0 Safari/537.36"
103.189.201.198 - - [31/Dec/2025:20:49:49 +0800] "GET /index.php/products/public-hygiene/laundry-care/alphaindex/other HTTP/1.1" 404 3331 "-" "Mozilla/5.0 (Windows NT 10.0; Win64; x64) AppleWebKit/537.36 (KHTML, like Gecko) Chrome/129.0.0.0 Safari/537.36"
179.98.187.157 - - [31/Dec/2025:20:49:49 +0800] "GET /index.php/products/consumer/specialized-cleaners/item/oven-cleaner HTTP/1.1" 404 3331 "-" "Mozilla/5.0 (Windows NT 10.0; Win64; x64) AppleWebKit/537.36 (KHTML, like Gecko) Chrome/129.0.0.0 Safari/537.36"
186.219.135.85 - - [31/Dec/2025:20:49:50 +0800] "GET /index.php/shop-now HTTP/1.1" 404 3331 "-" "Mozilla/5.0 (Windows NT 10.0; Win64; x64) AppleWebKit/537.36 (KHTML, like Gecko) Chrome/129.0.0.0 Safari/537.36"
167.172.154.241 - - [31/Dec/2025:20:49:50 +0800] "GET /index.php/products/healthcare-hygiene/dispenser HTTP/1.1" 404 3331 "-" "Mozilla/5.0 (Windows NT 10.0; Win64; x64) AppleWebKit/537.36 (KHTML, like Gecko) Chrome/129.0.0.0 Safari/537.36"
40.77.167.235 - - [31/Dec/2025:20:49:51 +0800] "GET /index.php/about-us/company-profile/?a=2556788 HTTP/1.1" 200 184553 "-" "Mozilla/5.0 AppleWebKit/537.36 (KHTML, like Gecko; compatible; bingbot/2.0; +http://www.bing.com/bingbot.htm) Chrome/116.0.1938.76 Safari/537.36"
216.73.216.14 - - [31/Dec/2025:20:49:53 +0800] "GET /?a=4446912 HTTP/1.1" 200 43887 "-" "Mozilla/5.0 AppleWebKit/537.36 (KHTML, like Gecko; compatible; ClaudeBot/1.0; +claudebot@anthropic.com)"
216.73.216.14 - - [31/Dec/2025:20:49:53 +0800] "GET /?a=4357109 HTTP/1.1" 200 43887 "-" "Mozilla/5.0 AppleWebKit/537.36 (KHTML, like Gecko; compatible; ClaudeBot/1.0; +claudebot@anthropic.com)"
216.73.216.14 - - [31/Dec/2025:20:49:53 +0800] "GET /?a=2538542 HTTP/1.1" 200 43887 "-" "Mozilla/5.0 AppleWebKit/537.36 (KHTML, like Gecko; compatible; ClaudeBot/1.0; +claudebot@anthropic.com)"
151.244.155.25 - - [31/Dec/2025:20:49:53 +0800] "GET /index.php/products/public-hygiene/housekeeping/item/121-deo-gel-2 HTTP/1.1" 404 3331 "-" "Mozilla/5.0 (Windows NT 10.0; Win64; x64) AppleWebKit/537.36 (KHTML, like Gecko) Chrome/129.0.0.0 Safari/537.36"
216.73.216.14 - - [31/Dec/2025:20:49:53 +0800] "GET /?a=1631402 HTTP/1.1" 200 43887 "-" "Mozilla/5.0 AppleWebKit/537.36 (KHTML, like Gecko; compatible; ClaudeBot/1.0; +claudebot@anthropic.com)"
216.73.216.14 - - [31/Dec/2025:20:49:53 +0800] "GET /?a=4936329 HTTP/1.1" 200 43887 "-" "Mozilla/5.0 AppleWebKit/537.36 (KHTML, like Gecko; compatible; ClaudeBot/1.0; +claudebot@anthropic.com)"
216.73.216.14 - - [31/Dec/2025:20:49:54 +0800] "GET /?a=4033035 HTTP/1.1" 200 43887 "-" "Mozilla/5.0 AppleWebKit/537.36 (KHTML, like Gecko; compatible; ClaudeBot/1.0; +claudebot@anthropic.com)"
216.73.216.14 - - [31/Dec/2025:20:49:54 +0800] "GET /?a=1637712 HTTP/1.1" 200 43887 "-" "Mozilla/5.0 AppleWebKit/537.36 (KHTML, like Gecko; compatible; ClaudeBot/1.0; +claudebot@anthropic.com)"
216.73.216.14 - - [31/Dec/2025:20:49:54 +0800] "GET /?a=349440 HTTP/1.1" 200 43887 "-" "Mozilla/5.0 AppleWebKit/537.36 (KHTML, like Gecko; compatible; ClaudeBot/1.0; +claudebot@anthropic.com)"
216.73.216.14 - - [31/Dec/2025:20:49:54 +0800] "GET /?a=4523273 HTTP/1.1" 200 43887 "-" "Mozilla/5.0 AppleWebKit/537.36 (KHTML, like Gecko; compatible; ClaudeBot/1.0; +claudebot@anthropic.com)"
216.73.216.14 - - [31/Dec/2025:20:49:54 +0800] "GET /?a=4257836 HTTP/1.1" 200 43887 "-" "Mozilla/5.0 AppleWebKit/537.36 (KHTML, like Gecko; compatible; ClaudeBot/1.0; +claudebot@anthropic.com)"
216.73.216.14 - - [31/Dec/2025:20:49:54 +0800] "GET /?a=2851233 HTTP/1.1" 200 43887 "-" "Mozilla/5.0 AppleWebKit/537.36 (KHTML, like Gecko; compatible; ClaudeBot/1.0; +claudebot@anthropic.com)"
216.73.216.14 - - [31/Dec/2025:20:49:54 +0800] "GET /?a=5366804 HTTP/1.1" 200 43887 "-" "Mozilla/5.0 AppleWebKit/537.36 (KHTML, like Gecko; compatible; ClaudeBot/1.0; +claudebot@anthropic.com)"
216.73.216.14 - - [31/Dec/2025:20:49:56 +0800] "GET /?a=403730 HTTP/1.1" 200 43871 "-" "Mozilla/5.0 AppleWebKit/537.36 (KHTML, like Gecko; compatible; ClaudeBot/1.0; +claudebot@anthropic.com)"
216.73.216.14 - - [31/Dec/2025:20:49:56 +0800] "GET /?a=2147859 HTTP/1.1" 200 43871 "-" "Mozilla/5.0 AppleWebKit/537.36 (KHTML, like Gecko; compatible; ClaudeBot/1.0; +claudebot@anthropic.com)"
216.73.216.14 - - [31/Dec/2025:20:49:56 +0800] "GET /?a=3162158 HTTP/1.1" 200 43871 "-" "Mozilla/5.0 AppleWebKit/537.36 (KHTML, like Gecko; compatible; ClaudeBot/1.0; +claudebot@anthropic.com)"
216.73.216.14 - - [31/Dec/2025:20:49:56 +0800] "GET /?a=798245 HTTP/1.1" 200 43871 "-" "Mozilla/5.0 AppleWebKit/537.36 (KHTML, like Gecko; compatible; ClaudeBot/1.0; +claudebot@anthropic.com)"
207.46.13.86 - - [31/Dec/2025:20:49:56 +0800] "GET /index.php/about-us/company-profile/?a=538397 HTTP/1.1" 200 185673 "-" "Mozilla/5.0 AppleWebKit/537.36 (KHTML, like Gecko; compatible; bingbot/2.0; +http://www.bing.com/bingbot.htm) Chrome/116.0.1938.76 Safari/537.36"
216.73.216.14 - - [31/Dec/2025:20:49:57 +0800] "GET /?a=3999777 HTTP/1.1" 200 43871 "-" "Mozilla/5.0 AppleWebKit/537.36 (KHTML, like Gecko; compatible; ClaudeBot/1.0; +claudebot@anthropic.com)"
216.73.216.14 - - [31/Dec/2025:20:49:57 +0800] "GET /?a=5132701 HTTP/1.1" 200 43871 "-" "Mozilla/5.0 AppleWebKit/537.36 (KHTML, like Gecko; compatible; ClaudeBot/1.0; +claudebot@anthropic.com)"
216.73.216.14 - - [31/Dec/2025:20:49:57 +0800] "GET /?a=1123257 HTTP/1.1" 200 43871 "-" "Mozilla/5.0 AppleWebKit/537.36 (KHTML, like Gecko; compatible; ClaudeBot/1.0; +claudebot@anthropic.com)"
216.73.216.14 - - [31/Dec/2025:20:49:57 +0800] "GET /?a=3925139 HTTP/1.1" 200 43871 "-" "Mozilla/5.0 AppleWebKit/537.36 (KHTML, like Gecko; compatible; ClaudeBot/1.0; +claudebot@anthropic.com)"
216.73.216.14 - - [31/Dec/2025:20:49:57 +0800] "GET /?a=5390222 HTTP/1.1" 200 43871 "-" "Mozilla/5.0 AppleWebKit/537.36 (KHTML, like Gecko; compatible; ClaudeBot/1.0; +claudebot@anthropic.com)"
216.73.216.14 - - [31/Dec/2025:20:49:57 +0800] "GET /?a=1943372 HTTP/1.1" 200 43871 "-" "Mozilla/5.0 AppleWebKit/537.36 (KHTML, like Gecko; compatible; ClaudeBot/1.0; +claudebot@anthropic.com)"
216.73.216.14 - - [31/Dec/2025:20:49:57 +0800] "GET /?a=5239421 HTTP/1.1" 200 43871 "-" "Mozilla/5.0 AppleWebKit/537.36 (KHTML, like Gecko; compatible; ClaudeBot/1.0; +claudebot@anthropic.com)"
216.73.216.14 - - [31/Dec/2025:20:49:57 +0800] "GET /?a=2599988 HTTP/1.1" 200 43871 "-" "Mozilla/5.0 AppleWebKit/537.36 (KHTML, like Gecko; compatible; ClaudeBot/1.0; +claudebot@anthropic.com)"
216.73.216.14 - - [31/Dec/2025:20:49:57 +0800] "GET /?a=5391292 HTTP/1.1" 200 43871 "-" "Mozilla/5.0 AppleWebKit/537.36 (KHTML, like Gecko; compatible; ClaudeBot/1.0; +claudebot@anthropic.com)"
216.73.216.14 - - [31/Dec/2025:20:49:57 +0800] "GET /?a=4102688 HTTP/1.1" 200 43871 "-" "Mozilla/5.0 AppleWebKit/537.36 (KHTML, like Gecko; compatible; ClaudeBot/1.0; +claudebot@anthropic.com)"
66.249.75.226 - - [31/Dec/2025:20:49:57 +0800] "GET /?a=4967668 HTTP/1.1" 200 176072 "-" "Mozilla/5.0 (Linux; Android 6.0.1; Nexus 5X Build/MMB29P) AppleWebKit/537.36 (KHTML, like Gecko) Chrome/141.0.7390.122 Mobile Safari/537.36 (compatible; Googlebot/2.1; +http://www.google.com/bot.html)"
216.73.216.14 - - [31/Dec/2025:20:49:58 +0800] "GET /?a=3838081 HTTP/1.1" 200 43871 "-" "Mozilla/5.0 AppleWebKit/537.36 (KHTML, like Gecko; compatible; ClaudeBot/1.0; +claudebot@anthropic.com)"
216.73.216.14 - - [31/Dec/2025:20:49:58 +0800] "GET /?a=5108999 HTTP/1.1" 200 43871 "-" "Mozilla/5.0 AppleWebKit/537.36 (KHTML, like Gecko; compatible; ClaudeBot/1.0; +claudebot@anthropic.com)"
216.73.216.14 - - [31/Dec/2025:20:49:58 +0800] "GET /?a=5253851 HTTP/1.1" 200 43871 "-" "Mozilla/5.0 AppleWebKit/537.36 (KHTML, like Gecko; compatible; ClaudeBot/1.0; +claudebot@anthropic.com)"
216.73.216.14 - - [31/Dec/2025:20:49:58 +0800] "GET /?a=5295821 HTTP/1.1" 200 43871 "-" "Mozilla/5.0 AppleWebKit/537.36 (KHTML, like Gecko; compatible; ClaudeBot/1.0; +claudebot@anthropic.com)"
216.73.216.14 - - [31/Dec/2025:20:49:59 +0800] "GET /?a=5452199 HTTP/1.1" 200 43871 "-" "Mozilla/5.0 AppleWebKit/537.36 (KHTML, like Gecko; compatible; ClaudeBot/1.0; +claudebot@anthropic.com)"
216.73.216.14 - - [31/Dec/2025:20:49:59 +0800] "GET /?a=5487636 HTTP/1.1" 200 43871 "-" "Mozilla/5.0 AppleWebKit/537.36 (KHTML, like Gecko; compatible; ClaudeBot/1.0; +claudebot@anthropic.com)"
216.73.216.14 - - [31/Dec/2025:20:49:59 +0800] "GET /?a=3996110 HTTP/1.1" 200 43871 "-" "Mozilla/5.0 AppleWebKit/537.36 (KHTML, like Gecko; compatible; ClaudeBot/1.0; +claudebot@anthropic.com)"
216.73.216.14 - - [31/Dec/2025:20:49:59 +0800] "GET /?a=4788687 HTTP/1.1" 200 43871 "-" "Mozilla/5.0 AppleWebKit/537.36 (KHTML, like Gecko; compatible; ClaudeBot/1.0; +claudebot@anthropic.com)"
216.73.216.14 - - [31/Dec/2025:20:49:59 +0800] "GET /?a=3190734 HTTP/1.1" 200 43871 "-" "Mozilla/5.0 AppleWebKit/537.36 (KHTML, like Gecko; compatible; ClaudeBot/1.0; +claudebot@anthropic.com)"
216.73.216.14 - - [31/Dec/2025:20:49:59 +0800] "GET /?a=691275 HTTP/1.1" 200 43871 "-" "Mozilla/5.0 AppleWebKit/537.36 (KHTML, like Gecko; compatible; ClaudeBot/1.0; +claudebot@anthropic.com)"
216.73.216.14 - - [31/Dec/2025:20:49:59 +0800] "GET /?a=4925999 HTTP/1.1" 200 43871 "-" "Mozilla/5.0 AppleWebKit/537.36 (KHTML, like Gecko; compatible; ClaudeBot/1.0; +claudebot@anthropic.com)"
216.73.216.14 - - [31/Dec/2025:20:49:59 +0800] "GET /?a=3186811 HTTP/1.1" 200 43871 "-" "Mozilla/5.0 AppleWebKit/537.36 (KHTML, like Gecko; compatible; ClaudeBot/1.0; +claudebot@anthropic.com)"
216.73.216.14 - - [31/Dec/2025:20:49:59 +0800] "GET /?a=2509047 HTTP/1.1" 200 43871 "-" "Mozilla/5.0 AppleWebKit/537.36 (KHTML, like Gecko; compatible; ClaudeBot/1.0; +claudebot@anthropic.com)"
216.73.216.14 - - [31/Dec/2025:20:50:00 +0800] "GET /?a=2538489 HTTP/1.1" 200 43871 "-" "Mozilla/5.0 AppleWebKit/537.36 (KHTML, like Gecko; compatible; ClaudeBot/1.0; +claudebot@anthropic.com)"
216.73.216.14 - - [31/Dec/2025:20:50:00 +0800] "GET /?a=5238789 HTTP/1.1" 200 43871 "-" "Mozilla/5.0 AppleWebKit/537.36 (KHTML, like Gecko; compatible; ClaudeBot/1.0; +claudebot@anthropic.com)"
216.73.216.14 - - [31/Dec/2025:20:50:00 +0800] "GET /?a=1717095 HTTP/1.1" 200 43871 "-" "Mozilla/5.0 AppleWebKit/537.36 (KHTML, like Gecko; compatible; ClaudeBot/1.0; +claudebot@anthropic.com)"
216.73.216.14 - - [31/Dec/2025:20:50:00 +0800] "GET /?a=2029391 HTTP/1.1" 200 43871 "-" "Mozilla/5.0 AppleWebKit/537.36 (KHTML, like Gecko; compatible; ClaudeBot/1.0; +claudebot@anthropic.com)"
216.73.216.14 - - [31/Dec/2025:20:50:00 +0800] "GET /?a=5210155 HTTP/1.1" 200 43871 "-" "Mozilla/5.0 AppleWebKit/537.36 (KHTML, like Gecko; compatible; ClaudeBot/1.0; +claudebot@anthropic.com)"
216.73.216.14 - - [31/Dec/2025:20:50:00 +0800] "GET /?a=2974961 HTTP/1.1" 200 43871 "-" "Mozilla/5.0 AppleWebKit/537.36 (KHTML, like Gecko; compatible; ClaudeBot/1.0; +claudebot@anthropic.com)"
216.73.216.14 - - [31/Dec/2025:20:50:00 +0800] "GET /?a=2506898 HTTP/1.1" 200 43871 "-" "Mozilla/5.0 AppleWebKit/537.36 (KHTML, like Gecko; compatible; ClaudeBot/1.0; +claudebot@anthropic.com)"
216.73.216.14 - - [31/Dec/2025:20:50:00 +0800] "GET /?a=1195621 HTTP/1.1" 200 43871 "-" "Mozilla/5.0 AppleWebKit/537.36 (KHTML, like Gecko; compatible; ClaudeBot/1.0; +claudebot@anthropic.com)"
216.73.216.14 - - [31/Dec/2025:20:50:01 +0800] "GET /?a=5112027 HTTP/1.1" 200 43871 "-" "Mozilla/5.0 AppleWebKit/537.36 (KHTML, like Gecko; compatible; ClaudeBot/1.0; +claudebot@anthropic.com)"
216.73.216.14 - - [31/Dec/2025:20:50:01 +0800] "GET /?a=3803891 HTTP/1.1" 200 43871 "-" "Mozilla/5.0 AppleWebKit/537.36 (KHTML, like Gecko; compatible; ClaudeBot/1.0; +claudebot@anthropic.com)"
216.73.216.14 - - [31/Dec/2025:20:50:01 +0800] "GET /?a=5057843 HTTP/1.1" 200 43871 "-" "Mozilla/5.0 AppleWebKit/537.36 (KHTML, like Gecko; compatible; ClaudeBot/1.0; +claudebot@anthropic.com)"
216.73.216.14 - - [31/Dec/2025:20:50:01 +0800] "GET /?a=3895738 HTTP/1.1" 200 43871 "-" "Mozilla/5.0 AppleWebKit/537.36 (KHTML, like Gecko; compatible; ClaudeBot/1.0; +claudebot@anthropic.com)"
216.73.216.14 - - [31/Dec/2025:20:50:01 +0800] "GET /?a=2020081 HTTP/1.1" 200 43871 "-" "Mozilla/5.0 AppleWebKit/537.36 (KHTML, like Gecko; compatible; ClaudeBot/1.0; +claudebot@anthropic.com)"
216.73.216.14 - - [31/Dec/2025:20:50:01 +0800] "GET /?a=3627206 HTTP/1.1" 200 43871 "-" "Mozilla/5.0 AppleWebKit/537.36 (KHTML, like Gecko; compatible; ClaudeBot/1.0; +claudebot@anthropic.com)"
216.73.216.14 - - [31/Dec/2025:20:50:01 +0800] "GET /?a=1570806 HTTP/1.1" 200 43871 "-" "Mozilla/5.0 AppleWebKit/537.36 (KHTML, like Gecko; compatible; ClaudeBot/1.0; +claudebot@anthropic.com)"
52.167.144.171 - - [31/Dec/2025:20:50:05 +0800] "GET /index.php/about-us/company-profile/shop/pg/1AvailableInfo/?a=3246210 HTTP/1.1" 200 196719 "-" "Mozilla/5.0 AppleWebKit/537.36 (KHTML, like Gecko; compatible; bingbot/2.0; +http://www.bing.com/bingbot.htm) Chrome/116.0.1938.76 Safari/537.36"
66.249.75.227 - - [31/Dec/2025:20:50:22 +0800] "GET /?a=4103675 HTTP/1.1" 200 170342 "-" "Mozilla/5.0 (Linux; Android 6.0.1; Nexus 5X Build/MMB29P) AppleWebKit/537.36 (KHTML, like Gecko) Chrome/141.0.7390.122 Mobile Safari/537.36 (compatible; Googlebot/2.1; +http://www.google.com/bot.html)"
66.249.75.227 - - [31/Dec/2025:20:50:38 +0800] "GET /?a=2917114 HTTP/1.1" 200 170538 "-" "Mozilla/5.0 (Linux; Android 6.0.1; Nexus 5X Build/MMB29P) AppleWebKit/537.36 (KHTML, like Gecko) Chrome/141.0.7390.122 Mobile Safari/537.36 (compatible; Googlebot/2.1; +http://www.google.com/bot.html)"
77.83.36.161 - - [31/Dec/2025:20:50:46 +0800] "GET /administrator/index.php HTTP/1.0" 200 14397 "-" "Mozilla/4.0 (compatible; MSIE 7.0; Windows NT 6.0)"
77.83.36.161 - - [31/Dec/2025:20:50:46 +0800] "POST /administrator/index.php HTTP/1.0" 303 - "-" "Mozilla/4.0 (compatible; MSIE 7.0; Windows NT 6.0)"
77.83.36.161 - - [31/Dec/2025:20:50:47 +0800] "GET /administrator/index.php HTTP/1.0" 200 14632 "-" "Mozilla/4.0 (compatible; MSIE 7.0; Windows NT 6.0)"
77.83.36.161 - - [31/Dec/2025:20:50:48 +0800] "POST /administrator/index.php HTTP/1.0" 303 - "-" "Mozilla/4.0 (compatible; MSIE 7.0; Windows NT 6.0)"
20.194.1.13 - - [31/Dec/2025:20:50:49 +0800] "GET / HTTP/1.1" 200 43879 "-" "Mozilla/5.0 AppleWebKit/537.36 (KHTML, like Gecko); compatible; ChatGPT-User/1.0; +https://openai.com/bot"
77.83.36.161 - - [31/Dec/2025:20:50:49 +0800] "GET /administrator/index.php HTTP/1.0" 200 14632 "-" "Mozilla/4.0 (compatible; MSIE 7.0; Windows NT 6.0)"
77.83.36.161 - - [31/Dec/2025:20:50:50 +0800] "POST /administrator/index.php HTTP/1.0" 303 - "-" "Mozilla/4.0 (compatible; MSIE 7.0; Windows NT 6.0)"
77.83.36.161 - - [31/Dec/2025:20:50:51 +0800] "GET /administrator/index.php HTTP/1.0" 200 14632 "-" "Mozilla/4.0 (compatible; MSIE 7.0; Windows NT 6.0)"
77.83.36.161 - - [31/Dec/2025:20:50:52 +0800] "POST /administrator/index.php HTTP/1.0" 303 - "-" "Mozilla/4.0 (compatible; MSIE 7.0; Windows NT 6.0)"
77.83.36.161 - - [31/Dec/2025:20:50:53 +0800] "GET /administrator/index.php HTTP/1.0" 200 14632 "-" "Mozilla/4.0 (compatible; MSIE 7.0; Windows NT 6.0)"
77.83.36.161 - - [31/Dec/2025:20:50:54 +0800] "POST /administrator/index.php HTTP/1.0" 303 - "-" "Mozilla/4.0 (compatible; MSIE 7.0; Windows NT 6.0)"
52.167.144.171 - - [31/Dec/2025:20:50:53 +0800] "GET /index.php/about-us/company-profile/?a=5123841 HTTP/1.1" 200 183595 "-" "Mozilla/5.0 AppleWebKit/537.36 (KHTML, like Gecko; compatible; bingbot/2.0; +http://www.bing.com/bingbot.htm) Chrome/116.0.1938.76 Safari/537.36"
77.83.36.161 - - [31/Dec/2025:20:50:55 +0800] "GET /administrator/index.php HTTP/1.0" 200 14632 "-" "Mozilla/4.0 (compatible; MSIE 7.0; Windows NT 6.0)"
198.199.68.20 - - [31/Dec/2025:20:50:55 +0800] "GET /index.php HTTP/1.1" 200 43896 "-" "Zabbix"
77.83.36.161 - - [31/Dec/2025:20:50:55 +0800] "POST /administrator/index.php HTTP/1.0" 303 - "-" "Mozilla/4.0 (compatible; MSIE 7.0; Windows NT 6.0)"
77.83.36.161 - - [31/Dec/2025:20:50:56 +0800] "GET /administrator/index.php HTTP/1.0" 200 14632 "-" "Mozilla/4.0 (compatible; MSIE 7.0; Windows NT 6.0)"
77.83.36.161 - - [31/Dec/2025:20:50:57 +0800] "POST /administrator/index.php HTTP/1.0" 303 - "-" "Mozilla/4.0 (compatible; MSIE 7.0; Windows NT 6.0)"
77.83.36.161 - - [31/Dec/2025:20:50:58 +0800] "GET /administrator/index.php HTTP/1.0" 200 14632 "-" "Mozilla/4.0 (compatible; MSIE 7.0; Windows NT 6.0)"
77.83.36.161 - - [31/Dec/2025:20:50:59 +0800] "POST /administrator/index.php HTTP/1.0" 303 - "-" "Mozilla/4.0 (compatible; MSIE 7.0; Windows NT 6.0)"
77.83.36.161 - - [31/Dec/2025:20:51:00 +0800] "GET /administrator/index.php HTTP/1.0" 200 14632 "-" "Mozilla/4.0 (compatible; MSIE 7.0; Windows NT 6.0)"
77.83.36.161 - - [31/Dec/2025:20:51:01 +0800] "POST /administrator/index.php HTTP/1.0" 303 - "-" "Mozilla/4.0 (compatible; MSIE 7.0; Windows NT 6.0)"
77.83.36.161 - - [31/Dec/2025:20:51:02 +0800] "GET /administrator/index.php HTTP/1.0" 200 14632 "-" "Mozilla/4.0 (compatible; MSIE 7.0; Windows NT 6.0)"
77.83.36.161 - - [31/Dec/2025:20:51:03 +0800] "POST /administrator/index.php HTTP/1.0" 303 - "-" "Mozilla/4.0 (compatible; MSIE 7.0; Windows NT 6.0)"
77.83.36.161 - - [31/Dec/2025:20:51:04 +0800] "GET /administrator/index.php HTTP/1.0" 200 14632 "-" "Mozilla/4.0 (compatible; MSIE 7.0; Windows NT 6.0)"
66.249.71.71 - - [31/Dec/2025:20:51:04 +0800] "GET /?a=3791664 HTTP/1.1" 200 173512 "-" "Mozilla/5.0 (Linux; Android 6.0.1; Nexus 5X Build/MMB29P) AppleWebKit/537.36 (KHTML, like Gecko) Chrome/141.0.7390.122 Mobile Safari/537.36 (compatible; Googlebot/2.1; +http://www.google.com/bot.html)"
40.77.167.18 - - [31/Dec/2025:20:51:07 +0800] "GET /index.php/about-us/company-profile/?a=4017963 HTTP/1.1" 200 200252 "-" "Mozilla/5.0 AppleWebKit/537.36 (KHTML, like Gecko; compatible; bingbot/2.0; +http://www.bing.com/bingbot.htm) Chrome/116.0.1938.76 Safari/537.36"
66.249.71.70 - - [31/Dec/2025:20:51:10 +0800] "GET /?a=3991850 HTTP/1.1" 200 170912 "-" "Mozilla/5.0 (Linux; Android 6.0.1; Nexus 5X Build/MMB29P) AppleWebKit/537.36 (KHTML, like Gecko) Chrome/141.0.7390.122 Mobile Safari/537.36 (compatible; Googlebot/2.1; +http://www.google.com/bot.html)"
50.17.185.102 - - [31/Dec/2025:20:51:31 +0800] "GET / HTTP/1.1" 200 43871 "-" "FreshpingBot/1.0 (+https://freshping.io/)"
66.249.75.227 - - [31/Dec/2025:20:51:32 +0800] "GET /?a=1701957 HTTP/1.1" 200 170108 "-" "Mozilla/5.0 (Linux; Android 6.0.1; Nexus 5X Build/MMB29P) AppleWebKit/537.36 (KHTML, like Gecko) Chrome/141.0.7390.122 Mobile Safari/537.36 (compatible; GoogleOther)"
207.46.13.86 - - [31/Dec/2025:20:51:34 +0800] "GET /index.php/about-us/company-profile/?a=2726036 HTTP/1.1" 200 182512 "-" "Mozilla/5.0 AppleWebKit/537.36 (KHTML, like Gecko; compatible; bingbot/2.0; +http://www.bing.com/bingbot.htm) Chrome/116.0.1938.76 Safari/537.36"
66.249.71.70 - - [31/Dec/2025:20:51:36 +0800] "GET /?a=3283845 HTTP/1.1" 200 187147 "-" "Mozilla/5.0 (Linux; Android 6.0.1; Nexus 5X Build/MMB29P) AppleWebKit/537.36 (KHTML, like Gecko) Chrome/141.0.7390.122 Mobile Safari/537.36 (compatible; Googlebot/2.1; +http://www.google.com/bot.html)"
157.55.39.192 - - [31/Dec/2025:20:51:41 +0800] "GET /index.php/about-us/company-profile/?a=4586418 HTTP/1.1" 200 197523 "-" "Mozilla/5.0 AppleWebKit/537.36 (KHTML, like Gecko; compatible; bingbot/2.0; +http://www.bing.com/bingbot.htm) Chrome/116.0.1938.76 Safari/537.36"
66.249.71.70 - - [31/Dec/2025:20:51:42 +0800] "GET /?a=595578 HTTP/1.1" 200 174632 "-" "Mozilla/5.0 (Linux; Android 6.0.1; Nexus 5X Build/MMB29P) AppleWebKit/537.36 (KHTML, like Gecko) Chrome/141.0.7390.122 Mobile Safari/537.36 (compatible; Googlebot/2.1; +http://www.google.com/bot.html)"
66.249.75.226 - - [31/Dec/2025:20:51:49 +0800] "GET /?a=3018482 HTTP/1.1" 200 173704 "-" "Mozilla/5.0 (Linux; Android 6.0.1; Nexus 5X Build/MMB29P) AppleWebKit/537.36 (KHTML, like Gecko) Chrome/141.0.7390.122 Mobile Safari/537.36 (compatible; Googlebot/2.1; +http://www.google.com/bot.html)"
130.195.221.163 - - [31/Dec/2025:20:51:54 +0800] "GET /administrator/index.php HTTP/1.1" 200 14397 "-" "Mozilla/5.0 (Windows NT 10.0; WOW64) AppleWebKit/537.36 (KHTML, like Gecko) Chrome/75.0.3770.100 Safari/537.36"
66.249.75.228 - - [31/Dec/2025:20:52:05 +0800] "GET /?a=1519488 HTTP/1.1" 200 171842 "-" "Mozilla/5.0 (Linux; Android 6.0.1; Nexus 5X Build/MMB29P) AppleWebKit/537.36 (KHTML, like Gecko) Chrome/141.0.7390.122 Mobile Safari/537.36 (compatible; Googlebot/2.1; +http://www.google.com/bot.html)"
157.55.39.203 - - [31/Dec/2025:20:52:11 +0800] "GET /index.php/about-us/company-profile/?a=3289232 HTTP/1.1" 200 189003 "-" "Mozilla/5.0 AppleWebKit/537.36 (KHTML, like Gecko; compatible; bingbot/2.0; +http://www.bing.com/bingbot.htm) Chrome/116.0.1938.76 Safari/537.36"
66.249.75.226 - - [31/Dec/2025:20:52:11 +0800] "GET /?a=2022757 HTTP/1.1" 200 177865 "-" "Mozilla/5.0 (Linux; Android 6.0.1; Nexus 5X Build/MMB29P) AppleWebKit/537.36 (KHTML, like Gecko) Chrome/141.0.7390.122 Mobile Safari/537.36 (compatible; Googlebot/2.1; +http://www.google.com/bot.html)"
20.27.94.131 - - [31/Dec/2025:20:52:12 +0800] "GET /?a=3932909 HTTP/1.1" 200 43895 "-" "Mozilla/5.0 AppleWebKit/537.36 (KHTML, like Gecko); compatible; ChatGPT-User/1.0; +https://openai.com/bot"
52.167.144.136 - - [31/Dec/2025:20:52:16 +0800] "GET /index.php/about-us/company-profile/?a=1871725 HTTP/1.1" 200 185294 "-" "Mozilla/5.0 AppleWebKit/537.36 (KHTML, like Gecko; compatible; bingbot/2.0; +http://www.bing.com/bingbot.htm) Chrome/116.0.1938.76 Safari/537.36"
66.249.75.226 - - [31/Dec/2025:20:52:17 +0800] "GET /?a=3473227 HTTP/1.1" 200 173915 "-" "Mozilla/5.0 (Linux; Android 6.0.1; Nexus 5X Build/MMB29P) AppleWebKit/537.36 (KHTML, like Gecko) Chrome/141.0.7390.122 Mobile Safari/537.36 (compatible; Googlebot/2.1; +http://www.google.com/bot.html)"
40.77.167.235 - - [31/Dec/2025:20:52:21 +0800] "GET /index.php/about-us/company-profile/?a=5253983 HTTP/1.1" 200 189248 "-" "Mozilla/5.0 AppleWebKit/537.36 (KHTML, like Gecko; compatible; bingbot/2.0; +http://www.bing.com/bingbot.htm) Chrome/116.0.1938.76 Safari/537.36"
66.249.71.70 - - [31/Dec/2025:20:52:33 +0800] "GET /?a=5206508 HTTP/1.1" 200 174859 "-" "Mozilla/5.0 (Linux; Android 6.0.1; Nexus 5X Build/MMB29P) AppleWebKit/537.36 (KHTML, like Gecko) Chrome/141.0.7390.122 Mobile Safari/537.36 (compatible; Googlebot/2.1; +http://www.google.com/bot.html)"
66.249.72.225 - - [31/Dec/2025:20:52:37 +0800] "GET /index.php//?a=858957 HTTP/1.1" 200 179757 "-" "Mozilla/5.0 (Linux; Android 6.0.1; Nexus 5X Build/MMB29P) AppleWebKit/537.36 (KHTML, like Gecko) Chrome/141.0.7390.122 Mobile Safari/537.36 (compatible; GoogleOther)"
74.7.229.19 - - [31/Dec/2025:20:52:39 +0800] "GET /?a=3932909 HTTP/1.1" 200 43887 "-" "Mozilla/5.0 (Macintosh; Intel Mac OS X 10_15_7) AppleWebKit/537.36 (KHTML, like Gecko) Chrome/131.0.0.0 Safari/537.36; compatible; OAI-SearchBot/1.3; +https://openai.com/searchbot"
66.249.75.226 - - [31/Dec/2025:20:52:41 +0800] "GET /?a=3082450 HTTP/1.1" 200 184174 "-" "Mozilla/5.0 (Linux; Android 6.0.1; Nexus 5X Build/MMB29P) AppleWebKit/537.36 (KHTML, like Gecko) Chrome/141.0.7390.122 Mobile Safari/537.36 (compatible; Googlebot/2.1; +http://www.google.com/bot.html)"
157.55.39.58 - - [31/Dec/2025:20:52:45 +0800] "GET /index.php/about-us/company-profile/?a=2775611 HTTP/1.1" 200 193297 "-" "Mozilla/5.0 AppleWebKit/537.36 (KHTML, like Gecko; compatible; bingbot/2.0; +http://www.bing.com/bingbot.htm) Chrome/116.0.1938.76 Safari/537.36"
66.249.75.226 - - [31/Dec/2025:20:52:45 +0800] "GET /?a=4252589 HTTP/1.1" 200 172580 "-" "Mozilla/5.0 (Linux; Android 6.0.1; Nexus 5X Build/MMB29P) AppleWebKit/537.36 (KHTML, like Gecko) Chrome/141.0.7390.122 Mobile Safari/537.36 (compatible; Googlebot/2.1; +http://www.google.com/bot.html)"
207.46.13.86 - - [31/Dec/2025:20:52:56 +0800] "GET /index.php/about-us/company-profile/?a=3072832 HTTP/1.1" 200 185075 "-" "Mozilla/5.0 AppleWebKit/537.36 (KHTML, like Gecko; compatible; bingbot/2.0; +http://www.bing.com/bingbot.htm) Chrome/116.0.1938.76 Safari/537.36"
185.191.171.4 - - [31/Dec/2025:20:53:00 +0800] "GET /index.php/component/finder/search?Itemid=101 HTTP/1.1" 200 28441 "-" "Mozilla/5.0 (compatible; SemrushBot/7~bl; +http://www.semrush.com/bot.html)"
66.249.75.227 - - [31/Dec/2025:20:53:02 +0800] "GET /?a=1540575 HTTP/1.1" 200 180646 "-" "Mozilla/5.0 (Linux; Android 6.0.1; Nexus 5X Build/MMB29P) AppleWebKit/537.36 (KHTML, like Gecko) Chrome/141.0.7390.122 Mobile Safari/537.36 (compatible; Googlebot/2.1; +http://www.google.com/bot.html)"
66.249.75.226 - - [31/Dec/2025:20:53:08 +0800] "GET /?a=3382685 HTTP/1.1" 200 189556 "-" "Mozilla/5.0 (Linux; Android 6.0.1; Nexus 5X Build/MMB29P) AppleWebKit/537.36 (KHTML, like Gecko) Chrome/141.0.7390.122 Mobile Safari/537.36 (compatible; Googlebot/2.1; +http://www.google.com/bot.html)"
66.249.75.226 - - [31/Dec/2025:20:53:28 +0800] "GET /?a=1396992 HTTP/1.1" 200 177494 "-" "Mozilla/5.0 (Linux; Android 6.0.1; Nexus 5X Build/MMB29P) AppleWebKit/537.36 (KHTML, like Gecko) Chrome/141.0.7390.122 Mobile Safari/537.36 (compatible; Googlebot/2.1; +http://www.google.com/bot.html)"
66.249.75.226 - - [31/Dec/2025:20:53:35 +0800] "GET /?a=2782740 HTTP/1.1" 200 172894 "-" "Mozilla/5.0 (Linux; Android 6.0.1; Nexus 5X Build/MMB29P) AppleWebKit/537.36 (KHTML, like Gecko) Chrome/141.0.7390.122 Mobile Safari/537.36 (compatible; Googlebot/2.1; +http://www.google.com/bot.html)"
66.249.71.70 - - [31/Dec/2025:20:53:49 +0800] "GET /?a=174742 HTTP/1.1" 200 180620 "-" "Mozilla/5.0 (Linux; Android 6.0.1; Nexus 5X Build/MMB29P) AppleWebKit/537.36 (KHTML, like Gecko) Chrome/141.0.7390.122 Mobile Safari/537.36 (compatible; Googlebot/2.1; +http://www.google.com/bot.html)"
66.249.75.226 - - [31/Dec/2025:20:53:53 +0800] "GET /?a=4348768 HTTP/1.1" 200 171529 "-" "Mozilla/5.0 (Linux; Android 6.0.1; Nexus 5X Build/MMB29P) AppleWebKit/537.36 (KHTML, like Gecko) Chrome/141.0.7390.122 Mobile Safari/537.36 (compatible; Googlebot/2.1; +http://www.google.com/bot.html)"
66.249.71.70 - - [31/Dec/2025:20:53:56 +0800] "GET /?a=407844 HTTP/1.1" 200 174062 "-" "Mozilla/5.0 (Linux; Android 6.0.1; Nexus 5X Build/MMB29P) AppleWebKit/537.36 (KHTML, like Gecko) Chrome/141.0.7390.122 Mobile Safari/537.36 (compatible; Googlebot/2.1; +http://www.google.com/bot.html)"
66.249.75.226 - - [31/Dec/2025:20:54:04 +0800] "GET /?a=3772162 HTTP/1.1" 200 177880 "-" "Mozilla/5.0 (Linux; Android 6.0.1; Nexus 5X Build/MMB29P) AppleWebKit/537.36 (KHTML, like Gecko) Chrome/141.0.7390.122 Mobile Safari/537.36 (compatible; Googlebot/2.1; +http://www.google.com/bot.html)"
66.249.75.227 - - [31/Dec/2025:20:54:16 +0800] "GET /?a=2450216 HTTP/1.1" 200 175263 "-" "Mozilla/5.0 (Linux; Android 6.0.1; Nexus 5X Build/MMB29P) AppleWebKit/537.36 (KHTML, like Gecko) Chrome/141.0.7390.122 Mobile Safari/537.36 (compatible; Googlebot/2.1; +http://www.google.com/bot.html)"
52.167.144.136 - - [31/Dec/2025:20:54:17 +0800] "GET /index.php/about-us/company-profile/?a=343096 HTTP/1.1" 200 189944 "-" "Mozilla/5.0 AppleWebKit/537.36 (KHTML, like Gecko; compatible; bingbot/2.0; +http://www.bing.com/bingbot.htm) Chrome/116.0.1938.76 Safari/537.36"
158.47.219.236 - - [31/Dec/2025:20:54:30 +0800] "GET /index.php/sds/download-file/?a=39909 HTTP/1.1" 200 423 "https://www.google.com/" "Mozilla/5.0 (Windows NT 10.0; WOW64) AppleWebKit/537.36 (KHTML, like Gecko) Chrome/132.0.4235.51 Safari/537.36"
66.249.71.70 - - [31/Dec/2025:20:54:35 +0800] "GET /?a=2344481 HTTP/1.1" 200 178128 "-" "Mozilla/5.0 (Linux; Android 6.0.1; Nexus 5X Build/MMB29P) AppleWebKit/537.36 (KHTML, like Gecko) Chrome/141.0.7390.122 Mobile Safari/537.36 (compatible; Googlebot/2.1; +http://www.google.com/bot.html)"
66.249.72.226 - - [31/Dec/2025:20:54:39 +0800] "GET /index.php//?a=5485020 HTTP/1.1" 200 187240 "-" "Mozilla/5.0 (Linux; Android 6.0.1; Nexus 5X Build/MMB29P) AppleWebKit/537.36 (KHTML, like Gecko) Chrome/141.0.7390.122 Mobile Safari/537.36 (compatible; Googlebot/2.1; +http://www.google.com/bot.html)"
66.249.71.70 - - [31/Dec/2025:20:54:48 +0800] "GET /?a=1647122 HTTP/1.1" 200 180725 "-" "Mozilla/5.0 (Linux; Android 6.0.1; Nexus 5X Build/MMB29P) AppleWebKit/537.36 (KHTML, like Gecko) Chrome/141.0.7390.122 Mobile Safari/537.36 (compatible; Googlebot/2.1; +http://www.google.com/bot.html)"
52.167.144.172 - - [31/Dec/2025:20:54:50 +0800] "GET /index.php/about-us/company-profile/?a=3575655 HTTP/1.1" 200 184218 "-" "Mozilla/5.0 AppleWebKit/537.36 (KHTML, like Gecko; compatible; bingbot/2.0; +http://www.bing.com/bingbot.htm) Chrome/116.0.1938.76 Safari/537.36"
66.249.71.6 - - [31/Dec/2025:20:55:03 +0800] "GET /p/usa-53go-519736 HTTP/1.1" 200 184674 "-" "Mozilla/5.0 (Linux; Android 6.0.1; Nexus 5X Build/MMB29P) AppleWebKit/537.36 (KHTML, like Gecko) Chrome/141.0.7390.122 Mobile Safari/537.36 (compatible; Googlebot/2.1; +http://www.google.com/bot.html)"
66.249.75.228 - - [31/Dec/2025:20:55:05 +0800] "GET /?a=1311918 HTTP/1.1" 200 179481 "-" "Mozilla/5.0 (Linux; Android 6.0.1; Nexus 5X Build/MMB29P) AppleWebKit/537.36 (KHTML, like Gecko) Chrome/141.0.7390.122 Mobile Safari/537.36 (compatible; Googlebot/2.1; +http://www.google.com/bot.html)"
66.249.71.71 - - [31/Dec/2025:20:55:09 +0800] "GET /?a=1083228 HTTP/1.1" 200 182985 "-" "Mozilla/5.0 (Linux; Android 6.0.1; Nexus 5X Build/MMB29P) AppleWebKit/537.36 (KHTML, like Gecko) Chrome/141.0.7390.122 Mobile Safari/537.36 (compatible; Googlebot/2.1; +http://www.google.com/bot.html)"
66.249.75.226 - - [31/Dec/2025:20:55:17 +0800] "GET /?a=2792186 HTTP/1.1" 200 185450 "-" "Mozilla/5.0 (Linux; Android 6.0.1; Nexus 5X Build/MMB29P) AppleWebKit/537.36 (KHTML, like Gecko) Chrome/141.0.7390.122 Mobile Safari/537.36 (compatible; Googlebot/2.1; +http://www.google.com/bot.html)"
66.249.75.226 - - [31/Dec/2025:20:55:32 +0800] "GET /?a=5092731 HTTP/1.1" 200 174358 "-" "Mozilla/5.0 (Linux; Android 6.0.1; Nexus 5X Build/MMB29P) AppleWebKit/537.36 (KHTML, like Gecko) Chrome/141.0.7390.122 Mobile Safari/537.36 (compatible; Googlebot/2.1; +http://www.google.com/bot.html)"
66.249.71.70 - - [31/Dec/2025:20:55:42 +0800] "GET /?a=1972981 HTTP/1.1" 200 169932 "-" "Mozilla/5.0 (Linux; Android 6.0.1; Nexus 5X Build/MMB29P) AppleWebKit/537.36 (KHTML, like Gecko) Chrome/141.0.7390.122 Mobile Safari/537.36 (compatible; Googlebot/2.1; +http://www.google.com/bot.html)"
66.249.71.70 - - [31/Dec/2025:20:55:49 +0800] "GET /index.php//?a=4971205 HTTP/1.1" 200 178345 "-" "Mozilla/5.0 (Linux; Android 6.0.1; Nexus 5X Build/MMB29P) AppleWebKit/537.36 (KHTML, like Gecko) Chrome/141.0.7390.122 Mobile Safari/537.36 (compatible; Googlebot/2.1; +http://www.google.com/bot.html)"
198.199.68.20 - - [31/Dec/2025:20:55:50 +0800] "GET /index.php HTTP/1.1" 200 43896 "-" "Zabbix"
40.77.167.235 - - [31/Dec/2025:20:55:50 +0800] "GET /index.php/about-us/company-profile/?a=1551140 HTTP/1.1" 200 185122 "-" "Mozilla/5.0 AppleWebKit/537.36 (KHTML, like Gecko; compatible; bingbot/2.0; +http://www.bing.com/bingbot.htm) Chrome/116.0.1938.76 Safari/537.36"
40.77.167.51 - - [31/Dec/2025:20:55:54 +0800] "GET /index.php/about-us/company-profile/?a=3814439 HTTP/1.1" 200 188683 "-" "Mozilla/5.0 AppleWebKit/537.36 (KHTML, like Gecko; compatible; bingbot/2.0; +http://www.bing.com/bingbot.htm) Chrome/116.0.1938.76 Safari/537.36"
52.167.144.136 - - [31/Dec/2025:20:56:09 +0800] "GET /index.php/about-us/company-profile/?a=231615 HTTP/1.1" 200 189061 "-" "Mozilla/5.0 AppleWebKit/537.36 (KHTML, like Gecko; compatible; bingbot/2.0; +http://www.bing.com/bingbot.htm) Chrome/116.0.1938.76 Safari/537.36"
66.249.75.228 - - [31/Dec/2025:20:56:15 +0800] "GET /?a=1811885 HTTP/1.1" 200 172668 "-" "Mozilla/5.0 (Linux; Android 6.0.1; Nexus 5X Build/MMB29P) AppleWebKit/537.36 (KHTML, like Gecko) Chrome/141.0.7390.122 Mobile Safari/537.36 (compatible; Googlebot/2.1; +http://www.google.com/bot.html)"
50.17.185.102 - - [31/Dec/2025:20:56:27 +0800] "GET / HTTP/1.1" 200 43871 "-" "FreshpingBot/1.0 (+https://freshping.io/)"
66.249.71.64 - - [31/Dec/2025:20:56:40 +0800] "GET /?a=3308592 HTTP/1.1" 200 174544 "-" "Mozilla/5.0 (Linux; Android 6.0.1; Nexus 5X Build/MMB29P) AppleWebKit/537.36 (KHTML, like Gecko) Chrome/141.0.7390.122 Mobile Safari/537.36 (compatible; Googlebot/2.1; +http://www.google.com/bot.html)"
66.249.75.227 - - [31/Dec/2025:20:57:07 +0800] "GET /?a=2887587 HTTP/1.1" 200 174875 "-" "Mozilla/5.0 (Linux; Android 6.0.1; Nexus 5X Build/MMB29P) AppleWebKit/537.36 (KHTML, like Gecko) Chrome/141.0.7390.122 Mobile Safari/537.36 (compatible; Googlebot/2.1; +http://www.google.com/bot.html)"
136.119.129.236 - - [31/Dec/2025:20:57:16 +0800] "HEAD /p/usa-58go-938411 HTTP/1.1" 404 - "-" "Mozilla/5.0 AppleWebKit/537.36 (KHTML, like Gecko); compatible; ShapBot/0.1.0"
40.77.167.25 - - [31/Dec/2025:20:57:19 +0800] "GET /index.php/about-us/company-profile/?a=2134984 HTTP/1.1" 200 192244 "-" "Mozilla/5.0 AppleWebKit/537.36 (KHTML, like Gecko; compatible; bingbot/2.0; +http://www.bing.com/bingbot.htm) Chrome/116.0.1938.76 Safari/537.36"
66.249.71.71 - - [31/Dec/2025:20:57:25 +0800] "GET /?a=1908557 HTTP/1.1" 200 172804 "-" "Mozilla/5.0 (Linux; Android 6.0.1; Nexus 5X Build/MMB29P) AppleWebKit/537.36 (KHTML, like Gecko) Chrome/141.0.7390.122 Mobile Safari/537.36 (compatible; Googlebot/2.1; +http://www.google.com/bot.html)"
66.249.75.226 - - [31/Dec/2025:20:57:31 +0800] "GET /?a=4403234 HTTP/1.1" 200 177812 "-" "Mozilla/5.0 (Linux; Android 6.0.1; Nexus 5X Build/MMB29P) AppleWebKit/537.36 (KHTML, like Gecko) Chrome/141.0.7390.122 Mobile Safari/537.36 (compatible; Googlebot/2.1; +http://www.google.com/bot.html)"
40.77.167.74 - - [31/Dec/2025:20:57:31 +0800] "GET /index.php/about-us/company-profile/?a=2813607 HTTP/1.1" 200 185225 "-" "Mozilla/5.0 AppleWebKit/537.36 (KHTML, like Gecko; compatible; bingbot/2.0; +http://www.bing.com/bingbot.htm) Chrome/116.0.1938.76 Safari/537.36"
66.249.75.226 - - [31/Dec/2025:20:57:35 +0800] "GET /?a=2890914 HTTP/1.1" 200 184702 "-" "Mozilla/5.0 (Linux; Android 6.0.1; Nexus 5X Build/MMB29P) AppleWebKit/537.36 (KHTML, like Gecko) Chrome/141.0.7390.122 Mobile Safari/537.36 (compatible; Googlebot/2.1; +http://www.google.com/bot.html)"
