149.22.93.223 - - [31/Dec/2025:20:10:12 +0800] "GET /templates/yootheme/cache/6b/1982-6be132b7.webp HTTP/1.1" 200 34134 "https://saraya.world/who-we-are" "Mozilla/5.0 (Windows NT 10.0; Win64; x64) AppleWebKit/537.36 (KHTML, like Gecko) Chrome/143.0.0.0 Safari/537.36"
149.22.93.223 - - [31/Dec/2025:20:10:13 +0800] "GET /templates/yootheme/cache/f3/1983-f32e2a43.webp HTTP/1.1" 200 19718 "https://saraya.world/who-we-are" "Mozilla/5.0 (Windows NT 10.0; Win64; x64) AppleWebKit/537.36 (KHTML, like Gecko) Chrome/143.0.0.0 Safari/537.36"
149.22.93.223 - - [31/Dec/2025:20:10:11 +0800] "GET /templates/yootheme/cache/8a/borneoriver-8a45d2b1.webp HTTP/1.1" 200 581564 "https://saraya.world/who-we-are" "Mozilla/5.0 (Windows NT 10.0; Win64; x64) AppleWebKit/537.36 (KHTML, like Gecko) Chrome/143.0.0.0 Safari/537.36"
149.22.93.223 - - [31/Dec/2025:20:10:13 +0800] "GET /templates/yootheme/packages/builder/elements/map/assets/leaflet.css?ver=4.4.3 HTTP/1.1" 200 14994 "https://saraya.world/map" "Mozilla/5.0 (Windows NT 10.0; Win64; x64) AppleWebKit/537.36 (KHTML, like Gecko) Chrome/143.0.0.0 Safari/537.36"
149.22.93.223 - - [31/Dec/2025:20:10:13 +0800] "GET /templates/yootheme/css/theme.update.css?4.4.3 HTTP/1.1" 200 343 "https://saraya.world/map" "Mozilla/5.0 (Windows NT 10.0; Win64; x64) AppleWebKit/537.36 (KHTML, like Gecko) Chrome/143.0.0.0 Safari/537.36"
149.22.93.223 - - [31/Dec/2025:20:10:13 +0800] "GET /templates/yootheme/cache/d0/1971-d0413ecb.webp HTTP/1.1" 200 63992 "https://saraya.world/who-we-are" "Mozilla/5.0 (Windows NT 10.0; Win64; x64) AppleWebKit/537.36 (KHTML, like Gecko) Chrome/143.0.0.0 Safari/537.36"
138.197.102.217 - - [31/Dec/2025:20:10:13 +0800] "GET /.git/config HTTP/1.1" 404 3421 "-" "Mozilla/5.0 (Linux; Android 5.0; SM-G900F Build/LRX21T; wv) AppleWebKit/537.36 (KHTML, like Gecko) Version/4.0 Chrome/45.0.2454.95 Mobile Safari/537.36"
149.22.93.223 - - [31/Dec/2025:20:10:14 +0800] "GET /templates/yootheme/vendor/assets/leaflet/leaflet/dist/leaflet.js?4.4.3 HTTP/1.1" 200 147552 "https://saraya.world/map" "Mozilla/5.0 (Windows NT 10.0; Win64; x64) AppleWebKit/537.36 (KHTML, like Gecko) Chrome/143.0.0.0 Safari/537.36"
149.22.93.223 - - [31/Dec/2025:20:10:13 +0800] "GET /templates/yootheme/css/theme.10.css?1717472224 HTTP/1.1" 200 458476 "https://saraya.world/map" "Mozilla/5.0 (Windows NT 10.0; Win64; x64) AppleWebKit/537.36 (KHTML, like Gecko) Chrome/143.0.0.0 Safari/537.36"
149.22.93.223 - - [31/Dec/2025:20:10:15 +0800] "GET /templates/yootheme/packages/builder/elements/map/app/map-leaflet.min.js?4.4.3 HTTP/1.1" 200 2275 "https://saraya.world/map" "Mozilla/5.0 (Windows NT 10.0; Win64; x64) AppleWebKit/537.36 (KHTML, like Gecko) Chrome/143.0.0.0 Safari/537.36"
149.22.93.223 - - [31/Dec/2025:20:10:16 +0800] "GET /templates/yootheme/cache/a3/logo-a3778331.webp HTTP/1.1" 200 4780 "https://saraya.world/map" "Mozilla/5.0 (Windows NT 10.0; Win64; x64) AppleWebKit/537.36 (KHTML, like Gecko) Chrome/143.0.0.0 Safari/537.36"
149.22.93.223 - - [31/Dec/2025:20:10:16 +0800] "GET /templates/yootheme/cache/19/1995-19061e80.webp HTTP/1.1" 200 54754 "https://saraya.world/who-we-are" "Mozilla/5.0 (Windows NT 10.0; Win64; x64) AppleWebKit/537.36 (KHTML, like Gecko) Chrome/143.0.0.0 Safari/537.36"
149.22.93.223 - - [31/Dec/2025:20:10:16 +0800] "GET /templates/yootheme/cache/c0/2024-c05eac28.webp HTTP/1.1" 200 45032 "https://saraya.world/who-we-are" "Mozilla/5.0 (Windows NT 10.0; Win64; x64) AppleWebKit/537.36 (KHTML, like Gecko) Chrome/143.0.0.0 Safari/537.36"
149.22.93.223 - - [31/Dec/2025:20:10:16 +0800] "GET /templates/yootheme/fonts/font-69e56b73.woff2 HTTP/1.1" 200 21440 "https://saraya.world/templates/yootheme/css/theme.10.css?1717472224" "Mozilla/5.0 (Windows NT 10.0; Win64; x64) AppleWebKit/537.36 (KHTML, like Gecko) Chrome/143.0.0.0 Safari/537.36"
149.22.93.223 - - [31/Dec/2025:20:10:16 +0800] "GET /templates/yootheme/fonts/font-d15f9e40.woff2 HTTP/1.1" 200 21280 "https://saraya.world/templates/yootheme/css/theme.10.css?1717472224" "Mozilla/5.0 (Windows NT 10.0; Win64; x64) AppleWebKit/537.36 (KHTML, like Gecko) Chrome/143.0.0.0 Safari/537.36"
149.22.93.223 - - [31/Dec/2025:20:10:16 +0800] "GET /templates/yootheme/cache/7d/2025-7d676f2d.webp HTTP/1.1" 200 31756 "https://saraya.world/who-we-are" "Mozilla/5.0 (Windows NT 10.0; Win64; x64) AppleWebKit/537.36 (KHTML, like Gecko) Chrome/143.0.0.0 Safari/537.36"
149.22.93.223 - - [31/Dec/2025:20:10:17 +0800] "GET /templates/yootheme/cache/9c/1996-9c340c74.webp HTTP/1.1" 200 54526 "https://saraya.world/who-we-are" "Mozilla/5.0 (Windows NT 10.0; Win64; x64) AppleWebKit/537.36 (KHTML, like Gecko) Chrome/143.0.0.0 Safari/537.36"
149.22.93.223 - - [31/Dec/2025:20:10:16 +0800] "GET /templates/yootheme/cache/e6/buildingverticalbanner-e63c4f9d.webp HTTP/1.1" 200 494438 "https://saraya.world/who-we-are" "Mozilla/5.0 (Windows NT 10.0; Win64; x64) AppleWebKit/537.36 (KHTML, like Gecko) Chrome/143.0.0.0 Safari/537.36"
149.22.93.223 - - [31/Dec/2025:20:10:17 +0800] "GET /templates/yootheme/vendor/assets/leaflet/leaflet/dist/images/marker-icon.png HTTP/1.1" 200 1466 "https://saraya.world/map" "Mozilla/5.0 (Windows NT 10.0; Win64; x64) AppleWebKit/537.36 (KHTML, like Gecko) Chrome/143.0.0.0 Safari/537.36"
149.22.93.223 - - [31/Dec/2025:20:10:17 +0800] "GET /templates/yootheme/cache/4c/2023_3-4cde2fd1.webp HTTP/1.1" 200 14244 "https://saraya.world/who-we-are" "Mozilla/5.0 (Windows NT 10.0; Win64; x64) AppleWebKit/537.36 (KHTML, like Gecko) Chrome/143.0.0.0 Safari/537.36"
149.22.93.223 - - [31/Dec/2025:20:10:17 +0800] "GET /templates/yootheme/vendor/assets/leaflet/leaflet/dist/images/marker-shadow.png HTTP/1.1" 200 618 "https://saraya.world/map" "Mozilla/5.0 (Windows NT 10.0; Win64; x64) AppleWebKit/537.36 (KHTML, like Gecko) Chrome/143.0.0.0 Safari/537.36"
149.22.93.223 - - [31/Dec/2025:20:10:17 +0800] "GET /templates/yootheme/cache/30/2023_2-30a59b5b.webp HTTP/1.1" 200 34278 "https://saraya.world/who-we-are" "Mozilla/5.0 (Windows NT 10.0; Win64; x64) AppleWebKit/537.36 (KHTML, like Gecko) Chrome/143.0.0.0 Safari/537.36"
149.22.93.223 - - [31/Dec/2025:20:10:18 +0800] "GET /templates/yootheme/cache/de/2022_2-dec2368b.webp HTTP/1.1" 200 9624 "https://saraya.world/who-we-are" "Mozilla/5.0 (Windows NT 10.0; Win64; x64) AppleWebKit/537.36 (KHTML, like Gecko) Chrome/143.0.0.0 Safari/537.36"
149.22.93.223 - - [31/Dec/2025:20:10:18 +0800] "GET /templates/yootheme/cache/db/2023-db757c12.webp HTTP/1.1" 200 12778 "https://saraya.world/who-we-are" "Mozilla/5.0 (Windows NT 10.0; Win64; x64) AppleWebKit/537.36 (KHTML, like Gecko) Chrome/143.0.0.0 Safari/537.36"
149.22.93.223 - - [31/Dec/2025:20:10:18 +0800] "GET /templates/yootheme/cache/2a/2001-2a4708b8.webp HTTP/1.1" 200 22578 "https://saraya.world/who-we-are" "Mozilla/5.0 (Windows NT 10.0; Win64; x64) AppleWebKit/537.36 (KHTML, like Gecko) Chrome/143.0.0.0 Safari/537.36"
149.22.93.223 - - [31/Dec/2025:20:10:18 +0800] "GET /templates/yootheme/cache/65/2003-654be9df.webp HTTP/1.1" 200 46900 "https://saraya.world/who-we-are" "Mozilla/5.0 (Windows NT 10.0; Win64; x64) AppleWebKit/537.36 (KHTML, like Gecko) Chrome/143.0.0.0 Safari/537.36"
149.22.93.223 - - [31/Dec/2025:20:10:18 +0800] "GET /templates/yootheme/cache/02/2004-2006-02088403.webp HTTP/1.1" 200 42376 "https://saraya.world/who-we-are" "Mozilla/5.0 (Windows NT 10.0; Win64; x64) AppleWebKit/537.36 (KHTML, like Gecko) Chrome/143.0.0.0 Safari/537.36"
149.22.93.223 - - [31/Dec/2025:20:10:18 +0800] "GET /templates/yootheme/cache/fb/2007-fb522b11.webp HTTP/1.1" 200 26056 "https://saraya.world/who-we-are" "Mozilla/5.0 (Windows NT 10.0; Win64; x64) AppleWebKit/537.36 (KHTML, like Gecko) Chrome/143.0.0.0 Safari/537.36"
149.22.93.223 - - [31/Dec/2025:20:10:18 +0800] "GET /templates/yootheme/cache/31/2006-316cd882.webp HTTP/1.1" 200 54982 "https://saraya.world/who-we-are" "Mozilla/5.0 (Windows NT 10.0; Win64; x64) AppleWebKit/537.36 (KHTML, like Gecko) Chrome/143.0.0.0 Safari/537.36"
149.22.93.223 - - [31/Dec/2025:20:10:19 +0800] "GET /templates/yootheme/cache/07/2008-073b78f6.webp HTTP/1.1" 200 41220 "https://saraya.world/who-we-are" "Mozilla/5.0 (Windows NT 10.0; Win64; x64) AppleWebKit/537.36 (KHTML, like Gecko) Chrome/143.0.0.0 Safari/537.36"
198.199.68.20 - - [31/Dec/2025:20:10:20 +0800] "GET /cocopalm/ HTTP/1.1" 200 19449 "-" "Zabbix"
43.252.212.200 - - [31/Dec/2025:20:10:22 +0800] "GET /images/yootheme/destination-scandinavia-blog-01.jpg HTTP/1.1" 200 247955 "-" "Mozilla/5.0 (Windows; U; Windows NT 5.1; en-US; rv:1.8.1.13) Gecko/20080311 Firefox/2.0.0.13"
149.22.93.223 - - [31/Dec/2025:20:10:22 +0800] "GET /sustainability HTTP/1.1" 200 168416 "https://saraya.world/consumer/naturalproducts" "Mozilla/5.0 (Windows NT 10.0; Win64; x64) AppleWebKit/537.36 (KHTML, like Gecko) Chrome/143.0.0.0 Safari/537.36"
149.22.93.223 - - [31/Dec/2025:20:10:25 +0800] "GET /images/sections/sdgicons/E-WEB-Goal-14.png HTTP/1.1" 200 45702 "https://saraya.world/sustainability" "Mozilla/5.0 (Windows NT 10.0; Win64; x64) AppleWebKit/537.36 (KHTML, like Gecko) Chrome/143.0.0.0 Safari/537.36"
149.22.93.223 - - [31/Dec/2025:20:10:25 +0800] "GET /images/sections/sdgicons/E-WEB-Goal-13.png HTTP/1.1" 200 55183 "https://saraya.world/sustainability" "Mozilla/5.0 (Windows NT 10.0; Win64; x64) AppleWebKit/537.36 (KHTML, like Gecko) Chrome/143.0.0.0 Safari/537.36"
149.22.93.223 - - [31/Dec/2025:20:10:25 +0800] "GET /images/sections/sdgicons/E-WEB-Goal-11.png HTTP/1.1" 206 1 "https://saraya.world/sustainability" "Mozilla/5.0 (Windows NT 10.0; Win64; x64) AppleWebKit/537.36 (KHTML, like Gecko) Chrome/143.0.0.0 Safari/537.36"
149.22.93.223 - - [31/Dec/2025:20:10:25 +0800] "GET /images/sections/sdgicons/E-WEB-Goal-15.png HTTP/1.1" 200 32438 "https://saraya.world/sustainability" "Mozilla/5.0 (Windows NT 10.0; Win64; x64) AppleWebKit/537.36 (KHTML, like Gecko) Chrome/143.0.0.0 Safari/537.36"
149.22.93.223 - - [31/Dec/2025:20:10:26 +0800] "GET /images/sections/sdgicons/E-WEB-Goal-02.png HTTP/1.1" 200 35579 "https://saraya.world/sustainability" "Mozilla/5.0 (Windows NT 10.0; Win64; x64) AppleWebKit/537.36 (KHTML, like Gecko) Chrome/143.0.0.0 Safari/537.36"
149.22.93.223 - - [31/Dec/2025:20:10:26 +0800] "GET /images/sections/sdgicons/E-WEB-Goal-12.png HTTP/1.1" 206 1 "https://saraya.world/sustainability" "Mozilla/5.0 (Windows NT 10.0; Win64; x64) AppleWebKit/537.36 (KHTML, like Gecko) Chrome/143.0.0.0 Safari/537.36"
149.22.93.223 - - [31/Dec/2025:20:10:26 +0800] "GET /images/sections/sdgicons/E-WEB-Goal-11.png HTTP/1.1" 206 18465 "https://saraya.world/sustainability" "Mozilla/5.0 (Windows NT 10.0; Win64; x64) AppleWebKit/537.36 (KHTML, like Gecko) Chrome/143.0.0.0 Safari/537.36"
149.22.93.223 - - [31/Dec/2025:20:10:26 +0800] "GET /images/sections/sdgicons/E-WEB-Goal-12.png HTTP/1.1" 206 31130 "https://saraya.world/sustainability" "Mozilla/5.0 (Windows NT 10.0; Win64; x64) AppleWebKit/537.36 (KHTML, like Gecko) Chrome/143.0.0.0 Safari/537.36"
43.252.212.200 - - [31/Dec/2025:20:10:36 +0800] "GET /images/sections/homebanner/connecthroughlife.jpg HTTP/1.1" 200 151990 "-" "Mozilla/5.0 (Windows; U; Windows NT 5.1; en-US; rv:1.8.1.13) Gecko/20080311 Firefox/2.0.0.13"
198.199.68.20 - - [31/Dec/2025:20:10:35 +0800] "GET / HTTP/1.1" 200 65414 "-" "Zabbix"
43.252.212.200 - - [31/Dec/2025:20:10:42 +0800] "GET /images/sections/consumer/natural-products/home-banner.png HTTP/1.1" 200 3249627 "-" "Mozilla/5.0 (Windows; U; Windows NT 5.1; en-US; rv:1.8.1.13) Gecko/20080311 Firefox/2.0.0.13"
149.22.93.223 - - [31/Dec/2025:20:10:42 +0800] "GET /consumer/naturalproducts HTTP/1.1" 200 239775 "https://www.google.com/" "Mozilla/5.0 (Windows NT 10.0; Win64; x64) AppleWebKit/537.36 (KHTML, like Gecko) Chrome/143.0.0.0 Safari/537.36"
198.199.68.20 - - [31/Dec/2025:20:11:03 +0800] "GET /washbon/ HTTP/1.1" 200 17443 "-" "Zabbix"
198.199.68.20 - - [31/Dec/2025:20:11:06 +0800] "GET /washbon/soap.html HTTP/1.1" 200 13959 "-" "Zabbix"
77.83.36.161 - - [31/Dec/2025:20:11:11 +0800] "GET /administrator/index.php HTTP/1.0" 200 17258 "-" "Mozilla/4.0 (compatible; MSIE 7.0; Windows NT 6.0)"
77.83.36.161 - - [31/Dec/2025:20:11:12 +0800] "POST /administrator/index.php HTTP/1.0" 303 - "-" "Mozilla/4.0 (compatible; MSIE 7.0; Windows NT 6.0)"
77.83.36.161 - - [31/Dec/2025:20:11:13 +0800] "GET /administrator/index.php HTTP/1.0" 200 17493 "-" "Mozilla/4.0 (compatible; MSIE 7.0; Windows NT 6.0)"
77.83.36.161 - - [31/Dec/2025:20:11:14 +0800] "POST /administrator/index.php HTTP/1.0" 303 - "-" "Mozilla/4.0 (compatible; MSIE 7.0; Windows NT 6.0)"
77.83.36.161 - - [31/Dec/2025:20:11:15 +0800] "GET /administrator/index.php HTTP/1.0" 200 17493 "-" "Mozilla/4.0 (compatible; MSIE 7.0; Windows NT 6.0)"
77.83.36.161 - - [31/Dec/2025:20:11:16 +0800] "POST /administrator/index.php HTTP/1.0" 303 - "-" "Mozilla/4.0 (compatible; MSIE 7.0; Windows NT 6.0)"
43.252.212.200 - - [31/Dec/2025:20:11:17 +0800] "GET /images/stories/2025/WAAW2025/G124_World_Antimicrobial_Awareness_Week_2025_Poster_Web_page.jpg HTTP/1.1" 200 193946 "-" "Mozilla/5.0 (Windows; U; Windows NT 5.1; en-US; rv:1.8.1.13) Gecko/20080311 Firefox/2.0.0.13"
47.128.117.84 - - [31/Dec/2025:20:11:16 +0800] "GET /news/healthcare-news/world-amr-awareness-week-2025-act-now-protect-our-present-secure-our-future HTTP/1.1" 200 49905 "-" "Mozilla/5.0 (Linux; Android 5.0) AppleWebKit/537.36 (KHTML, like Gecko) Mobile Safari/537.36 (compatible; Bytespider; spider-feedback@bytedance.com)"
47.128.117.84 - - [31/Dec/2025:20:11:17 +0800] "GET /images/stories/2025/WAAW2025/saraya_waaw2025_poster.png HTTP/1.1" 206 500 "https://mail.saraya.world/news/healthcare-news/world-amr-awareness-week-2025-act-now-protect-our-present-secure-our-future" "Mozilla/5.0 (Linux; Android 5.0) AppleWebKit/537.36 (KHTML, like Gecko) Mobile Safari/537.36 (compatible; Bytespider; spider-feedback@bytedance.com)"
47.128.117.84 - - [31/Dec/2025:20:11:17 +0800] "GET /images/sections/Other/red_download_button.jpg HTTP/1.1" 206 500 "https://mail.saraya.world/news/healthcare-news/world-amr-awareness-week-2025-act-now-protect-our-present-secure-our-future" "Mozilla/5.0 (Linux; Android 5.0) AppleWebKit/537.36 (KHTML, like Gecko) Mobile Safari/537.36 (compatible; Bytespider; spider-feedback@bytedance.com)"
77.83.36.161 - - [31/Dec/2025:20:11:17 +0800] "GET /administrator/index.php HTTP/1.0" 200 17493 "-" "Mozilla/4.0 (compatible; MSIE 7.0; Windows NT 6.0)"
77.83.36.161 - - [31/Dec/2025:20:11:18 +0800] "POST /administrator/index.php HTTP/1.0" 303 - "-" "Mozilla/4.0 (compatible; MSIE 7.0; Windows NT 6.0)"
77.83.36.161 - - [31/Dec/2025:20:11:19 +0800] "GET /administrator/index.php HTTP/1.0" 200 17493 "-" "Mozilla/4.0 (compatible; MSIE 7.0; Windows NT 6.0)"
77.83.36.161 - - [31/Dec/2025:20:11:20 +0800] "POST /administrator/index.php HTTP/1.0" 303 - "-" "Mozilla/4.0 (compatible; MSIE 7.0; Windows NT 6.0)"
77.83.36.161 - - [31/Dec/2025:20:11:21 +0800] "GET /administrator/index.php HTTP/1.0" 200 17493 "-" "Mozilla/4.0 (compatible; MSIE 7.0; Windows NT 6.0)"
77.83.36.161 - - [31/Dec/2025:20:11:22 +0800] "POST /administrator/index.php HTTP/1.0" 303 - "-" "Mozilla/4.0 (compatible; MSIE 7.0; Windows NT 6.0)"
77.83.36.161 - - [31/Dec/2025:20:11:23 +0800] "GET /administrator/index.php HTTP/1.0" 200 17493 "-" "Mozilla/4.0 (compatible; MSIE 7.0; Windows NT 6.0)"
77.83.36.161 - - [31/Dec/2025:20:11:25 +0800] "POST /administrator/index.php HTTP/1.0" 303 - "-" "Mozilla/4.0 (compatible; MSIE 7.0; Windows NT 6.0)"
77.83.36.161 - - [31/Dec/2025:20:11:25 +0800] "GET /administrator/index.php HTTP/1.0" 200 17493 "-" "Mozilla/4.0 (compatible; MSIE 7.0; Windows NT 6.0)"
77.83.36.161 - - [31/Dec/2025:20:11:27 +0800] "POST /administrator/index.php HTTP/1.0" 303 - "-" "Mozilla/4.0 (compatible; MSIE 7.0; Windows NT 6.0)"
43.252.212.200 - - [31/Dec/2025:20:11:27 +0800] "GET /images/stories/2025/0313_CS_oriented_award/2025-03-13-banner.jpg HTTP/1.1" 200 96171 "-" "Mozilla/5.0 (Windows; U; Windows NT 5.1; en-US; rv:1.8.1.13) Gecko/20080311 Firefox/2.0.0.13"
160.224.19.134 - - [31/Dec/2025:20:11:27 +0800] "GET /news/consumer-news/saraya-receives-consumer-oriented-management-excellence-award HTTP/1.1" 200 54332 "-" "Mozilla/5.0 (Linux; Android 8.0; Pixel 2 Build/OPD3.170816.012) AppleWebKit/537.36 (KHTML, like Gecko) Chrome/39.0.8896.1004 Mobile Safari/537.36"
77.83.36.161 - - [31/Dec/2025:20:11:27 +0800] "GET /administrator/index.php HTTP/1.0" 200 17493 "-" "Mozilla/4.0 (compatible; MSIE 7.0; Windows NT 6.0)"
43.252.212.200 - - [31/Dec/2025:20:11:28 +0800] "GET /images/stories/2024/0329_hoscom2024vol.1/hoscom_banner_2024_vol.1.png HTTP/1.1" 200 221090 "-" "Mozilla/5.0 (Windows; U; Windows NT 5.1; en-US; rv:1.8.1.13) Gecko/20080311 Firefox/2.0.0.13"
114.119.135.237 - - [31/Dec/2025:20:11:27 +0800] "GET /news/healthcare-news/hoscom-international-2024-v-1-released HTTP/1.1" 200 48471 "https://mail.saraya.world/news/healthcare-news" "Mozilla/5.0 (Linux; Android 7.0;) AppleWebKit/537.36 (KHTML, like Gecko) Mobile Safari/537.36 (compatible; PetalBot;+https://webmaster.petalsearch.com/site/petalbot)"
77.83.36.161 - - [31/Dec/2025:20:11:29 +0800] "POST /administrator/index.php HTTP/1.0" 303 - "-" "Mozilla/4.0 (compatible; MSIE 7.0; Windows NT 6.0)"
77.83.36.161 - - [31/Dec/2025:20:11:30 +0800] "GET /administrator/index.php HTTP/1.0" 200 17493 "-" "Mozilla/4.0 (compatible; MSIE 7.0; Windows NT 6.0)"
77.83.36.161 - - [31/Dec/2025:20:11:31 +0800] "POST /administrator/index.php HTTP/1.0" 303 - "-" "Mozilla/4.0 (compatible; MSIE 7.0; Windows NT 6.0)"
77.83.36.161 - - [31/Dec/2025:20:11:32 +0800] "GET /administrator/index.php HTTP/1.0" 200 17493 "-" "Mozilla/4.0 (compatible; MSIE 7.0; Windows NT 6.0)"
43.252.212.200 - - [31/Dec/2025:20:11:32 +0800] "GET /images/stories/healthcare_cases/gifu_university_hospital/maindata-photo07.jpg HTTP/1.1" 200 10168 "-" "Mozilla/5.0 (Windows; U; Windows NT 5.1; en-US; rv:1.8.1.13) Gecko/20080311 Firefox/2.0.0.13"
47.128.111.121 - - [31/Dec/2025:20:11:32 +0800] "GET /healthcare/case-study/the-introduction-of-the-rubbing-method-through-a-multilateral-approach HTTP/1.1" 200 66657 "-" "Mozilla/5.0 (Linux; Android 5.0) AppleWebKit/537.36 (KHTML, like Gecko) Mobile Safari/537.36 (compatible; TikTokSpider; ttspider-feedback@tiktok.com)"
43.252.212.200 - - [31/Dec/2025:20:11:32 +0800] "GET /images/stories/2025/0313_CS_oriented_award/2025-03-13-banner.jpg HTTP/1.1" 200 96171 "-" "Mozilla/5.0 (Windows; U; Windows NT 5.1; en-US; rv:1.8.1.13) Gecko/20080311 Firefox/2.0.0.13"
47.128.110.68 - - [31/Dec/2025:20:11:32 +0800] "GET /news/consumer-news/saraya-receives-consumer-oriented-management-excellence-award HTTP/1.1" 200 54332 "-" "Mozilla/5.0 (Linux; Android 5.0) AppleWebKit/537.36 (KHTML, like Gecko) Mobile Safari/537.36 (compatible; TikTokSpider; ttspider-feedback@tiktok.com)"
43.252.212.200 - - [31/Dec/2025:20:11:48 +0800] "GET /images/sections/homebanner/connecthroughlife.jpg HTTP/1.1" 200 151990 "-" "Mozilla/5.0 (Windows; U; Windows NT 5.1; en-US; rv:1.8.1.13) Gecko/20080311 Firefox/2.0.0.13"
50.17.185.102 - - [31/Dec/2025:20:11:47 +0800] "GET / HTTP/1.1" 200 65414 "-" "FreshpingBot/1.0 (+https://freshping.io/)"
137.184.198.182 - - [31/Dec/2025:20:13:37 +0800] "GET /consumer/reading-room-c/saraya-europe-at-natexpo-2019 HTTP/1.1" 404 1281 "-" "Mozilla/5.0 (Windows NT 10.0; Win64; x64) AppleWebKit/537.36 (KHTML, like Gecko) Chrome/129.0.0.0 Safari/537.36"
161.35.105.92 - - [31/Dec/2025:20:13:40 +0800] "GET /consumer/reading-room-c/jida-selects-yashinomi-premium-power-for-its-design-museum-selection-vol-20 HTTP/1.1" 404 1281 "-" "Mozilla/5.0 (Windows NT 10.0; Win64; x64) AppleWebKit/537.36 (KHTML, like Gecko) Chrome/129.0.0.0 Safari/537.36"
157.230.182.193 - - [31/Dec/2025:20:13:41 +0800] "GET /professional/professional-products/hand-hygiene-professional/bottle HTTP/1.1" 404 1281 "-" "Mozilla/5.0 (Windows NT 10.0; Win64; x64) AppleWebKit/537.36 (KHTML, like Gecko) Chrome/129.0.0.0 Safari/537.36"
95.25.34.53 - - [31/Dec/2025:20:13:42 +0800] "GET /consumer/reading-room-c/participation-in-china-beauty-expo-2014 HTTP/1.1" 404 1281 "-" "Mozilla/5.0 (Windows NT 10.0; Win64; x64) AppleWebKit/537.36 (KHTML, like Gecko) Chrome/129.0.0.0 Safari/537.36"
123.17.186.101 - - [31/Dec/2025:20:13:46 +0800] "GET /healthcare/reading-room-h/antimicrobial-resistance-causes-consequences-and-how-to-fight-it HTTP/1.1" 404 1281 "-" "Mozilla/5.0 (Windows NT 10.0; Win64; x64) AppleWebKit/537.36 (KHTML, like Gecko) Chrome/129.0.0.0 Safari/537.36"
149.255.195.22 - - [31/Dec/2025:20:13:49 +0800] "GET /consumer/reading-room-c/louis-pasteur-a-pioneer-in-the-procedures-of-disinfection-sterilisation-and-pasteurization HTTP/1.1" 404 1281 "-" "Mozilla/5.0 (Windows NT 10.0; Win64; x64) AppleWebKit/537.36 (KHTML, like Gecko) Chrome/129.0.0.0 Safari/537.36"
45.186.215.59 - - [31/Dec/2025:20:13:54 +0800] "GET /consumer/reading-room-c/lakanto-s-story-2-what-s-monk-fruit HTTP/1.1" 404 1281 "-" "Mozilla/5.0 (Windows NT 10.0; Win64; x64) AppleWebKit/537.36 (KHTML, like Gecko) Chrome/129.0.0.0 Safari/537.36"
149.255.192.6 - - [31/Dec/2025:20:13:55 +0800] "GET /consumer/products-consumers/hygiene/curclean-pg-guard-medical-toothpaste HTTP/1.1" 404 1281 "-" "Mozilla/5.0 (Windows NT 10.0; Win64; x64) AppleWebKit/537.36 (KHTML, like Gecko) Chrome/129.0.0.0 Safari/537.36"
68.183.102.107 - - [31/Dec/2025:20:13:59 +0800] "GET /healthcare/reading-room-h/the-making-of-alsoft-saraya-s-signature-alcohol-hand-sanitizer HTTP/1.1" 404 1281 "-" "Mozilla/5.0 (Windows NT 10.0; Win64; x64) AppleWebKit/537.36 (KHTML, like Gecko) Chrome/129.0.0.0 Safari/537.36"
206.81.6.24 - - [31/Dec/2025:20:14:00 +0800] "GET /consumer/products-consumers/baby/arau-baby-stretch-mark-cream HTTP/1.1" 404 1281 "-" "Mozilla/5.0 (Windows NT 10.0; Win64; x64) AppleWebKit/537.36 (KHTML, like Gecko) Chrome/129.0.0.0 Safari/537.36"
116.99.248.243 - - [31/Dec/2025:20:14:00 +0800] "GET /healthcare/reading-room-h/who-global-survey-on-ipc-and-hand-hygiene-open-until-nov-16th HTTP/1.1" 404 1281 "-" "Mozilla/5.0 (Windows NT 10.0; Win64; x64) AppleWebKit/537.36 (KHTML, like Gecko) Chrome/129.0.0.0 Safari/537.36"
189.4.77.113 - - [31/Dec/2025:20:14:01 +0800] "GET /healthcare/healthcare-products/others/medical-needle-disposal-box HTTP/1.1" 404 1287 "-" "Mozilla/5.0 (Windows NT 10.0; Win64; x64) AppleWebKit/537.36 (KHTML, like Gecko) Chrome/129.0.0.0 Safari/537.36"
67.207.82.221 - - [31/Dec/2025:20:14:08 +0800] "GET /news/hoscom-international/hoscom-international-2024-v-3-released HTTP/1.1" 404 1281 "-" "Mozilla/5.0 (Windows NT 10.0; Win64; x64) AppleWebKit/537.36 (KHTML, like Gecko) Chrome/129.0.0.0 Safari/537.36"
43.252.212.200 - - [31/Dec/2025:20:14:12 +0800] "GET /images/sections/homebanner/connecthroughlife.jpg HTTP/1.1" 200 151990 "-" "Mozilla/5.0 (Windows; U; Windows NT 5.1; en-US; rv:1.8.1.13) Gecko/20080311 Firefox/2.0.0.13"
103.217.190.140 - - [31/Dec/2025:20:14:12 +0800] "GET /index.php?m=Admin&c=Login&a=index HTTP/1.1" 200 65447 "-" "Mozilla/5.0 (Windows NT 10.0; WOW64; rv:48.0) Gecko/20100101 Firefox/48.0"
43.252.212.200 - - [31/Dec/2025:20:14:20 +0800] "GET /images/sections/homebanner/connecthroughlife.jpg HTTP/1.1" 200 151990 "-" "Mozilla/5.0 (Windows; U; Windows NT 5.1; en-US; rv:1.8.1.13) Gecko/20080311 Firefox/2.0.0.13"
72.14.201.95 - - [31/Dec/2025:20:14:20 +0800] "GET / HTTP/1.1" 200 65414 "https://www.google.com/" "Mozilla/5.0 (Windows NT 10.0; Win64; x64) AppleWebKit/537.36 (KHTML, like Gecko) Chrome/143.0.0.0 Safari/537.36"
43.252.212.200 - - [31/Dec/2025:20:14:52 +0800] "GET /images/sections/herobanners/healthcarehero.jpg HTTP/1.1" 200 639025 "-" "Mozilla/5.0 (Windows; U; Windows NT 5.1; en-US; rv:1.8.1.13) Gecko/20080311 Firefox/2.0.0.13"
66.249.71.97 - - [31/Dec/2025:20:14:52 +0800] "GET /healthcare HTTP/1.1" 200 85406 "-" "Mozilla/5.0 (compatible; Googlebot/2.1; +http://www.google.com/bot.html)"
66.249.69.168 - - [31/Dec/2025:20:14:55 +0800] "GET /media/vendor/awesomplete/css/awesomplete.css?1.1.5 HTTP/1.1" 200 1925 "https://saraya.world/healthcare" "Mozilla/5.0 AppleWebKit/537.36 (KHTML, like Gecko; compatible; Googlebot/2.1; +http://www.google.com/bot.html) Chrome/141.0.7390.122 Safari/537.36"
66.249.71.102 - - [31/Dec/2025:20:14:59 +0800] "GET /images/sections/SVG-icons/Healthcare_icon_2.svg HTTP/1.1" 200 1050 "https://saraya.world/healthcare" "Mozilla/5.0 AppleWebKit/537.36 (KHTML, like Gecko; compatible; Googlebot/2.1; +http://www.google.com/bot.html) Chrome/141.0.7390.122 Safari/537.36"
146.70.165.140 - - [31/Dec/2025:20:14:56 +0800] "GET /news HTTP/1.1" 200 886777 "-" "Mozilla/5.0 (Windows NT 10.0; Win64; x64) AppleWebKit/537.36 (KHTML, like Gecko) Chrome/141.0.0.0 Safari/537.36 Edg/141.0.0.0"
161.0.31.22 - - [31/Dec/2025:20:15:01 +0800] "GET /news?format=feed&type=rss HTTP/1.1" 200 296791 "-" "Mozilla/5.0 (Macintosh; Intel Mac OS X 10_15_7) AppleWebKit/537.36 (KHTML, like Gecko) Chrome/140.0.0.0 Safari/537.36"
198.199.68.20 - - [31/Dec/2025:20:15:09 +0800] "GET /arau/ HTTP/1.1" 200 14549 "-" "Zabbix"
198.199.68.20 - - [31/Dec/2025:20:15:17 +0800] "GET /cocopalm/ HTTP/1.1" 200 19449 "-" "Zabbix"
43.252.212.200 - - [31/Dec/2025:20:15:35 +0800] "GET /images/sections/homebanner/connecthroughlife.jpg HTTP/1.1" 200 151990 "-" "Mozilla/5.0 (Windows; U; Windows NT 5.1; en-US; rv:1.8.1.13) Gecko/20080311 Firefox/2.0.0.13"
198.199.68.20 - - [31/Dec/2025:20:15:35 +0800] "GET / HTTP/1.1" 200 65414 "-" "Zabbix"
198.199.68.20 - - [31/Dec/2025:20:16:07 +0800] "GET /washbon/ HTTP/1.1" 200 17443 "-" "Zabbix"
198.199.68.20 - - [31/Dec/2025:20:16:12 +0800] "GET /washbon/soap.html HTTP/1.1" 200 13959 "-" "Zabbix"
43.252.212.200 - - [31/Dec/2025:20:16:27 +0800] "GET /images/sections/homebanner/connecthroughlife.jpg HTTP/1.1" 200 151990 "-" "Mozilla/5.0 (Windows; U; Windows NT 5.1; en-US; rv:1.8.1.13) Gecko/20080311 Firefox/2.0.0.13"
50.17.185.102 - - [31/Dec/2025:20:16:27 +0800] "GET / HTTP/1.1" 200 65414 "-" "FreshpingBot/1.0 (+https://freshping.io/)"
40.77.167.73 - - [31/Dec/2025:20:16:48 +0800] "GET /images/stories/2025/CleanHospitalsDay/CleanHospitals%20Posters%202025_with%20logo_VN.pdf HTTP/1.1" 200 31552896 "-" "Mozilla/5.0 AppleWebKit/537.36 (KHTML, like Gecko; compatible; bingbot/2.0; +http://www.bing.com/bingbot.htm) Chrome/116.0.1938.76 Safari/537.36"
43.252.212.200 - - [31/Dec/2025:20:17:09 +0800] "GET /images/products/consumer/arau-foam-facial-soap-150ml.png HTTP/1.1" 200 145733 "-" "Mozilla/5.0 (Windows; U; Windows NT 5.1; en-US; rv:1.8.1.13) Gecko/20080311 Firefox/2.0.0.13"
152.39.241.172 - - [31/Dec/2025:20:17:08 +0800] "GET /consumer/products-consumers/beauty/arau-foam-facial-soap HTTP/1.1" 200 51810 "-" "Mozilla/5.0 (Linux; Android 6.0; Nexus 5 Build/MRA58N) AppleWebKit/537.36 (KHTML, like Gecko) Chrome/41.0.4455.1490 Mobile Safari/537.36"
43.252.212.200 - - [31/Dec/2025:20:18:07 +0800] "GET /images/stories/healthcare_cases/okazaki_city_hospital/maindata_photo23.jpg HTTP/1.1" 200 79240 "-" "Mozilla/5.0 (Windows; U; Windows NT 5.1; en-US; rv:1.8.1.13) Gecko/20080311 Firefox/2.0.0.13"
104.250.53.52 - - [31/Dec/2025:20:18:06 +0800] "GET /healthcare/case-study/sponge-brush-contributes-for-reducing-the-number-of-vap-cases HTTP/1.1" 200 52958 "-" "Mozilla/5.0 (Macintosh; Intel Mac OS X 10_15_7) AppleWebKit/537.36 (KHTML, like Gecko) Chrome/109.0.0.0 Safari/537.36"
43.252.212.200 - - [31/Dec/2025:20:18:24 +0800] "GET /images/stories/2025/WAAW2025/G124_World_Antimicrobial_Awareness_Week_2025_Poster_Web_page.jpg HTTP/1.1" 200 193946 "-" "Mozilla/5.0 (Windows; U; Windows NT 5.1; en-US; rv:1.8.1.13) Gecko/20080311 Firefox/2.0.0.13"
47.128.111.142 - - [31/Dec/2025:20:18:23 +0800] "GET /news/healthcare-news/world-amr-awareness-week-2025-act-now-protect-our-present-secure-our-future HTTP/1.1" 200 49905 "-" "Mozilla/5.0 (Linux; Android 5.0) AppleWebKit/537.36 (KHTML, like Gecko) Mobile Safari/537.36 (compatible; TikTokSpider; ttspider-feedback@tiktok.com)"
43.252.212.200 - - [31/Dec/2025:20:18:25 +0800] "GET /images/products/consumer/arau-foam-facial-soap-150ml.png HTTP/1.1" 200 145733 "-" "Mozilla/5.0 (Windows; U; Windows NT 5.1; en-US; rv:1.8.1.13) Gecko/20080311 Firefox/2.0.0.13"
47.128.122.131 - - [31/Dec/2025:20:18:25 +0800] "GET /consumer/products-consumers/beauty/arau-foam-facial-soap HTTP/1.1" 200 51320 "-" "Mozilla/5.0 (Linux; Android 5.0) AppleWebKit/537.36 (KHTML, like Gecko) Mobile Safari/537.36 (compatible; TikTokSpider; ttspider-feedback@tiktok.com)"
47.128.111.142 - - [31/Dec/2025:20:18:25 +0800] "GET /images/stories/2025/WAAW2025/saraya_waaw2025_poster.png HTTP/1.1" 206 500 "https://mail.saraya.world/news/healthcare-news/world-amr-awareness-week-2025-act-now-protect-our-present-secure-our-future" "Mozilla/5.0 (Linux; Android 5.0) AppleWebKit/537.36 (KHTML, like Gecko) Mobile Safari/537.36 (compatible; TikTokSpider; ttspider-feedback@tiktok.com)"
47.128.111.142 - - [31/Dec/2025:20:18:25 +0800] "GET /images/sections/Other/red_download_button.jpg HTTP/1.1" 206 500 "https://mail.saraya.world/news/healthcare-news/world-amr-awareness-week-2025-act-now-protect-our-present-secure-our-future" "Mozilla/5.0 (Linux; Android 5.0) AppleWebKit/537.36 (KHTML, like Gecko) Mobile Safari/537.36 (compatible; TikTokSpider; ttspider-feedback@tiktok.com)"
43.252.212.200 - - [31/Dec/2025:20:18:49 +0800] "GET /images/products/professional/protwin.png HTTP/1.1" 200 163450 "-" "Mozilla/5.0 (Windows; U; Windows NT 5.1; en-US; rv:1.8.1.13) Gecko/20080311 Firefox/2.0.0.13"
47.237.164.4 - - [31/Dec/2025:20:18:48 +0800] "GET /professional/professional-products/hygiene-management/protwin HTTP/1.1" 200 15670 "https://saraya.world/professional/professional-products/hygiene-management/protwin" "Mozilla/5.0 (Windows NT 10.0; Win64; x64) AppleWebKit/537.36 (KHTML, like Gecko) Chrome/116.0.0.0 Safari/537.36"
Sindbad File Manager Version 1.0, Coded By Sindbad EG ~ The Terrorists