Sindbad~EG File Manager
43.252.212.200 - - [31/Dec/2025:20:05:00 +0800] "GET /images/products/consumer/lakanto_zerocaloriehardcandy_strawberriesandcream.png HTTP/1.1" 200 527003 "-" "Mozilla/5.0 (Windows; U; Windows NT 5.1; en-US; rv:1.8.1.13) Gecko/20080311 Firefox/2.0.0.13"
66.249.69.167 - - [31/Dec/2025:20:04:59 +0800] "GET /consumer/products-consumers/food/lakanto-candy-strawberries-and-cream-flavor HTTP/1.1" 200 47702 "-" "Mozilla/5.0 (Linux; Android 6.0.1; Nexus 5X Build/MMB29P) AppleWebKit/537.36 (KHTML, like Gecko) Chrome/141.0.7390.122 Mobile Safari/537.36 (compatible; Googlebot/2.1; +http://www.google.com/bot.html)"
198.199.68.20 - - [31/Dec/2025:20:05:09 +0800] "GET /arau/ HTTP/1.1" 200 14549 "-" "Zabbix"
156.231.90.143 - - [31/Dec/2025:20:05:14 +0800] "GET /templates/yootheme/cache/95/raceforwater-953e5f49.jpeg HTTP/1.1" 200 31819 "-" "Mozilla/5.0 (compatible; crawler)"
198.199.68.20 - - [31/Dec/2025:20:05:18 +0800] "GET /cocopalm/ HTTP/1.1" 200 19449 "-" "Zabbix"
43.252.212.200 - - [31/Dec/2025:20:05:30 +0800] "GET /images/stories/2025/0313_CS_oriented_award/2025-03-13-banner.jpg HTTP/1.1" 200 96171 "-" "Mozilla/5.0 (Windows; U; Windows NT 5.1; en-US; rv:1.8.1.13) Gecko/20080311 Firefox/2.0.0.13"
47.128.49.235 - - [31/Dec/2025:20:05:30 +0800] "GET /news/consumer-news/saraya-receives-consumer-oriented-management-excellence-award HTTP/1.1" 200 54332 "-" "Mozilla/5.0 (Linux; Android 5.0) AppleWebKit/537.36 (KHTML, like Gecko) Mobile Safari/537.36 (compatible; Bytespider; spider-feedback@bytedance.com)"
43.252.212.200 - - [31/Dec/2025:20:05:36 +0800] "GET /images/sections/homebanner/connecthroughlife.jpg HTTP/1.1" 200 151990 "-" "Mozilla/5.0 (Windows; U; Windows NT 5.1; en-US; rv:1.8.1.13) Gecko/20080311 Firefox/2.0.0.13"
198.199.68.20 - - [31/Dec/2025:20:05:36 +0800] "GET / HTTP/1.1" 200 65414 "-" "Zabbix"
43.252.212.200 - - [31/Dec/2025:20:05:45 +0800] "GET /images/stories/healthcare_cases/gifu_university_hospital/maindata-photo07.jpg HTTP/1.1" 200 10168 "-" "Mozilla/5.0 (Windows; U; Windows NT 5.1; en-US; rv:1.8.1.13) Gecko/20080311 Firefox/2.0.0.13"
160.224.118.137 - - [31/Dec/2025:20:05:45 +0800] "GET /healthcare/case-study/the-introduction-of-the-rubbing-method-through-a-multilateral-approach HTTP/1.1" 200 66657 "-" "Mozilla/5.0 (iPhone; CPU iPhone OS 11_0 like Mac OS X) AppleWebKit/537.36 (KHTML, like Gecko) Chrome/54.0.8454.1155 Mobile Safari/537.36"
198.199.68.20 - - [31/Dec/2025:20:06:04 +0800] "GET /washbon/ HTTP/1.1" 200 17443 "-" "Zabbix"
198.199.68.20 - - [31/Dec/2025:20:06:06 +0800] "GET /washbon/soap.html HTTP/1.1" 200 13959 "-" "Zabbix"
43.252.212.200 - - [31/Dec/2025:20:06:12 +0800] "GET /images/sections/homebanner/connecthroughlife.jpg HTTP/1.1" 200 151990 "-" "Mozilla/5.0 (Windows; U; Windows NT 5.1; en-US; rv:1.8.1.13) Gecko/20080311 Firefox/2.0.0.13"
50.17.185.102 - - [31/Dec/2025:20:06:12 +0800] "GET / HTTP/1.1" 200 65414 "-" "FreshpingBot/1.0 (+https://freshping.io/)"
43.252.212.200 - - [31/Dec/2025:20:06:27 +0800] "GET /images/products/healthcare/power-quick-multitype-enzyme-cleaner-4l.png HTTP/1.1" 200 257831 "-" "Mozilla/5.0 (Windows; U; Windows NT 5.1; en-US; rv:1.8.1.13) Gecko/20080311 Firefox/2.0.0.13"
116.179.32.95 - - [31/Dec/2025:20:06:27 +0800] "GET /healthcare/healthcare-products/medical-device-reprocessing/power-quick-multitype-enzyme-cleaner HTTP/1.1" 200 54738 "-" "Mozilla/5.0 (compatible; Baiduspider/2.0; +http://www.baidu.com/search/spider.html)"
43.252.212.200 - - [31/Dec/2025:20:06:30 +0800] "GET /images/products/consumer/happy-elephant-laundry-powder-1.2kg.png HTTP/1.1" 200 384391 "-" "Mozilla/5.0 (Windows; U; Windows NT 5.1; en-US; rv:1.8.1.13) Gecko/20080311 Firefox/2.0.0.13"
72.14.201.228 - - [31/Dec/2025:20:06:30 +0800] "GET /consumer/products-consumers/cleaning-consumer/happy-elephant-laundry-powder HTTP/1.1" 200 51790 "https://www.google.com/" "Mozilla/5.0 (Windows NT 10.0; Win64; x64) AppleWebKit/537.36 (KHTML, like Gecko) Chrome/143.0.0.0 Safari/537.36"
116.179.37.155 - - [31/Dec/2025:20:06:33 +0800] "GET /media/system/js/core.min.js?3b2c7481f479d57ca6a59403341a2e378a288779 HTTP/1.1" 200 7681 "https://mail.saraya.world/healthcare/healthcare-products/medical-device-reprocessing/power-quick-multitype-enzyme-cleaner" "Mozilla/5.0 (compatible; Baiduspider-render/2.0; +http://www.baidu.com/search/spider.html)"
116.179.37.12 - - [31/Dec/2025:20:06:33 +0800] "GET /media/system/js/messages.min.js?7425e8d1cb9e4f061d5e30271d6d99b085344117 HTTP/1.1" 200 5419 "https://mail.saraya.world/healthcare/healthcare-products/medical-device-reprocessing/power-quick-multitype-enzyme-cleaner" "Mozilla/5.0 (compatible; Baiduspider-render/2.0; +http://www.baidu.com/search/spider.html)"
149.22.93.223 - - [31/Dec/2025:20:06:42 +0800] "GET /media/system/css/joomla-fontawesome.min.css?ver=4.4.3 HTTP/1.1" 200 75886 "https://saraya.world/consumer/products-consumers/cleaning-consumer/happy-elephant-laundry-powder" "Mozilla/5.0 (Windows NT 10.0; Win64; x64) AppleWebKit/537.36 (KHTML, like Gecko) Chrome/143.0.0.0 Safari/537.36"
149.22.93.223 - - [31/Dec/2025:20:06:42 +0800] "GET /media/vendor/awesomplete/css/awesomplete.css?1.1.5 HTTP/1.1" 200 1925 "https://saraya.world/consumer/products-consumers/cleaning-consumer/happy-elephant-laundry-powder" "Mozilla/5.0 (Windows NT 10.0; Win64; x64) AppleWebKit/537.36 (KHTML, like Gecko) Chrome/143.0.0.0 Safari/537.36"
149.22.93.223 - - [31/Dec/2025:20:06:42 +0800] "GET /media/vendor/joomla-custom-elements/css/joomla-alert.min.css?0.2.0 HTTP/1.1" 200 3964 "https://saraya.world/consumer/products-consumers/cleaning-consumer/happy-elephant-laundry-powder" "Mozilla/5.0 (Windows NT 10.0; Win64; x64) AppleWebKit/537.36 (KHTML, like Gecko) Chrome/143.0.0.0 Safari/537.36"
149.22.93.223 - - [31/Dec/2025:20:06:42 +0800] "GET /media/com_jce/site/css/content.min.css?badb4208be409b1335b815dde676300e HTTP/1.1" 200 8234 "https://saraya.world/consumer/products-consumers/cleaning-consumer/happy-elephant-laundry-powder" "Mozilla/5.0 (Windows NT 10.0; Win64; x64) AppleWebKit/537.36 (KHTML, like Gecko) Chrome/143.0.0.0 Safari/537.36"
149.22.93.223 - - [31/Dec/2025:20:06:43 +0800] "GET /templates/yootheme/css/custom.css?4.4.3 HTTP/1.1" 200 8292 "https://saraya.world/consumer/products-consumers/cleaning-consumer/happy-elephant-laundry-powder" "Mozilla/5.0 (Windows NT 10.0; Win64; x64) AppleWebKit/537.36 (KHTML, like Gecko) Chrome/143.0.0.0 Safari/537.36"
149.22.93.223 - - [31/Dec/2025:20:06:44 +0800] "GET /media/system/js/core.min.js?3b2c7481f479d57ca6a59403341a2e378a288779 HTTP/1.1" 200 7681 "https://saraya.world/consumer/products-consumers/cleaning-consumer/happy-elephant-laundry-powder" "Mozilla/5.0 (Windows NT 10.0; Win64; x64) AppleWebKit/537.36 (KHTML, like Gecko) Chrome/143.0.0.0 Safari/537.36"
149.22.93.223 - - [31/Dec/2025:20:06:43 +0800] "GET /templates/yootheme/css/theme.9.css?1717472295 HTTP/1.1" 200 504182 "https://saraya.world/consumer/products-consumers/cleaning-consumer/happy-elephant-laundry-powder" "Mozilla/5.0 (Windows NT 10.0; Win64; x64) AppleWebKit/537.36 (KHTML, like Gecko) Chrome/143.0.0.0 Safari/537.36"
149.22.93.223 - - [31/Dec/2025:20:06:44 +0800] "GET /media/com_finder/js/finder.min.js?29fe670bb180ec95c613a0e6aa6df738d9de97d4 HTTP/1.1" 200 1289 "https://saraya.world/consumer/products-consumers/cleaning-consumer/happy-elephant-laundry-powder" "Mozilla/5.0 (Windows NT 10.0; Win64; x64) AppleWebKit/537.36 (KHTML, like Gecko) Chrome/143.0.0.0 Safari/537.36"
149.22.93.223 - - [31/Dec/2025:20:06:45 +0800] "GET /media/system/js/messages.min.js?7425e8d1cb9e4f061d5e30271d6d99b085344117 HTTP/1.1" 200 5419 "https://saraya.world/consumer/products-consumers/cleaning-consumer/happy-elephant-laundry-powder" "Mozilla/5.0 (Windows NT 10.0; Win64; x64) AppleWebKit/537.36 (KHTML, like Gecko) Chrome/143.0.0.0 Safari/537.36"
149.22.93.223 - - [31/Dec/2025:20:06:45 +0800] "GET /templates/yootheme/vendor/assets/uikit/dist/js/uikit.min.js?4.4.3 HTTP/1.1" 200 146576 "https://saraya.world/consumer/products-consumers/cleaning-consumer/happy-elephant-laundry-powder" "Mozilla/5.0 (Windows NT 10.0; Win64; x64) AppleWebKit/537.36 (KHTML, like Gecko) Chrome/143.0.0.0 Safari/537.36"
149.22.93.223 - - [31/Dec/2025:20:06:45 +0800] "GET /templates/yootheme/vendor/assets/uikit/dist/js/uikit-icons-fjord.min.js?4.4.3 HTTP/1.1" 200 69417 "https://saraya.world/consumer/products-consumers/cleaning-consumer/happy-elephant-laundry-powder" "Mozilla/5.0 (Windows NT 10.0; Win64; x64) AppleWebKit/537.36 (KHTML, like Gecko) Chrome/143.0.0.0 Safari/537.36"
149.22.93.223 - - [31/Dec/2025:20:06:45 +0800] "GET /templates/yootheme/js/theme.js?4.4.3 HTTP/1.1" 200 1589 "https://saraya.world/consumer/products-consumers/cleaning-consumer/happy-elephant-laundry-powder" "Mozilla/5.0 (Windows NT 10.0; Win64; x64) AppleWebKit/537.36 (KHTML, like Gecko) Chrome/143.0.0.0 Safari/537.36"
149.22.93.223 - - [31/Dec/2025:20:06:46 +0800] "GET /templates/yootheme/cache/98/happy-elephant-laundry-powder-1.2kg-983f4e68.webp HTTP/1.1" 200 121582 "https://saraya.world/consumer/products-consumers/cleaning-consumer/happy-elephant-laundry-powder" "Mozilla/5.0 (Windows NT 10.0; Win64; x64) AppleWebKit/537.36 (KHTML, like Gecko) Chrome/143.0.0.0 Safari/537.36"
149.22.93.223 - - [31/Dec/2025:20:06:47 +0800] "GET /templates/yootheme/cache/20/happy-elephant-laundry-liquid-600ml-20c13d76.webp HTTP/1.1" 200 7724 "https://saraya.world/consumer/products-consumers/cleaning-consumer/happy-elephant-laundry-powder" "Mozilla/5.0 (Windows NT 10.0; Win64; x64) AppleWebKit/537.36 (KHTML, like Gecko) Chrome/143.0.0.0 Safari/537.36"
149.22.93.223 - - [31/Dec/2025:20:06:47 +0800] "GET /templates/yootheme/cache/55/happy-elephant-bathroom-cleaner-400ml-55de9e99.webp HTTP/1.1" 200 10598 "https://saraya.world/consumer/products-consumers/cleaning-consumer/happy-elephant-laundry-powder" "Mozilla/5.0 (Windows NT 10.0; Win64; x64) AppleWebKit/537.36 (KHTML, like Gecko) Chrome/143.0.0.0 Safari/537.36"
149.22.93.223 - - [31/Dec/2025:20:06:47 +0800] "GET /templates/yootheme/cache/ab/happy-elephant-auto-dishwasher-420ml-abe1b824.webp HTTP/1.1" 200 7342 "https://saraya.world/consumer/products-consumers/cleaning-consumer/happy-elephant-laundry-powder" "Mozilla/5.0 (Windows NT 10.0; Win64; x64) AppleWebKit/537.36 (KHTML, like Gecko) Chrome/143.0.0.0 Safari/537.36"
149.22.93.223 - - [31/Dec/2025:20:06:47 +0800] "GET /templates/yootheme/cache/36/happy-elephant-fabric-softener-600ml-36c8890d.webp HTTP/1.1" 200 7478 "https://saraya.world/consumer/products-consumers/cleaning-consumer/happy-elephant-laundry-powder" "Mozilla/5.0 (Windows NT 10.0; Win64; x64) AppleWebKit/537.36 (KHTML, like Gecko) Chrome/143.0.0.0 Safari/537.36"
149.22.93.223 - - [31/Dec/2025:20:06:47 +0800] "GET /media/vendor/awesomplete/js/awesomplete.min.js?1.1.5 HTTP/1.1" 200 7480 "https://saraya.world/consumer/products-consumers/cleaning-consumer/happy-elephant-laundry-powder" "Mozilla/5.0 (Windows NT 10.0; Win64; x64) AppleWebKit/537.36 (KHTML, like Gecko) Chrome/143.0.0.0 Safari/537.36"
149.22.93.223 - - [31/Dec/2025:20:06:47 +0800] "GET /templates/yootheme/vendor/assets/uikit-themes/master-fjord/images/tiles-background-image-noise.png HTTP/1.1" 200 926 "https://saraya.world/templates/yootheme/css/theme.9.css?1717472295" "Mozilla/5.0 (Windows NT 10.0; Win64; x64) AppleWebKit/537.36 (KHTML, like Gecko) Chrome/143.0.0.0 Safari/537.36"
149.22.93.223 - - [31/Dec/2025:20:06:48 +0800] "GET /templates/yootheme/cache/59/happy-elephant-laundry-powder-1.2kg-5992bd32.webp HTTP/1.1" 200 5962 "https://saraya.world/consumer/products-consumers/cleaning-consumer/happy-elephant-laundry-powder" "Mozilla/5.0 (Windows NT 10.0; Win64; x64) AppleWebKit/537.36 (KHTML, like Gecko) Chrome/143.0.0.0 Safari/537.36"
149.22.93.223 - - [31/Dec/2025:20:06:48 +0800] "GET /images/sarayahqlogo.svg HTTP/1.1" 200 1785 "https://saraya.world/consumer/products-consumers/cleaning-consumer/happy-elephant-laundry-powder" "Mozilla/5.0 (Windows NT 10.0; Win64; x64) AppleWebKit/537.36 (KHTML, like Gecko) Chrome/143.0.0.0 Safari/537.36"
149.22.93.223 - - [31/Dec/2025:20:06:48 +0800] "GET /templates/yootheme/packages/theme-cookie/app/cookie.min.js?4.4.3 HTTP/1.1" 200 1771 "https://saraya.world/consumer/products-consumers/cleaning-consumer/happy-elephant-laundry-powder" "Mozilla/5.0 (Windows NT 10.0; Win64; x64) AppleWebKit/537.36 (KHTML, like Gecko) Chrome/143.0.0.0 Safari/537.36"
149.22.93.223 - - [31/Dec/2025:20:06:48 +0800] "GET /images/sarayahqlogo_w.svg HTTP/1.1" 200 1778 "https://saraya.world/consumer/products-consumers/cleaning-consumer/happy-elephant-laundry-powder" "Mozilla/5.0 (Windows NT 10.0; Win64; x64) AppleWebKit/537.36 (KHTML, like Gecko) Chrome/143.0.0.0 Safari/537.36"
149.22.93.223 - - [31/Dec/2025:20:06:48 +0800] "GET /images/sections/SVG-icons/Healthcare_icon_3_32.svg HTTP/1.1" 200 1250 "https://saraya.world/consumer/products-consumers/cleaning-consumer/happy-elephant-laundry-powder" "Mozilla/5.0 (Windows NT 10.0; Win64; x64) AppleWebKit/537.36 (KHTML, like Gecko) Chrome/143.0.0.0 Safari/537.36"
149.22.93.223 - - [31/Dec/2025:20:06:48 +0800] "GET /images/sections/SVG-icons/Healthcare_icon_1_32.svg HTTP/1.1" 200 1505 "https://saraya.world/consumer/products-consumers/cleaning-consumer/happy-elephant-laundry-powder" "Mozilla/5.0 (Windows NT 10.0; Win64; x64) AppleWebKit/537.36 (KHTML, like Gecko) Chrome/143.0.0.0 Safari/537.36"
149.22.93.223 - - [31/Dec/2025:20:06:48 +0800] "GET /images/sections/SVG-icons/Healthcare_icon_2_32.svg HTTP/1.1" 200 856 "https://saraya.world/consumer/products-consumers/cleaning-consumer/happy-elephant-laundry-powder" "Mozilla/5.0 (Windows NT 10.0; Win64; x64) AppleWebKit/537.36 (KHTML, like Gecko) Chrome/143.0.0.0 Safari/537.36"
149.22.93.223 - - [31/Dec/2025:20:06:48 +0800] "GET /images/sections/SVG-icons/Healthcare_icon_6_32.svg HTTP/1.1" 200 2330 "https://saraya.world/consumer/products-consumers/cleaning-consumer/happy-elephant-laundry-powder" "Mozilla/5.0 (Windows NT 10.0; Win64; x64) AppleWebKit/537.36 (KHTML, like Gecko) Chrome/143.0.0.0 Safari/537.36"
149.22.93.223 - - [31/Dec/2025:20:06:49 +0800] "GET /images/sections/SVG-icons/Healthcare_icon_5_32.svg HTTP/1.1" 200 1793 "https://saraya.world/consumer/products-consumers/cleaning-consumer/happy-elephant-laundry-powder" "Mozilla/5.0 (Windows NT 10.0; Win64; x64) AppleWebKit/537.36 (KHTML, like Gecko) Chrome/143.0.0.0 Safari/537.36"
149.22.93.223 - - [31/Dec/2025:20:06:49 +0800] "GET /images/sections/SVG-icons/Healthcare_icon_4_32.svg HTTP/1.1" 200 1650 "https://saraya.world/consumer/products-consumers/cleaning-consumer/happy-elephant-laundry-powder" "Mozilla/5.0 (Windows NT 10.0; Win64; x64) AppleWebKit/537.36 (KHTML, like Gecko) Chrome/143.0.0.0 Safari/537.36"
149.22.93.223 - - [31/Dec/2025:20:06:49 +0800] "GET /images/sections/SVG-icons/Professional_icon_1_32.svg HTTP/1.1" 200 1504 "https://saraya.world/consumer/products-consumers/cleaning-consumer/happy-elephant-laundry-powder" "Mozilla/5.0 (Windows NT 10.0; Win64; x64) AppleWebKit/537.36 (KHTML, like Gecko) Chrome/143.0.0.0 Safari/537.36"
149.22.93.223 - - [31/Dec/2025:20:06:49 +0800] "GET /images/sections/SVG-icons/Professional_icon_2_32.svg HTTP/1.1" 200 1130 "https://saraya.world/consumer/products-consumers/cleaning-consumer/happy-elephant-laundry-powder" "Mozilla/5.0 (Windows NT 10.0; Win64; x64) AppleWebKit/537.36 (KHTML, like Gecko) Chrome/143.0.0.0 Safari/537.36"
149.22.93.223 - - [31/Dec/2025:20:06:49 +0800] "GET /images/sections/SVG-icons/Consumer_icon_1_32.svg HTTP/1.1" 200 1114 "https://saraya.world/consumer/products-consumers/cleaning-consumer/happy-elephant-laundry-powder" "Mozilla/5.0 (Windows NT 10.0; Win64; x64) AppleWebKit/537.36 (KHTML, like Gecko) Chrome/143.0.0.0 Safari/537.36"
149.22.93.223 - - [31/Dec/2025:20:06:49 +0800] "GET /images/sections/SVG-icons/Consumer_icon_3_32.svg HTTP/1.1" 200 1227 "https://saraya.world/consumer/products-consumers/cleaning-consumer/happy-elephant-laundry-powder" "Mozilla/5.0 (Windows NT 10.0; Win64; x64) AppleWebKit/537.36 (KHTML, like Gecko) Chrome/143.0.0.0 Safari/537.36"
149.22.93.223 - - [31/Dec/2025:20:06:49 +0800] "GET /images/sections/SVG-icons/Consumer_icon_2_32.svg HTTP/1.1" 200 1133 "https://saraya.world/consumer/products-consumers/cleaning-consumer/happy-elephant-laundry-powder" "Mozilla/5.0 (Windows NT 10.0; Win64; x64) AppleWebKit/537.36 (KHTML, like Gecko) Chrome/143.0.0.0 Safari/537.36"
149.22.93.223 - - [31/Dec/2025:20:06:49 +0800] "GET /images/sections/flags/australia.png HTTP/1.1" 200 24946 "https://saraya.world/consumer/products-consumers/cleaning-consumer/happy-elephant-laundry-powder" "Mozilla/5.0 (Windows NT 10.0; Win64; x64) AppleWebKit/537.36 (KHTML, like Gecko) Chrome/143.0.0.0 Safari/537.36"
149.22.93.223 - - [31/Dec/2025:20:06:50 +0800] "GET /images/sections/flags/cambodia.png HTTP/1.1" 200 16325 "https://saraya.world/consumer/products-consumers/cleaning-consumer/happy-elephant-laundry-powder" "Mozilla/5.0 (Windows NT 10.0; Win64; x64) AppleWebKit/537.36 (KHTML, like Gecko) Chrome/143.0.0.0 Safari/537.36"
149.22.93.223 - - [31/Dec/2025:20:06:50 +0800] "GET /images/sections/flags/russia.png HTTP/1.1" 200 16583 "https://saraya.world/consumer/products-consumers/cleaning-consumer/happy-elephant-laundry-powder" "Mozilla/5.0 (Windows NT 10.0; Win64; x64) AppleWebKit/537.36 (KHTML, like Gecko) Chrome/143.0.0.0 Safari/537.36"
149.22.93.223 - - [31/Dec/2025:20:06:50 +0800] "GET /images/sections/flags/china.png HTTP/1.1" 200 24360 "https://saraya.world/consumer/products-consumers/cleaning-consumer/happy-elephant-laundry-powder" "Mozilla/5.0 (Windows NT 10.0; Win64; x64) AppleWebKit/537.36 (KHTML, like Gecko) Chrome/143.0.0.0 Safari/537.36"
149.22.93.223 - - [31/Dec/2025:20:06:50 +0800] "GET /images/sections/flags/european.png HTTP/1.1" 200 31756 "https://saraya.world/consumer/products-consumers/cleaning-consumer/happy-elephant-laundry-powder" "Mozilla/5.0 (Windows NT 10.0; Win64; x64) AppleWebKit/537.36 (KHTML, like Gecko) Chrome/143.0.0.0 Safari/537.36"
149.22.93.223 - - [31/Dec/2025:20:06:50 +0800] "GET /images/sections/flags/malaysia.png HTTP/1.1" 200 24073 "https://saraya.world/consumer/products-consumers/cleaning-consumer/happy-elephant-laundry-powder" "Mozilla/5.0 (Windows NT 10.0; Win64; x64) AppleWebKit/537.36 (KHTML, like Gecko) Chrome/143.0.0.0 Safari/537.36"
149.22.93.223 - - [31/Dec/2025:20:06:51 +0800] "GET /images/sections/flags/vietnam.png HTTP/1.1" 200 21043 "https://saraya.world/consumer/products-consumers/cleaning-consumer/happy-elephant-laundry-powder" "Mozilla/5.0 (Windows NT 10.0; Win64; x64) AppleWebKit/537.36 (KHTML, like Gecko) Chrome/143.0.0.0 Safari/537.36"
149.22.93.223 - - [31/Dec/2025:20:06:51 +0800] "GET /images/sections/flags/japan.png HTTP/1.1" 200 19206 "https://saraya.world/consumer/products-consumers/cleaning-consumer/happy-elephant-laundry-powder" "Mozilla/5.0 (Windows NT 10.0; Win64; x64) AppleWebKit/537.36 (KHTML, like Gecko) Chrome/143.0.0.0 Safari/537.36"
149.22.93.223 - - [31/Dec/2025:20:06:51 +0800] "GET /images/sections/flags/kenya.png HTTP/1.1" 200 24087 "https://saraya.world/consumer/products-consumers/cleaning-consumer/happy-elephant-laundry-powder" "Mozilla/5.0 (Windows NT 10.0; Win64; x64) AppleWebKit/537.36 (KHTML, like Gecko) Chrome/143.0.0.0 Safari/537.36"
149.22.93.223 - - [31/Dec/2025:20:06:51 +0800] "GET /images/sections/flags/south-korea.png HTTP/1.1" 200 24047 "https://saraya.world/consumer/products-consumers/cleaning-consumer/happy-elephant-laundry-powder" "Mozilla/5.0 (Windows NT 10.0; Win64; x64) AppleWebKit/537.36 (KHTML, like Gecko) Chrome/143.0.0.0 Safari/537.36"
149.22.93.223 - - [31/Dec/2025:20:06:51 +0800] "GET /images/sections/flags/egypt.png HTTP/1.1" 200 18879 "https://saraya.world/consumer/products-consumers/cleaning-consumer/happy-elephant-laundry-powder" "Mozilla/5.0 (Windows NT 10.0; Win64; x64) AppleWebKit/537.36 (KHTML, like Gecko) Chrome/143.0.0.0 Safari/537.36"
149.22.93.223 - - [31/Dec/2025:20:06:51 +0800] "GET /images/sections/flags/india.png HTTP/1.1" 200 16612 "https://saraya.world/consumer/products-consumers/cleaning-consumer/happy-elephant-laundry-powder" "Mozilla/5.0 (Windows NT 10.0; Win64; x64) AppleWebKit/537.36 (KHTML, like Gecko) Chrome/143.0.0.0 Safari/537.36"
149.22.93.223 - - [31/Dec/2025:20:06:51 +0800] "GET /images/sections/flags/new-zealand.png HTTP/1.1" 200 22901 "https://saraya.world/consumer/products-consumers/cleaning-consumer/happy-elephant-laundry-powder" "Mozilla/5.0 (Windows NT 10.0; Win64; x64) AppleWebKit/537.36 (KHTML, like Gecko) Chrome/143.0.0.0 Safari/537.36"
149.22.93.223 - - [31/Dec/2025:20:06:52 +0800] "GET /images/sections/flags/thailand.png HTTP/1.1" 200 17004 "https://saraya.world/consumer/products-consumers/cleaning-consumer/happy-elephant-laundry-powder" "Mozilla/5.0 (Windows NT 10.0; Win64; x64) AppleWebKit/537.36 (KHTML, like Gecko) Chrome/143.0.0.0 Safari/537.36"
149.22.93.223 - - [31/Dec/2025:20:06:52 +0800] "GET /images/sections/flags/ukraine.png HTTP/1.1" 200 15867 "https://saraya.world/consumer/products-consumers/cleaning-consumer/happy-elephant-laundry-powder" "Mozilla/5.0 (Windows NT 10.0; Win64; x64) AppleWebKit/537.36 (KHTML, like Gecko) Chrome/143.0.0.0 Safari/537.36"
149.22.93.223 - - [31/Dec/2025:20:06:52 +0800] "GET /images/sections/flags/uganda.png HTTP/1.1" 200 22912 "https://saraya.world/consumer/products-consumers/cleaning-consumer/happy-elephant-laundry-powder" "Mozilla/5.0 (Windows NT 10.0; Win64; x64) AppleWebKit/537.36 (KHTML, like Gecko) Chrome/143.0.0.0 Safari/537.36"
149.22.93.223 - - [31/Dec/2025:20:06:52 +0800] "GET /images/sections/flags/taiwan.png HTTP/1.1" 200 24264 "https://saraya.world/consumer/products-consumers/cleaning-consumer/happy-elephant-laundry-powder" "Mozilla/5.0 (Windows NT 10.0; Win64; x64) AppleWebKit/537.36 (KHTML, like Gecko) Chrome/143.0.0.0 Safari/537.36"
149.22.93.223 - - [31/Dec/2025:20:06:52 +0800] "GET /templates/yootheme/vendor/assets/uikit-themes/master-fjord/images/section-background-image-noise.png HTTP/1.1" 200 926 "https://saraya.world/templates/yootheme/css/theme.9.css?1717472295" "Mozilla/5.0 (Windows NT 10.0; Win64; x64) AppleWebKit/537.36 (KHTML, like Gecko) Chrome/143.0.0.0 Safari/537.36"
149.22.93.223 - - [31/Dec/2025:20:06:53 +0800] "GET /templates/yootheme/fonts/lusitana-bf91c95d.woff2 HTTP/1.1" 200 11728 "https://saraya.world/templates/yootheme/css/theme.9.css?1717472295" "Mozilla/5.0 (Windows NT 10.0; Win64; x64) AppleWebKit/537.36 (KHTML, like Gecko) Chrome/143.0.0.0 Safari/537.36"
149.22.93.223 - - [31/Dec/2025:20:06:53 +0800] "GET /templates/yootheme/fonts/raleway-d7ebfbd0.woff2 HTTP/1.1" 200 22744 "https://saraya.world/templates/yootheme/css/theme.9.css?1717472295" "Mozilla/5.0 (Windows NT 10.0; Win64; x64) AppleWebKit/537.36 (KHTML, like Gecko) Chrome/143.0.0.0 Safari/537.36"
149.22.93.223 - - [31/Dec/2025:20:06:53 +0800] "GET /templates/yootheme/fonts/raleway-a4ca5b63.woff2 HTTP/1.1" 200 22076 "https://saraya.world/templates/yootheme/css/theme.9.css?1717472295" "Mozilla/5.0 (Windows NT 10.0; Win64; x64) AppleWebKit/537.36 (KHTML, like Gecko) Chrome/143.0.0.0 Safari/537.36"
149.22.93.223 - - [31/Dec/2025:20:06:53 +0800] "GET /templates/yootheme/fonts/raleway-aae49359.woff2 HTTP/1.1" 200 22416 "https://saraya.world/templates/yootheme/css/theme.9.css?1717472295" "Mozilla/5.0 (Windows NT 10.0; Win64; x64) AppleWebKit/537.36 (KHTML, like Gecko) Chrome/143.0.0.0 Safari/537.36"
149.22.93.223 - - [31/Dec/2025:20:06:54 +0800] "GET /images/sfavicon.png HTTP/1.1" 200 1934 "https://saraya.world/consumer/products-consumers/cleaning-consumer/happy-elephant-laundry-powder" "Mozilla/5.0 (Windows NT 10.0; Win64; x64) AppleWebKit/537.36 (KHTML, like Gecko) Chrome/143.0.0.0 Safari/537.36"
103.115.199.141 - - [31/Dec/2025:20:07:06 +0800] "GET /consumer/reading-room-c/participation-in-china-beauty-expo-2014 HTTP/1.1" 404 1281 "-" "Mozilla/5.0 (Windows NT 10.0; Win64; x64) AppleWebKit/537.36 (KHTML, like Gecko) Chrome/129.0.0.0 Safari/537.36"
167.172.128.91 - - [31/Dec/2025:20:07:07 +0800] "GET /consumer/reading-room-c/lakanto-s-story-2-what-s-monk-fruit HTTP/1.1" 404 1281 "-" "Mozilla/5.0 (Windows NT 10.0; Win64; x64) AppleWebKit/537.36 (KHTML, like Gecko) Chrome/129.0.0.0 Safari/537.36"
37.114.179.175 - - [31/Dec/2025:20:07:11 +0800] "GET /consumer/reading-room-c/louis-pasteur-a-pioneer-in-the-procedures-of-disinfection-sterilisation-and-pasteurization HTTP/1.1" 404 1281 "-" "Mozilla/5.0 (Windows NT 10.0; Win64; x64) AppleWebKit/537.36 (KHTML, like Gecko) Chrome/129.0.0.0 Safari/537.36"
64.227.3.108 - - [31/Dec/2025:20:07:12 +0800] "GET /consumer/products-consumers/baby/arau-baby-stretch-mark-cream HTTP/1.1" 404 1281 "-" "Mozilla/5.0 (Windows NT 10.0; Win64; x64) AppleWebKit/537.36 (KHTML, like Gecko) Chrome/129.0.0.0 Safari/537.36"
103.122.249.92 - - [31/Dec/2025:20:07:13 +0800] "GET /consumer/reading-room-c/jida-selects-yashinomi-premium-power-for-its-design-museum-selection-vol-20 HTTP/1.1" 404 1281 "-" "Mozilla/5.0 (Windows NT 10.0; Win64; x64) AppleWebKit/537.36 (KHTML, like Gecko) Chrome/129.0.0.0 Safari/537.36"
42.188.108.3 - - [31/Dec/2025:20:07:19 +0800] "GET /professional/professional-products/hand-hygiene-professional/bottle HTTP/1.1" 404 1281 "-" "Mozilla/5.0 (Windows NT 10.0; Win64; x64) AppleWebKit/537.36 (KHTML, like Gecko) Chrome/129.0.0.0 Safari/537.36"
190.177.222.6 - - [31/Dec/2025:20:07:23 +0800] "GET /consumer/products-consumers/hygiene/curclean-pg-guard-medical-toothpaste HTTP/1.1" 404 1281 "-" "Mozilla/5.0 (Windows NT 10.0; Win64; x64) AppleWebKit/537.36 (KHTML, like Gecko) Chrome/129.0.0.0 Safari/537.36"
197.14.162.235 - - [31/Dec/2025:20:07:23 +0800] "GET /news/hoscom-international/hoscom-international-2024-v-3-released HTTP/1.1" 404 1281 "-" "Mozilla/5.0 (Windows NT 10.0; Win64; x64) AppleWebKit/537.36 (KHTML, like Gecko) Chrome/129.0.0.0 Safari/537.36"
193.106.56.28 - - [31/Dec/2025:20:07:26 +0800] "GET /healthcare/reading-room-h/the-making-of-alsoft-saraya-s-signature-alcohol-hand-sanitizer HTTP/1.1" 404 1281 "-" "Mozilla/5.0 (Windows NT 10.0; Win64; x64) AppleWebKit/537.36 (KHTML, like Gecko) Chrome/129.0.0.0 Safari/537.36"
196.188.252.229 - - [31/Dec/2025:20:07:31 +0800] "GET /healthcare/healthcare-products/others/medical-needle-disposal-box HTTP/1.1" 404 1287 "-" "Mozilla/5.0 (Windows NT 10.0; Win64; x64) AppleWebKit/537.36 (KHTML, like Gecko) Chrome/129.0.0.0 Safari/537.36"
176.29.172.255 - - [31/Dec/2025:20:07:34 +0800] "GET /healthcare/reading-room-h/who-global-survey-on-ipc-and-hand-hygiene-open-until-nov-16th HTTP/1.1" 404 1281 "-" "Mozilla/5.0 (Windows NT 10.0; Win64; x64) AppleWebKit/537.36 (KHTML, like Gecko) Chrome/129.0.0.0 Safari/537.36"
103.106.243.211 - - [31/Dec/2025:20:07:35 +0800] "GET /healthcare/reading-room-h/antimicrobial-resistance-causes-consequences-and-how-to-fight-it HTTP/1.1" 404 1281 "-" "Mozilla/5.0 (Windows NT 10.0; Win64; x64) AppleWebKit/537.36 (KHTML, like Gecko) Chrome/129.0.0.0 Safari/537.36"
149.22.93.223 - - [31/Dec/2025:20:07:37 +0800] "GET /component/finder/?task=suggestions.suggest&format=json&tmpl=component&Itemid=101&q=ge HTTP/1.1" 200 114 "https://saraya.world/consumer/products-consumers/cleaning-consumer/happy-elephant-laundry-powder" "Mozilla/5.0 (Windows NT 10.0; Win64; x64) AppleWebKit/537.36 (KHTML, like Gecko) Chrome/143.0.0.0 Safari/537.36"
149.22.93.223 - - [31/Dec/2025:20:07:38 +0800] "GET /component/finder/?task=suggestions.suggest&format=json&tmpl=component&Itemid=101&q=de HTTP/1.1" 200 138 "https://saraya.world/consumer/products-consumers/cleaning-consumer/happy-elephant-laundry-powder" "Mozilla/5.0 (Windows NT 10.0; Win64; x64) AppleWebKit/537.36 (KHTML, like Gecko) Chrome/143.0.0.0 Safari/537.36"
149.22.93.223 - - [31/Dec/2025:20:07:39 +0800] "GET /component/finder/?task=suggestions.suggest&format=json&tmpl=component&Itemid=101&q=det HTTP/1.1" 200 135 "https://saraya.world/consumer/products-consumers/cleaning-consumer/happy-elephant-laundry-powder" "Mozilla/5.0 (Windows NT 10.0; Win64; x64) AppleWebKit/537.36 (KHTML, like Gecko) Chrome/143.0.0.0 Safari/537.36"
43.252.212.200 - - [31/Dec/2025:20:07:40 +0800] "GET /images/sections/homebanner/connecthroughlife.jpg HTTP/1.1" 200 151990 "-" "Mozilla/5.0 (Windows; U; Windows NT 5.1; en-US; rv:1.8.1.13) Gecko/20080311 Firefox/2.0.0.13"
149.22.93.223 - - [31/Dec/2025:20:07:39 +0800] "GET /component/finder/?task=suggestions.suggest&format=json&tmpl=component&Itemid=101&q=dete HTTP/1.1" 200 139 "https://saraya.world/consumer/products-consumers/cleaning-consumer/happy-elephant-laundry-powder" "Mozilla/5.0 (Windows NT 10.0; Win64; x64) AppleWebKit/537.36 (KHTML, like Gecko) Chrome/143.0.0.0 Safari/537.36"
209.141.32.143 - - [31/Dec/2025:20:07:39 +0800] "GET / HTTP/1.1" 200 65414 "-" "Mozilla/5.0 (Macintosh; Intel Mac OS X 10_15_7) AppleWebKit/605.1.15 (KHTML, like Gecko) Version/17.5 Safari/605.6.27"
149.22.93.223 - - [31/Dec/2025:20:07:40 +0800] "GET /component/finder/?task=suggestions.suggest&format=json&tmpl=component&Itemid=101&q=deter HTTP/1.1" 200 158 "https://saraya.world/consumer/products-consumers/cleaning-consumer/happy-elephant-laundry-powder" "Mozilla/5.0 (Windows NT 10.0; Win64; x64) AppleWebKit/537.36 (KHTML, like Gecko) Chrome/143.0.0.0 Safari/537.36"
149.22.93.223 - - [31/Dec/2025:20:07:40 +0800] "GET /component/finder/?task=suggestions.suggest&format=json&tmpl=component&Itemid=101&q=deterg HTTP/1.1" 200 139 "https://saraya.world/consumer/products-consumers/cleaning-consumer/happy-elephant-laundry-powder" "Mozilla/5.0 (Windows NT 10.0; Win64; x64) AppleWebKit/537.36 (KHTML, like Gecko) Chrome/143.0.0.0 Safari/537.36"
149.22.93.223 - - [31/Dec/2025:20:07:40 +0800] "GET /component/finder/?task=suggestions.suggest&format=json&tmpl=component&Itemid=101&q=deterge HTTP/1.1" 200 139 "https://saraya.world/consumer/products-consumers/cleaning-consumer/happy-elephant-laundry-powder" "Mozilla/5.0 (Windows NT 10.0; Win64; x64) AppleWebKit/537.36 (KHTML, like Gecko) Chrome/143.0.0.0 Safari/537.36"
149.22.93.223 - - [31/Dec/2025:20:07:41 +0800] "GET /component/finder/?task=suggestions.suggest&format=json&tmpl=component&Itemid=101&q=detergen HTTP/1.1" 200 139 "https://saraya.world/consumer/products-consumers/cleaning-consumer/happy-elephant-laundry-powder" "Mozilla/5.0 (Windows NT 10.0; Win64; x64) AppleWebKit/537.36 (KHTML, like Gecko) Chrome/143.0.0.0 Safari/537.36"
149.22.93.223 - - [31/Dec/2025:20:07:41 +0800] "GET /component/finder/?task=suggestions.suggest&format=json&tmpl=component&Itemid=101&q=detergeny HTTP/1.1" 200 21 "https://saraya.world/consumer/products-consumers/cleaning-consumer/happy-elephant-laundry-powder" "Mozilla/5.0 (Windows NT 10.0; Win64; x64) AppleWebKit/537.36 (KHTML, like Gecko) Chrome/143.0.0.0 Safari/537.36"
149.22.93.223 - - [31/Dec/2025:20:07:45 +0800] "GET /component/finder/?task=suggestions.suggest&format=json&tmpl=component&Itemid=101&q=detergent HTTP/1.1" 200 98 "https://saraya.world/consumer/products-consumers/cleaning-consumer/happy-elephant-laundry-powder" "Mozilla/5.0 (Windows NT 10.0; Win64; x64) AppleWebKit/537.36 (KHTML, like Gecko) Chrome/143.0.0.0 Safari/537.36"
149.22.93.223 - - [31/Dec/2025:20:07:47 +0800] "GET /component/finder/search?q=detergent&Itemid=101 HTTP/1.1" 200 53777 "https://saraya.world/consumer/products-consumers/cleaning-consumer/happy-elephant-laundry-powder" "Mozilla/5.0 (Windows NT 10.0; Win64; x64) AppleWebKit/537.36 (KHTML, like Gecko) Chrome/143.0.0.0 Safari/537.36"
149.22.93.223 - - [31/Dec/2025:20:07:48 +0800] "GET /media/com_finder/css/finder.min.css?82db75ef79016b68cc228ec00f8e660e5163c1ed HTTP/1.1" 200 1769 "https://saraya.world/component/finder/search?q=detergent&Itemid=101" "Mozilla/5.0 (Windows NT 10.0; Win64; x64) AppleWebKit/537.36 (KHTML, like Gecko) Chrome/143.0.0.0 Safari/537.36"
149.22.93.223 - - [31/Dec/2025:20:07:49 +0800] "GET /media/system/js/highlight.min.js?e3ef70a24440793236a509c9072401c2128bba49 HTTP/1.1" 200 14467 "https://saraya.world/component/finder/search?q=detergent&Itemid=101" "Mozilla/5.0 (Windows NT 10.0; Win64; x64) AppleWebKit/537.36 (KHTML, like Gecko) Chrome/143.0.0.0 Safari/537.36"
149.22.93.223 - - [31/Dec/2025:20:07:49 +0800] "GET /templates/yootheme/fonts/ptserif-719ef737.woff2 HTTP/1.1" 200 33116 "https://saraya.world/templates/yootheme/css/theme.9.css?1717472295" "Mozilla/5.0 (Windows NT 10.0; Win64; x64) AppleWebKit/537.36 (KHTML, like Gecko) Chrome/143.0.0.0 Safari/537.36"
43.252.212.200 - - [31/Dec/2025:20:08:07 +0800] "GET /images/products/professional/gmp-301-ease-zap-5l.png HTTP/1.1" 200 278609 "-" "Mozilla/5.0 (Windows; U; Windows NT 5.1; en-US; rv:1.8.1.13) Gecko/20080311 Firefox/2.0.0.13"
66.249.69.166 - - [31/Dec/2025:20:08:06 +0800] "GET /professional/professional-products/hygiene-management/gmp-301-ease-zap HTTP/1.1" 200 49205 "-" "Mozilla/5.0 (Linux; Android 6.0.1; Nexus 5X Build/MMB29P) AppleWebKit/537.36 (KHTML, like Gecko) Chrome/141.0.7390.122 Mobile Safari/537.36 (compatible; Googlebot/2.1; +http://www.google.com/bot.html)"
43.252.212.200 - - [31/Dec/2025:20:08:07 +0800] "GET /images/sections/herobanners/healthcarehero.jpg HTTP/1.1" 200 639025 "-" "Mozilla/5.0 (Windows; U; Windows NT 5.1; en-US; rv:1.8.1.13) Gecko/20080311 Firefox/2.0.0.13"
149.22.93.223 - - [31/Dec/2025:20:08:07 +0800] "GET /healthcare HTTP/1.1" 200 85896 "https://saraya.world/component/finder/search?q=detergent&Itemid=101" "Mozilla/5.0 (Windows NT 10.0; Win64; x64) AppleWebKit/537.36 (KHTML, like Gecko) Chrome/143.0.0.0 Safari/537.36"
154.17.172.244 - - [31/Dec/2025:20:08:11 +0800] "GET /images/stories/2019/0417_jaspon/JaSPON3.jpg HTTP/1.1" 200 366523 "-" "Mozilla/5.0 (compatible; crawler)"
43.252.212.200 - - [31/Dec/2025:20:08:13 +0800] "GET /images/sections/herobanners/consumerhero.jpg HTTP/1.1" 200 370776 "-" "Mozilla/5.0 (Windows; U; Windows NT 5.1; en-US; rv:1.8.1.13) Gecko/20080311 Firefox/2.0.0.13"
149.22.93.223 - - [31/Dec/2025:20:08:13 +0800] "GET /consumer HTTP/1.1" 200 79749 "https://saraya.world/component/finder/search?q=detergent&Itemid=101" "Mozilla/5.0 (Windows NT 10.0; Win64; x64) AppleWebKit/537.36 (KHTML, like Gecko) Chrome/143.0.0.0 Safari/537.36"
216.73.216.163 - - [31/Dec/2025:20:08:16 +0800] "GET /robots.txt HTTP/1.1" 200 858 "-" "Mozilla/5.0 AppleWebKit/537.36 (KHTML, like Gecko; compatible; ClaudeBot/1.0; +claudebot@anthropic.com)"
216.73.216.163 - - [31/Dec/2025:20:08:17 +0800] "GET /sitemap.xml HTTP/1.1" 200 92808 "-" "Mozilla/5.0 AppleWebKit/537.36 (KHTML, like Gecko; compatible; ClaudeBot/1.0; +claudebot@anthropic.com)"
149.22.93.223 - - [31/Dec/2025:20:08:16 +0800] "GET /healthcare/healthcare-products?view=default&id=4&jalayout=default&itemperrow=5&itempercol=3&default_result_view=grid&show_more=0&fullpage=1&sticky=1&scrolltop=0&autopage=1&direction=vertical HTTP/1.1" 200 57707 "https://saraya.world/component/finder/search?q=detergent&Itemid=101" "Mozilla/5.0 (Windows NT 10.0; Win64; x64) AppleWebKit/537.36 (KHTML, like Gecko) Chrome/143.0.0.0 Safari/537.36"
149.22.93.223 - - [31/Dec/2025:20:08:18 +0800] "GET /media/vendor/chosen/css/chosen.css?1.8.7 HTTP/1.1" 200 12188 "https://saraya.world/healthcare/healthcare-products?view=default&id=4&jalayout=default&itemperrow=5&itempercol=3&default_result_view=grid&show_more=0&fullpage=1&sticky=1&scrolltop=0&autopage=1&direction=vertical" "Mozilla/5.0 (Windows NT 10.0; Win64; x64) AppleWebKit/537.36 (KHTML, like Gecko) Chrome/143.0.0.0 Safari/537.36"
149.22.93.223 - - [31/Dec/2025:20:08:19 +0800] "GET /components/com_jamegafilter/assets/css/jquery-ui.min.css HTTP/1.1" 200 17516 "https://saraya.world/healthcare/healthcare-products?view=default&id=4&jalayout=default&itemperrow=5&itempercol=3&default_result_view=grid&show_more=0&fullpage=1&sticky=1&scrolltop=0&autopage=1&direction=vertical" "Mozilla/5.0 (Windows NT 10.0; Win64; x64) AppleWebKit/537.36 (KHTML, like Gecko) Chrome/143.0.0.0 Safari/537.36"
149.22.93.223 - - [31/Dec/2025:20:08:19 +0800] "GET /components/com_jamegafilter/assets/css/style.css HTTP/1.1" 200 29344 "https://saraya.world/healthcare/healthcare-products?view=default&id=4&jalayout=default&itemperrow=5&itempercol=3&default_result_view=grid&show_more=0&fullpage=1&sticky=1&scrolltop=0&autopage=1&direction=vertical" "Mozilla/5.0 (Windows NT 10.0; Win64; x64) AppleWebKit/537.36 (KHTML, like Gecko) Chrome/143.0.0.0 Safari/537.36"
149.22.93.223 - - [31/Dec/2025:20:08:20 +0800] "GET /plugins/jamegafilter/content/assets/css/style.css HTTP/1.1" 200 - "https://saraya.world/healthcare/healthcare-products?view=default&id=4&jalayout=default&itemperrow=5&itempercol=3&default_result_view=grid&show_more=0&fullpage=1&sticky=1&scrolltop=0&autopage=1&direction=vertical" "Mozilla/5.0 (Windows NT 10.0; Win64; x64) AppleWebKit/537.36 (KHTML, like Gecko) Chrome/143.0.0.0 Safari/537.36"
149.22.93.223 - - [31/Dec/2025:20:08:20 +0800] "GET /media/legacy/js/joomla-chosen.min.js?51db81e2444aeb773cc864306e1a4a31 HTTP/1.1" 200 2101 "https://saraya.world/healthcare/healthcare-products?view=default&id=4&jalayout=default&itemperrow=5&itempercol=3&default_result_view=grid&show_more=0&fullpage=1&sticky=1&scrolltop=0&autopage=1&direction=vertical" "Mozilla/5.0 (Windows NT 10.0; Win64; x64) AppleWebKit/537.36 (KHTML, like Gecko) Chrome/143.0.0.0 Safari/537.36"
149.22.93.223 - - [31/Dec/2025:20:08:20 +0800] "GET /media/vendor/jquery/js/jquery.min.js?3.6.0 HTTP/1.1" 200 89501 "https://saraya.world/healthcare/healthcare-products?view=default&id=4&jalayout=default&itemperrow=5&itempercol=3&default_result_view=grid&show_more=0&fullpage=1&sticky=1&scrolltop=0&autopage=1&direction=vertical" "Mozilla/5.0 (Windows NT 10.0; Win64; x64) AppleWebKit/537.36 (KHTML, like Gecko) Chrome/143.0.0.0 Safari/537.36"
149.22.93.223 - - [31/Dec/2025:20:08:20 +0800] "GET /components/com_jamegafilter/assets/js/sticky-kit.min.js HTTP/1.1" 200 3317 "https://saraya.world/healthcare/healthcare-products?view=default&id=4&jalayout=default&itemperrow=5&itempercol=3&default_result_view=grid&show_more=0&fullpage=1&sticky=1&scrolltop=0&autopage=1&direction=vertical" "Mozilla/5.0 (Windows NT 10.0; Win64; x64) AppleWebKit/537.36 (KHTML, like Gecko) Chrome/143.0.0.0 Safari/537.36"
149.22.93.223 - - [31/Dec/2025:20:08:20 +0800] "GET /media/legacy/js/jquery-noconflict.min.js?04499b98c0305b16b373dff09fe79d1290976288 HTTP/1.1" 200 26 "https://saraya.world/healthcare/healthcare-products?view=default&id=4&jalayout=default&itemperrow=5&itempercol=3&default_result_view=grid&show_more=0&fullpage=1&sticky=1&scrolltop=0&autopage=1&direction=vertical" "Mozilla/5.0 (Windows NT 10.0; Win64; x64) AppleWebKit/537.36 (KHTML, like Gecko) Chrome/143.0.0.0 Safari/537.36"
149.22.93.223 - - [31/Dec/2025:20:08:20 +0800] "GET /media/vendor/chosen/js/chosen.jquery.min.js?1.8.7 HTTP/1.1" 200 28941 "https://saraya.world/healthcare/healthcare-products?view=default&id=4&jalayout=default&itemperrow=5&itempercol=3&default_result_view=grid&show_more=0&fullpage=1&sticky=1&scrolltop=0&autopage=1&direction=vertical" "Mozilla/5.0 (Windows NT 10.0; Win64; x64) AppleWebKit/537.36 (KHTML, like Gecko) Chrome/143.0.0.0 Safari/537.36"
149.22.93.223 - - [31/Dec/2025:20:08:21 +0800] "GET /components/com_jamegafilter/assets/js/jquery-ui.range.min.js HTTP/1.1" 200 22225 "https://saraya.world/healthcare/healthcare-products?view=default&id=4&jalayout=default&itemperrow=5&itempercol=3&default_result_view=grid&show_more=0&fullpage=1&sticky=1&scrolltop=0&autopage=1&direction=vertical" "Mozilla/5.0 (Windows NT 10.0; Win64; x64) AppleWebKit/537.36 (KHTML, like Gecko) Chrome/143.0.0.0 Safari/537.36"
149.22.93.223 - - [31/Dec/2025:20:08:21 +0800] "GET /components/com_jamegafilter/assets/js/jquery.ui.datepicker.js HTTP/1.1" 200 77276 "https://saraya.world/healthcare/healthcare-products?view=default&id=4&jalayout=default&itemperrow=5&itempercol=3&default_result_view=grid&show_more=0&fullpage=1&sticky=1&scrolltop=0&autopage=1&direction=vertical" "Mozilla/5.0 (Windows NT 10.0; Win64; x64) AppleWebKit/537.36 (KHTML, like Gecko) Chrome/143.0.0.0 Safari/537.36"
149.22.93.223 - - [31/Dec/2025:20:08:21 +0800] "GET /components/com_jamegafilter/assets/js/jquery.cookie.js HTTP/1.1" 200 3140 "https://saraya.world/healthcare/healthcare-products?view=default&id=4&jalayout=default&itemperrow=5&itempercol=3&default_result_view=grid&show_more=0&fullpage=1&sticky=1&scrolltop=0&autopage=1&direction=vertical" "Mozilla/5.0 (Windows NT 10.0; Win64; x64) AppleWebKit/537.36 (KHTML, like Gecko) Chrome/143.0.0.0 Safari/537.36"
149.22.93.223 - - [31/Dec/2025:20:08:21 +0800] "GET /components/com_jamegafilter/assets/js/jquery.ui.touch-punch.min.js HTTP/1.1" 200 1301 "https://saraya.world/healthcare/healthcare-products?view=default&id=4&jalayout=default&itemperrow=5&itempercol=3&default_result_view=grid&show_more=0&fullpage=1&sticky=1&scrolltop=0&autopage=1&direction=vertical" "Mozilla/5.0 (Windows NT 10.0; Win64; x64) AppleWebKit/537.36 (KHTML, like Gecko) Chrome/143.0.0.0 Safari/537.36"
149.22.93.223 - - [31/Dec/2025:20:08:21 +0800] "GET /components/com_jamegafilter/assets/js/script.js HTTP/1.1" 200 3584 "https://saraya.world/healthcare/healthcare-products?view=default&id=4&jalayout=default&itemperrow=5&itempercol=3&default_result_view=grid&show_more=0&fullpage=1&sticky=1&scrolltop=0&autopage=1&direction=vertical" "Mozilla/5.0 (Windows NT 10.0; Win64; x64) AppleWebKit/537.36 (KHTML, like Gecko) Chrome/143.0.0.0 Safari/537.36"
149.22.93.223 - - [31/Dec/2025:20:08:21 +0800] "GET /components/com_jamegafilter/assets/js/libs.js HTTP/1.1" 200 124754 "https://saraya.world/healthcare/healthcare-products?view=default&id=4&jalayout=default&itemperrow=5&itempercol=3&default_result_view=grid&show_more=0&fullpage=1&sticky=1&scrolltop=0&autopage=1&direction=vertical" "Mozilla/5.0 (Windows NT 10.0; Win64; x64) AppleWebKit/537.36 (KHTML, like Gecko) Chrome/143.0.0.0 Safari/537.36"
149.22.93.223 - - [31/Dec/2025:20:08:22 +0800] "GET /components/com_jamegafilter/assets/js/main.js HTTP/1.1" 200 19171 "https://saraya.world/healthcare/healthcare-products?view=default&id=4&jalayout=default&itemperrow=5&itempercol=3&default_result_view=grid&show_more=0&fullpage=1&sticky=1&scrolltop=0&autopage=1&direction=vertical" "Mozilla/5.0 (Windows NT 10.0; Win64; x64) AppleWebKit/537.36 (KHTML, like Gecko) Chrome/143.0.0.0 Safari/537.36"
149.22.93.223 - - [31/Dec/2025:20:08:22 +0800] "GET /components/com_jamegafilter/assets/js/megafilter.js HTTP/1.1" 200 55485 "https://saraya.world/healthcare/healthcare-products?view=default&id=4&jalayout=default&itemperrow=5&itempercol=3&default_result_view=grid&show_more=0&fullpage=1&sticky=1&scrolltop=0&autopage=1&direction=vertical" "Mozilla/5.0 (Windows NT 10.0; Win64; x64) AppleWebKit/537.36 (KHTML, like Gecko) Chrome/143.0.0.0 Safari/537.36"
149.22.93.223 - - [31/Dec/2025:20:08:22 +0800] "GET /components/com_jamegafilter/assets/js/dust-helpers.min.js HTTP/1.1" 200 4698 "https://saraya.world/healthcare/healthcare-products?view=default&id=4&jalayout=default&itemperrow=5&itempercol=3&default_result_view=grid&show_more=0&fullpage=1&sticky=1&scrolltop=0&autopage=1&direction=vertical" "Mozilla/5.0 (Windows NT 10.0; Win64; x64) AppleWebKit/537.36 (KHTML, like Gecko) Chrome/143.0.0.0 Safari/537.36"
149.22.93.223 - - [31/Dec/2025:20:08:23 +0800] "GET /media/com_jamegafilter/en_gb/4.json HTTP/1.1" 200 72739 "https://saraya.world/healthcare/healthcare-products?view=default&id=4&jalayout=default&itemperrow=5&itempercol=3&default_result_view=grid&show_more=0&fullpage=1&sticky=1&scrolltop=0&autopage=1&direction=vertical" "Mozilla/5.0 (Windows NT 10.0; Win64; x64) AppleWebKit/537.36 (KHTML, like Gecko) Chrome/143.0.0.0 Safari/537.36"
149.22.93.223 - - [31/Dec/2025:20:08:24 +0800] "GET /images/products/healthcare/hc-8000.png HTTP/1.1" 200 124593 "https://saraya.world/healthcare/healthcare-products?view=default&id=4&jalayout=default&itemperrow=5&itempercol=3&default_result_view=grid&show_more=0&fullpage=1&sticky=1&scrolltop=0&autopage=1&direction=vertical" "Mozilla/5.0 (Windows NT 10.0; Win64; x64) AppleWebKit/537.36 (KHTML, like Gecko) Chrome/143.0.0.0 Safari/537.36"
149.22.93.223 - - [31/Dec/2025:20:08:24 +0800] "GET /components/com_jamegafilter/assets/images/tree-bg.png HTTP/1.1" 200 1006 "https://saraya.world/components/com_jamegafilter/assets/css/style.css" "Mozilla/5.0 (Windows NT 10.0; Win64; x64) AppleWebKit/537.36 (KHTML, like Gecko) Chrome/143.0.0.0 Safari/537.36"
149.22.93.223 - - [31/Dec/2025:20:08:24 +0800] "GET /images/products/healthcare/ud-md-1600-hand-disinfectant.png HTTP/1.1" 200 128405 "https://saraya.world/healthcare/healthcare-products?view=default&id=4&jalayout=default&itemperrow=5&itempercol=3&default_result_view=grid&show_more=0&fullpage=1&sticky=1&scrolltop=0&autopage=1&direction=vertical" "Mozilla/5.0 (Windows NT 10.0; Win64; x64) AppleWebKit/537.36 (KHTML, like Gecko) Chrome/143.0.0.0 Safari/537.36"
149.22.93.223 - - [31/Dec/2025:20:08:24 +0800] "GET /templates/yootheme/fonts/raleway-1771d9b8.woff2 HTTP/1.1" 200 22840 "https://saraya.world/templates/yootheme/css/theme.9.css?1717472295" "Mozilla/5.0 (Windows NT 10.0; Win64; x64) AppleWebKit/537.36 (KHTML, like Gecko) Chrome/143.0.0.0 Safari/537.36"
149.22.93.223 - - [31/Dec/2025:20:08:25 +0800] "GET /images/products/healthcare/protegate.png HTTP/1.1" 200 59982 "https://saraya.world/healthcare/healthcare-products?view=default&id=4&jalayout=default&itemperrow=5&itempercol=3&default_result_view=grid&show_more=0&fullpage=1&sticky=1&scrolltop=0&autopage=1&direction=vertical" "Mozilla/5.0 (Windows NT 10.0; Win64; x64) AppleWebKit/537.36 (KHTML, like Gecko) Chrome/143.0.0.0 Safari/537.36"
149.22.93.223 - - [31/Dec/2025:20:08:24 +0800] "GET /images/products/healthcare/tud-1000.png HTTP/1.1" 200 307278 "https://saraya.world/healthcare/healthcare-products?view=default&id=4&jalayout=default&itemperrow=5&itempercol=3&default_result_view=grid&show_more=0&fullpage=1&sticky=1&scrolltop=0&autopage=1&direction=vertical" "Mozilla/5.0 (Windows NT 10.0; Win64; x64) AppleWebKit/537.36 (KHTML, like Gecko) Chrome/143.0.0.0 Safari/537.36"
149.22.93.223 - - [31/Dec/2025:20:08:25 +0800] "GET /images/products/healthcare/gud-1000.png HTTP/1.1" 200 280323 "https://saraya.world/healthcare/healthcare-products?view=default&id=4&jalayout=default&itemperrow=5&itempercol=3&default_result_view=grid&show_more=0&fullpage=1&sticky=1&scrolltop=0&autopage=1&direction=vertical" "Mozilla/5.0 (Windows NT 10.0; Win64; x64) AppleWebKit/537.36 (KHTML, like Gecko) Chrome/143.0.0.0 Safari/537.36"
149.22.93.223 - - [31/Dec/2025:20:08:25 +0800] "GET /images/products/healthcare/UD-300T-WG.png HTTP/1.1" 200 309244 "https://saraya.world/healthcare/healthcare-products?view=default&id=4&jalayout=default&itemperrow=5&itempercol=3&default_result_view=grid&show_more=0&fullpage=1&sticky=1&scrolltop=0&autopage=1&direction=vertical" "Mozilla/5.0 (Windows NT 10.0; Win64; x64) AppleWebKit/537.36 (KHTML, like Gecko) Chrome/143.0.0.0 Safari/537.36"
149.22.93.223 - - [31/Dec/2025:20:08:26 +0800] "GET /images/products/healthcare/ADS500-1000.png HTTP/1.1" 200 243498 "https://saraya.world/healthcare/healthcare-products?view=default&id=4&jalayout=default&itemperrow=5&itempercol=3&default_result_view=grid&show_more=0&fullpage=1&sticky=1&scrolltop=0&autopage=1&direction=vertical" "Mozilla/5.0 (Windows NT 10.0; Win64; x64) AppleWebKit/537.36 (KHTML, like Gecko) Chrome/143.0.0.0 Safari/537.36"
149.22.93.223 - - [31/Dec/2025:20:08:28 +0800] "GET /images/products/healthcare/hc-600.png HTTP/1.1" 200 67280 "https://saraya.world/healthcare/healthcare-products?view=default&id=4&jalayout=default&itemperrow=5&itempercol=3&default_result_view=grid&show_more=0&fullpage=1&sticky=1&scrolltop=0&autopage=1&direction=vertical" "Mozilla/5.0 (Windows NT 10.0; Win64; x64) AppleWebKit/537.36 (KHTML, like Gecko) Chrome/143.0.0.0 Safari/537.36"
149.22.93.223 - - [31/Dec/2025:20:08:28 +0800] "GET /images/products/healthcare/MDS500-1000.png HTTP/1.1" 200 231561 "https://saraya.world/healthcare/healthcare-products?view=default&id=4&jalayout=default&itemperrow=5&itempercol=3&default_result_view=grid&show_more=0&fullpage=1&sticky=1&scrolltop=0&autopage=1&direction=vertical" "Mozilla/5.0 (Windows NT 10.0; Win64; x64) AppleWebKit/537.36 (KHTML, like Gecko) Chrome/143.0.0.0 Safari/537.36"
149.22.93.223 - - [31/Dec/2025:20:08:27 +0800] "GET /images/products/healthcare/saraya-environmental-wipes-250-wipes.png HTTP/1.1" 200 378813 "https://saraya.world/healthcare/healthcare-products?view=default&id=4&jalayout=default&itemperrow=5&itempercol=3&default_result_view=grid&show_more=0&fullpage=1&sticky=1&scrolltop=0&autopage=1&direction=vertical" "Mozilla/5.0 (Windows NT 10.0; Win64; x64) AppleWebKit/537.36 (KHTML, like Gecko) Chrome/143.0.0.0 Safari/537.36"
149.22.93.223 - - [31/Dec/2025:20:08:28 +0800] "GET /images/products/healthcare/alsoft-alpet-d2.png HTTP/1.1" 200 184827 "https://saraya.world/healthcare/healthcare-products?view=default&id=4&jalayout=default&itemperrow=5&itempercol=3&default_result_view=grid&show_more=0&fullpage=1&sticky=1&scrolltop=0&autopage=1&direction=vertical" "Mozilla/5.0 (Windows NT 10.0; Win64; x64) AppleWebKit/537.36 (KHTML, like Gecko) Chrome/143.0.0.0 Safari/537.36"
149.22.93.223 - - [31/Dec/2025:20:08:27 +0800] "GET /images/products/healthcare/saraya-ethanol-wipes-250-wipes.png HTTP/1.1" 200 384410 "https://saraya.world/healthcare/healthcare-products?view=default&id=4&jalayout=default&itemperrow=5&itempercol=3&default_result_view=grid&show_more=0&fullpage=1&sticky=1&scrolltop=0&autopage=1&direction=vertical" "Mozilla/5.0 (Windows NT 10.0; Win64; x64) AppleWebKit/537.36 (KHTML, like Gecko) Chrome/143.0.0.0 Safari/537.36"
